Report for Data-Util-0.63

Back
From: metabase:user:6b8b2e90-4841-11e2-8be0-89a021ca06ea
Subject: FAIL Data-Util-0.63 v5.22.1 GNU/Linux
Date: 2016-01-14T16:30:00Z

This distribution has been tested as part of the CPAN Testers
project, supporting the Perl programming language.  See
http://wiki.cpantesters.org/ for more information or email
questions to cpan-testers-discuss@perl.org


--
Data-Util-0.63 ... FAIL

Perl           : v5.22.1
System         : linux
Local Versions :
    ExtUtils::MakeMaker              : 7.04_01
    XSLoader                         : 0.20
    Hash::Util::FieldHash::Compat    : 0.10
    Test::More                       : 1.001014
    Devel::PPPort                    : 3.31
    Scope::Guard                     : 0.21
    ExtUtils::ParseXS                : 3.28
    Test::Exception                  : 0.43

Test Output    :

Running Mkbootstrap for Data::Util ()
chmod 644 "Util.bs"
PERL_DL_NONLAZY=1 "/home/egor/perl5/perlbrew/perls/perl-5.22.1/bin/perl" "-MExtUtils::Command::MM" "-MTest::Harness" "-e" "undef *Test::Harness::Switches; test_harness(0, 'inc', 'blib/lib', 'blib/arch')" t/*.t
# Testing Data::Util 0.63 (XS)
t/00_load.t .................. ok
# Testing XS
t/01_refs.t .................. ok
t/02_inst.t .................. ok
t/03_gen.t ................... ok
t/04_overloaded.t ............ ok
t/05_get_stash.t ............. ok
t/06_subroutine.t ............ ok
t/08_mgvars.t ................ ok
Can't locate package A for @Bar::ISA during global destruction.
Can't locate package A for @Bar::ISA during global destruction.
t/09_paranoia.t .............. ok
t/10_neat.t .................. ok
t/11_fail_handler.t .......... ok
t/12_in_attr_handler.t ....... skipped: This test is for old perls
t/13_optlist.t ............... ok
Constant subroutine f1 uninstalled at t/14_uninst_subr.t line 51.
Constant subroutine f3 uninstalled at t/14_uninst_subr.t line 51.
Constant subroutine f4 uninstalled at t/14_uninst_subr.t line 51.

#   Failed test 'specify an unmatched subr (not uninstalled)'
#   at t/14_uninst_subr.t line 60.
# Looks like you failed 1 test of 23.
t/14_uninst_subr.t ........... 
Dubious, test returned 1 (wstat 256, 0x100)
Failed 1/23 subtests 
t/15_curry.t ................. ok
t/16_modify.t ................ ok
t/17_nsclean.t ............... ok
t/18_is_value.t .............. ok
t/19_multiple_modifiers.t .... ok
t/20_lexical_sub.t ........... ok
t/21_get_code_ref.t .......... ok
t/22_install2.t .............. ok
t/23_largeargs.t ............. ok
t/24_eval_in_modifiers.t ..... ok
t/pp00_load.t ................ ok
# Testing PurePerl
t/pp01_refs.t ................ ok
t/pp02_inst.t ................ ok
t/pp03_gen.t ................. ok
t/pp04_overloaded.t .......... ok
t/pp05_get_stash.t ........... ok
t/pp06_subroutine.t .......... ok
t/pp08_mgvars.t .............. ok
t/pp10_neat.t ................ ok
t/pp11_fail_handler.t ........ ok
t/pp12_in_attr_handler.t ..... skipped: This test is for old perls
t/pp13_optlist.t ............. ok
Constant subroutine f1 uninstalled at t/14_uninst_subr.t line 51.
Constant subroutine f3 uninstalled at t/14_uninst_subr.t line 51.
Constant subroutine f4 uninstalled at t/14_uninst_subr.t line 51.

#   Failed test 'specify an unmatched subr (not uninstalled)'
#   at t/14_uninst_subr.t line 60.
# Looks like you failed 1 test of 23.
t/pp14_uninst_subr.t ......... 
Dubious, test returned 1 (wstat 256, 0x100)
Failed 1/23 subtests 
t/pp15_curry.t ............... ok
t/pp16_modify.t .............. ok
t/pp17_nsclean.t ............. ok
t/pp18_is_value.t ............ ok
t/pp19_multiple_modifiers.t .. ok
t/pp20_lexical_sub.t ......... ok
t/pp21_get_code_ref.t ........ ok
t/pp22_install2.t ............ ok
t/pp23_largeargs.t ........... ok
t/pp24_eval_in_modifiers.t ... ok

Test Summary Report
-------------------
t/14_uninst_subr.t         (Wstat: 256 Tests: 23 Failed: 1)
  Failed test:  12
  Non-zero exit status: 1
t/pp14_uninst_subr.t       (Wstat: 256 Tests: 23 Failed: 1)
  Failed test:  12
  Non-zero exit status: 1
Files=47, Tests=1141,  2 wallclock secs ( 0.22 usr  0.03 sys +  1.51 cusr  0.10 csys =  1.86 CPU)
Result: FAIL
Failed 2/47 test programs. 2/1141 subtests failed.
Makefile:986: recipe for target 'test_dynamic' failed
make: *** [test_dynamic] Error 255


--

Summary of my perl5 (revision 5 version 22 subversion 1) configuration:
   
  Platform:
    osname=linux, osvers=4.3.0-1-amd64, archname=x86_64-linux
    uname='linux vz 4.3.0-1-amd64 #1 smp debian 4.3.3-2 (2015-12-17) x86_64 gnulinux '
    config_args='-de -Dprefix=/home/egor/perl5/perlbrew/perls/perl-5.22.1 -Aeval:scriptdir=/home/egor/perl5/perlbrew/perls/perl-5.22.1/bin'
    hint=recommended, useposix=true, d_sigaction=define
    useithreads=undef, usemultiplicity=undef
    use64bitint=define, use64bitall=define, uselongdouble=undef
    usemymalloc=n, bincompat5005=undef
  Compiler:
    cc='cc', ccflags ='-fwrapv -fno-strict-aliasing -pipe -fstack-protector-strong -I/usr/local/include -D_LARGEFILE_SOURCE -D_FILE_OFFSET_BITS=64',
    optimize='-O2',
    cppflags='-fwrapv -fno-strict-aliasing -pipe -fstack-protector-strong -I/usr/local/include'
    ccversion='', gccversion='5.3.1 20151219', gccosandvers=''
    intsize=4, longsize=8, ptrsize=8, doublesize=8, byteorder=12345678, doublekind=3
    d_longlong=define, longlongsize=8, d_longdbl=define, longdblsize=16, longdblkind=3
    ivtype='long', ivsize=8, nvtype='double', nvsize=8, Off_t='off_t', lseeksize=8
    alignbytes=8, prototype=define
  Linker and Libraries:
    ld='cc', ldflags =' -fstack-protector-strong -L/usr/local/lib'
    libpth=/usr/local/lib /usr/lib/gcc/x86_64-linux-gnu/5/include-fixed /usr/include/x86_64-linux-gnu /usr/lib /lib/x86_64-linux-gnu /lib/../lib /usr/lib/x86_64-linux-gnu /usr/lib/../lib /lib
    libs=-lpthread -lnsl -ldl -lm -lcrypt -lutil -lc
    perllibs=-lpthread -lnsl -ldl -lm -lcrypt -lutil -lc
    libc=libc-2.21.so, so=so, useshrplib=false, libperl=libperl.a
    gnulibc_version='2.21'
  Dynamic Linking:
    dlsrc=dl_dlopen.xs, dlext=so, d_dlsymun=undef, ccdlflags='-Wl,-E'
    cccdlflags='-fPIC', lddlflags='-shared -O2 -L/usr/local/lib -fstack-protector-strong'


Characteristics of this binary (from libperl): 
  Compile-time options: HAS_TIMES PERLIO_LAYERS PERL_DONT_CREATE_GVSV
                        PERL_HASH_FUNC_ONE_AT_A_TIME_HARD PERL_MALLOC_WRAP
                        PERL_NEW_COPY_ON_WRITE PERL_PRESERVE_IVUV
                        USE_64_BIT_ALL USE_64_BIT_INT USE_LARGE_FILES
                        USE_LOCALE USE_LOCALE_COLLATE USE_LOCALE_CTYPE
                        USE_LOCALE_NUMERIC USE_LOCALE_TIME USE_PERLIO
                        USE_PERL_ATOF
  Locally applied patches:
	Devel::PatchPerl 1.38
  Built under linux
  Compiled at Dec 21 2015 13:05:52
  %ENV:
    PERLBREW_BASHRC_VERSION="0.73"
    PERLBREW_HOME="/home/egor/.perlbrew"
    PERLBREW_MANPATH="/home/egor/perl5/perlbrew/perls/perl-5.22.1/man"
    PERLBREW_PATH="/home/egor/perl5/perlbrew/bin:/home/egor/perl5/perlbrew/perls/perl-5.22.1/bin"
    PERLBREW_PERL="perl-5.22.1"
    PERLBREW_ROOT="/home/egor/perl5/perlbrew"
    PERLBREW_VERSION="0.74"
    PERL_MM_USE_DEFAULT="1"
  @INC:
    /home/egor/perl5/perlbrew/perls/perl-5.22.1/lib/site_perl/5.22.1/x86_64-linux
    /home/egor/perl5/perlbrew/perls/perl-5.22.1/lib/site_perl/5.22.1
    /home/egor/perl5/perlbrew/perls/perl-5.22.1/lib/5.22.1/x86_64-linux
    /home/egor/perl5/perlbrew/perls/perl-5.22.1/lib/5.22.1
    .