Report for AnyEvent-Connection-0.06

Back
From: metabase:user:320bfe00-2aae-11df-837a-5e0a49663a4f
Subject: FAIL AnyEvent-Connection-0.06 v5.18.1 GNU/Linux
Date: 2013-10-24T20:51:29Z

This distribution has been tested as part of the CPAN Testers
project, supporting the Perl programming language.  See
http://wiki.cpantesters.org/ for more information or email
questions to cpan-testers-discuss@perl.org


--
Dear Mons Anderson,

This is a computer-generated report for AnyEvent-Connection-0.06
on perl 5.18.1, created by CPAN-Reporter-1.2010.

Thank you for uploading your work to CPAN.  However, there was a problem
testing your distribution.

If you think this report is invalid, please consult the CPAN Testers Wiki
for suggestions on how to avoid getting FAIL reports for missing library
or binary dependencies, unsupported operating systems, and so on:

http://wiki.cpantesters.org/wiki/CPANAuthorNotes

Sections of this report:

    * Tester comments
    * Program output
    * Prerequisites
    * Environment and other context

------------------------------
TESTER COMMENTS
------------------------------

Additional comments from tester:

this report is from an automated smoke testing program
and was not reviewed by a human for accuracy

------------------------------
PROGRAM OUTPUT
------------------------------

Output from '/usr/bin/make test':

PERL_DL_NONLAZY=1 /home/sand/src/perl/repoperls/installed-perls/perl/v5.18.1/127e/bin/perl "-MExtUtils::Command::MM" "-MTest::Harness" "-e" "undef *Test::Harness::Switches; test_harness(0, 'inc', 'blib/lib', 'blib/arch')" t/00-load.t t/01-test.t t/pod-coverage.t t/pod.t

#   Failed test 'use AnyEvent::Connection;'
#   at t/00-load.t line 9.
#     Tried to use 'AnyEvent::Connection'.
#     Error:  Useless use of '\'; doesn't escape metacharacter '{' at /tmp/loop_over_bdir-9414-uGIBE4/AnyEvent-Connection-0.06-gr1fG4/lib/AnyEvent/Connection/Util.pm line 32.
# Compilation failed in require at /tmp/loop_over_bdir-9414-uGIBE4/AnyEvent-Connection-0.06-gr1fG4/lib/AnyEvent/Connection/Raw.pm line 11.
# BEGIN failed--compilation aborted at /tmp/loop_over_bdir-9414-uGIBE4/AnyEvent-Connection-0.06-gr1fG4/lib/AnyEvent/Connection/Raw.pm line 11.
# Compilation failed in require at /tmp/loop_over_bdir-9414-uGIBE4/AnyEvent-Connection-0.06-gr1fG4/lib/AnyEvent/Connection.pm line 16.
# BEGIN failed--compilation aborted at /tmp/loop_over_bdir-9414-uGIBE4/AnyEvent-Connection-0.06-gr1fG4/lib/AnyEvent/Connection.pm line 16.
# Compilation failed in require at t/00-load.t line 9.
# BEGIN failed--compilation aborted at t/00-load.t line 9.
# Testing AnyEvent::Connection , Perl 5.018001, /home/sand/src/perl/repoperls/installed-perls/perl/v5.18.1/127e/bin/perl
# Looks like you failed 1 test of 2.
t/00-load.t ....... 
Dubious, test returned 1 (wstat 256, 0x100)
Failed 1/2 subtests 
Useless use of '\'; doesn't escape metacharacter '{' at /tmp/loop_over_bdir-9414-uGIBE4/AnyEvent-Connection-0.06-gr1fG4/lib/AnyEvent/Connection/Util.pm line 32.
Compilation failed in require at /tmp/loop_over_bdir-9414-uGIBE4/AnyEvent-Connection-0.06-gr1fG4/lib/AnyEvent/Connection/Raw.pm line 11.
BEGIN failed--compilation aborted at /tmp/loop_over_bdir-9414-uGIBE4/AnyEvent-Connection-0.06-gr1fG4/lib/AnyEvent/Connection/Raw.pm line 11.
Compilation failed in require at /tmp/loop_over_bdir-9414-uGIBE4/AnyEvent-Connection-0.06-gr1fG4/lib/AnyEvent/Connection.pm line 16.
BEGIN failed--compilation aborted at /tmp/loop_over_bdir-9414-uGIBE4/AnyEvent-Connection-0.06-gr1fG4/lib/AnyEvent/Connection.pm line 16.
Compilation failed in require at (eval 2) line 2.
	...propagated at /home/sand/src/perl/repoperls/installed-perls/perl/v5.18.1/127e/lib/5.18.1/base.pm line 84.
BEGIN failed--compilation aborted at t/01-test.t line 8.
t/01-test.t ....... 
Dubious, test returned 255 (wstat 65280, 0xff00)
No subtests run 
t/pod-coverage.t .. ok
t/pod.t ........... ok

Test Summary Report
-------------------
t/00-load.t     (Wstat: 256 Tests: 2 Failed: 1)
  Failed test:  1
  Non-zero exit status: 1
t/01-test.t     (Wstat: 65280 Tests: 0 Failed: 0)
  Non-zero exit status: 255
  Parse errors: No plan found in TAP output
Files=4, Tests=6,  2 wallclock secs ( 0.03 usr  0.01 sys +  0.18 cusr  0.02 csys =  0.24 CPU)
Result: FAIL
Failed 2/4 test programs. 1/6 subtests failed.
make: *** [test_dynamic] Error 255

------------------------------
PREREQUISITES
------------------------------

Prerequisite modules loaded:

requires:

    Module              Need     Have    
    ------------------- -------- --------
    AnyEvent            5        7.04    
    common::sense       2        3.72    
    lib::abs            0.90     0.92    
    Object::Event       1.21     1.23    
    perl                5.008008 5.018001
    Test::More          0        0.99    
    Test::NoWarnings    0        1.04    
    Test::TCP           0.14     2.01    

build_requires:

    Module              Need     Have    
    ------------------- -------- --------
    ExtUtils::MakeMaker 6.42     6.81_03 
    lib::abs            0.90     0.92    
    Test::More          0        0.99    
    Test::NoWarnings    0        1.04    
    Test::TCP           0.14     2.01    

configure_requires:

    Module              Need     Have    
    ------------------- -------- --------
    ExtUtils::MakeMaker 6.42     6.81_03 


------------------------------
ENVIRONMENT AND OTHER CONTEXT
------------------------------

Environment variables:

    AUTOMATED_TESTING = 1
    LANG = en_US.UTF-8
    LANGUAGE = en_US:en
    PATH = /usr/lib/ccache:/home/sand/bin:/usr/local/bin:/usr/bin:/bin:/usr/bin/X11:/usr/games:/usr/local/perl/bin:/usr/X11/bin:/sbin:/usr/sbin
    PERL5LIB = 
    PERL5OPT = 
    PERL5_CPANPLUS_IS_RUNNING = 9416
    PERL5_CPAN_IS_RUNNING = 9416
    PERL_MM_USE_DEFAULT = 1
    SHELL = /usr/bin/zsh
    TERM = screen

Perl special variables (and OS-specific diagnostics, for MSWin32):

    $^X = /home/sand/src/perl/repoperls/installed-perls/perl/v5.18.1/127e/bin/perl
    $UID/$EUID = 1005 / 1005
    $GID = 1005 1005
    $EGID = 1005 1005

Perl module toolchain versions installed:

    Module              Have    
    ------------------- --------
    CPAN                2.00    
    CPAN::Meta          2.132830
    Cwd                 3.40    
    ExtUtils::CBuilder  0.280212
    ExtUtils::Command   1.17    
    ExtUtils::Install   1.59    
    ExtUtils::MakeMaker 6.81_03 
    ExtUtils::Manifest  1.63    
    ExtUtils::ParseXS   3.18    
    File::Spec          3.40    
    JSON                2.61    
    JSON::PP            2.27203 
    Module::Build       0.4007  
    Module::Signature   0.73    
    Parse::CPAN::Meta   1.4409  
    Test::Harness       3.29    
    Test::More          0.99    
    YAML                0.84    
    YAML::Syck          1.27    
    version             0.9904  


--

Summary of my perl5 (revision 5 version 18 subversion 1) configuration:
  Commit id: 75c3005ee5b6ece3ad3c827cb300945f672c2bd1
  Platform:
    osname=linux, osvers=3.10-3-amd64, archname=x86_64-linux-ld
    uname='linux k83 3.10-3-amd64 #1 smp debian 3.10.11-1 (2013-09-10) x86_64 gnulinux '
    config_args='-Dprefix=/home/sand/src/perl/repoperls/installed-perls/perl/v5.18.1/127e -Dmyhostname=k83 -Dinstallusrbinperl=n -Uversiononly -Dusedevel -des -Ui_db -Uuseithreads -Duselongdouble -DDEBUGGING=-g'
    hint=recommended, useposix=true, d_sigaction=define
    useithreads=undef, usemultiplicity=undef
    useperlio=define, d_sfio=undef, uselargefiles=define, usesocks=undef
    use64bitint=define, use64bitall=define, uselongdouble=define
    usemymalloc=n, bincompat5005=undef
  Compiler:
    cc='cc', ccflags ='-fno-strict-aliasing -pipe -fstack-protector -I/usr/local/include -D_LARGEFILE_SOURCE -D_FILE_OFFSET_BITS=64',
    optimize='-O2 -g',
    cppflags='-fno-strict-aliasing -pipe -fstack-protector -I/usr/local/include'
    ccversion='', gccversion='4.8.1', gccosandvers=''
    intsize=4, longsize=8, ptrsize=8, doublesize=8, byteorder=12345678
    d_longlong=define, longlongsize=8, d_longdbl=define, longdblsize=16
    ivtype='long', ivsize=8, nvtype='long double', nvsize=16, Off_t='off_t', lseeksize=8
    alignbytes=16, prototype=define
  Linker and Libraries:
    ld='cc', ldflags =' -fstack-protector -L/usr/local/lib'
    libpth=/usr/local/lib /lib/x86_64-linux-gnu /lib/../lib /usr/lib/x86_64-linux-gnu /usr/lib/../lib /lib /usr/lib
    libs=-lnsl -lgdbm -ldb -ldl -lm -lcrypt -lutil -lc -lgdbm_compat
    perllibs=-lnsl -ldl -lm -lcrypt -lutil -lc
    libc=, so=so, useshrplib=false, libperl=libperl.a
    gnulibc_version='2.17'
  Dynamic Linking:
    dlsrc=dl_dlopen.xs, dlext=so, d_dlsymun=undef, ccdlflags='-Wl,-E'
    cccdlflags='-fPIC', lddlflags='-shared -O2 -g -L/usr/local/lib -fstack-protector'


Characteristics of this binary (from libperl): 
  Compile-time options: HAS_TIMES PERLIO_LAYERS PERL_DONT_CREATE_GVSV
                        PERL_HASH_FUNC_ONE_AT_A_TIME_HARD PERL_MALLOC_WRAP
                        PERL_PRESERVE_IVUV PERL_SAWAMPERSAND PERL_USE_DEVEL
                        USE_64_BIT_ALL USE_64_BIT_INT USE_LARGE_FILES
                        USE_LOCALE USE_LOCALE_COLLATE USE_LOCALE_CTYPE
                        USE_LOCALE_NUMERIC USE_LONG_DOUBLE USE_PERLIO
                        USE_PERL_ATOF
  Built under linux
  Compiled at Oct 10 2013 11:54:15
  %ENV:
    PERL5LIB=""
    PERL5OPT=""
    PERL5_CPANPLUS_IS_RUNNING="9416"
    PERL5_CPAN_IS_RUNNING="9416"
    PERL_MM_USE_DEFAULT="1"
  @INC:
    /home/sand/src/perl/repoperls/installed-perls/perl/v5.18.1/127e/lib/site_perl/5.18.1/x86_64-linux-ld
    /home/sand/src/perl/repoperls/installed-perls/perl/v5.18.1/127e/lib/site_perl/5.18.1
    /home/sand/src/perl/repoperls/installed-perls/perl/v5.18.1/127e/lib/5.18.1/x86_64-linux-ld
    /home/sand/src/perl/repoperls/installed-perls/perl/v5.18.1/127e/lib/5.18.1
    .