Report for Algorithm-KernelKMeans-0.03

Back
From: metabase:user:0b91ce32-3676-11e1-a1bc-bfed0df65b4f
Subject: FAIL Algorithm-KernelKMeans-0.03 v5.15.3 GNU/Linux
Date: 2012-04-09T20:10:31Z

This distribution has been tested as part of the CPAN Testers
project, supporting the Perl programming language.  See
http://wiki.cpantesters.org/ for more information or email
questions to cpan-testers-discuss@perl.org


--
Dear Koichi SATOH,

This is a computer-generated report for Algorithm-KernelKMeans-0.03
on perl 5.15.3, created by CPAN-Reporter-1.2005.

Thank you for uploading your work to CPAN.  However, there was a problem
testing your distribution.

If you think this report is invalid, please consult the CPAN Testers Wiki
for suggestions on how to avoid getting FAIL reports for missing library
or binary dependencies, unsupported operating systems, and so on:

http://wiki.cpantesters.org/wiki/CPANAuthorNotes

Sections of this report:

    * Tester comments
    * Program output
    * Prerequisites
    * Environment and other context

------------------------------
TESTER COMMENTS
------------------------------

Additional comments from tester:

none provided

------------------------------
PROGRAM OUTPUT
------------------------------

Output from '/usr/bin/make test':

PERL_DL_NONLAZY=1 /opt/perl-5.15.3/bin/perl "-MExtUtils::Command::MM" "-e" "test_harness(0, 'inc', 'blib/lib', 'blib/arch')" t/*.t
t/00_compile.t ......... ok
t/01_impl_detection.t .. ok
# This test may take some minutes

#   Failed test '"vertices" and "weights" must be same size'
#   at t/02_pp_impl.t line 40.
# died: Attribute (weights) does not pass the type constraint because: Validation failed for 'ArrayRef[MooseX::Types::Common::Numeric::PositiveNum]' with value [ 0, 1, 2, 3, 4, 5, ... ] at constructor Algorithm::KernelKMeans::PP::new (defined at /root/.cpan/build/Algorithm-KernelKMeans-0.03-wy1KRS/blib/lib/Algorithm/KernelKMeans/PP.pm line 215) line 55, <$kmat> line 256.
# 	Algorithm::KernelKMeans::PP::new(** Incomplete caller override detected in &Sub::Uplevel::_uplevel_caller; @DB::args were not set **) called at t/02_pp_impl.t line 36
# 	Test::Exception::lives_ok(** Incomplete caller override detected in &Sub::Uplevel::_uplevel_caller; @DB::args were not set **) called at t/02_pp_impl.t line 40
# Looks like you failed 1 test of 13.
t/02_pp_impl.t ......... 
Dubious, test returned 1 (wstat 256, 0x100)
Failed 1/13 subtests 
t/03_util.t ............ ok

Test Summary Report
-------------------
t/02_pp_impl.t       (Wstat: 256 Tests: 13 Failed: 1)
  Failed test:  3
  Non-zero exit status: 1
Files=4, Tests=22, 143 wallclock secs ( 0.11 usr  0.01 sys + 94.23 cusr  1.02 csys = 95.37 CPU)
Result: FAIL
Failed 1/4 test programs. 1/22 subtests failed.
make: *** [test_dynamic] Error 255

------------------------------
PREREQUISITES
------------------------------

Prerequisite modules loaded:

requires:

    Module                         Need     Have    
    ------------------------------ -------- --------
    Carp                           1.16     1.25    
    Exporter::Lite                 0.02     0.02    
    List::MoreUtils                0.22     0.33    
    List::Util                     1.23     1.25    
    Moose                          1.1      2.0403  
    MooseX::Types::Common::Numeric 0.001001 0.001007
    MooseX::Types::Moose           0.23     0.31    
    namespace::autoclean           0.11     0.13    
    parent                         0.223    0.225   
    POSIX                          1.19     1.26    
    UNIVERSAL::require             0.13     0.13    

build_requires:

    Module                         Need     Have    
    ------------------------------ -------- --------
    ExtUtils::MakeMaker            6.42     6.62    
    ExtUtils::testlib              6.56     6.62    
    Test::Exception                0.29     0.31    
    Test::More                     0.88     0.98    

configure_requires:

    Module                         Need     Have    
    ------------------------------ -------- --------
    ExtUtils::MakeMaker            6.42     6.62    


------------------------------
ENVIRONMENT AND OTHER CONTEXT
------------------------------

Environment variables:

    LANG = en_US.UTF-8
    PATH = /usr/kerberos/sbin:/usr/kerberos/bin:/usr/local/sbin:/usr/local/bin:/sbin:/bin:/usr/sbin:/usr/bin:/opt/real/RealPlayer:/root/bin:/opt/real/RealPlayer
    PERL5LIB = 
    PERL5OPT = 
    PERL5_CPANPLUS_IS_RUNNING = 2986
    PERL5_CPAN_IS_RUNNING = 2986
    SHELL = /bin/bash
    TERM = xterm

Perl special variables (and OS-specific diagnostics, for MSWin32):

    $^X = /opt/perl-5.15.3/bin/perl
    $UID/$EUID = 0 / 0
    $GID = 0 0 1 2 3 4 6 10
    $EGID = 0 0 1 2 3 4 6 10

Perl module toolchain versions installed:

    Module              Have    
    ------------------- --------
    CPAN                1.9800  
    CPAN::Meta          2.120921
    Cwd                 3.33    
    ExtUtils::CBuilder  0.280205
    ExtUtils::Command   1.17    
    ExtUtils::Install   1.57    
    ExtUtils::MakeMaker 6.62    
    ExtUtils::Manifest  1.60    
    ExtUtils::ParseXS   3.15    
    File::Spec          3.33    
    JSON                2.53    
    JSON::PP            2.27200 
    Module::Build       0.40    
    Module::Signature   0.68    
    Parse::CPAN::Meta   1.4404  
    Test::Harness       3.23    
    Test::More          0.98    
    YAML                0.80    
    YAML::Syck          1.20    
    version             0.97    


--

Summary of my perl5 (revision 5 version 15 subversion 3) configuration:
   
  Platform:
    osname=linux, osvers=2.6.18-1.2798.fc6, archname=i686-linux-thread-multi-64int-ld
    uname='linux localhost.localdomain 2.6.18-1.2798.fc6 #1 smp mon oct 16 14:37:32 edt 2006 i686 i686 i386 gnulinux '
    config_args='-Dcc=gcc -Dprefix=/opt/perl-5.15.3 -DDEBUGGING'
    hint=recommended, useposix=true, d_sigaction=define
    useithreads=define, usemultiplicity=define
    useperlio=define, d_sfio=undef, uselargefiles=define, usesocks=undef
    use64bitint=define, use64bitall=undef, uselongdouble=define
    usemymalloc=n, bincompat5005=undef
  Compiler:
    cc='gcc', ccflags ='-D_REENTRANT -D_GNU_SOURCE -DDEBUGGING -fno-strict-aliasing -pipe -fstack-protector -I/usr/local/include -D_LARGEFILE_SOURCE -D_FILE_OFFSET_BITS=64',
    optimize='-O2 -g',
    cppflags='-D_REENTRANT -D_GNU_SOURCE -DDEBUGGING -fno-strict-aliasing -pipe -fstack-protector -I/usr/local/include'
    ccversion='', gccversion='4.1.1 20061011 (Red Hat 4.1.1-30)', gccosandvers=''
    intsize=4, longsize=4, ptrsize=4, doublesize=8, byteorder=12345678
    d_longlong=define, longlongsize=8, d_longdbl=define, longdblsize=12
    ivtype='long long', ivsize=8, nvtype='long double', nvsize=12, Off_t='off_t', lseeksize=8
    alignbytes=4, prototype=define
  Linker and Libraries:
    ld='gcc', ldflags =' -fstack-protector -L/usr/local/lib'
    libpth=/usr/local/lib /lib /usr/lib
    libs=-lnsl -lgdbm -ldb -ldl -lm -lcrypt -lutil -lpthread -lc
    perllibs=-lnsl -ldl -lm -lcrypt -lutil -lpthread -lc
    libc=/lib/libc-2.5.so, so=so, useshrplib=true, libperl=libperl.so
    gnulibc_version='2.5'
  Dynamic Linking:
    dlsrc=dl_dlopen.xs, dlext=so, d_dlsymun=undef, ccdlflags='-Wl,-E -Wl,-rpath,/opt/perl-5.15.3/lib/5.15.3/i686-linux-thread-multi-64int-ld/CORE'
    cccdlflags='-fPIC', lddlflags='-shared -O2 -g -L/usr/local/lib -fstack-protector'


Characteristics of this binary (from libperl): 
  Compile-time options: DEBUGGING HAS_TIMES MULTIPLICITY PERLIO_LAYERS
                        PERL_DONT_CREATE_GVSV PERL_IMPLICIT_CONTEXT PERL_MAD
                        PERL_MALLOC_WRAP PERL_PRESERVE_IVUV
                        PERL_TRACK_MEMPOOL USE_64_BIT_INT USE_FAST_STDIO
                        USE_ITHREADS USE_LARGE_FILES USE_LOCALE
                        USE_LOCALE_COLLATE USE_LOCALE_CTYPE
                        USE_LOCALE_NUMERIC USE_LONG_DOUBLE USE_PERLIO
                        USE_PERL_ATOF USE_REENTRANT_API
  Built under linux
  Compiled at Apr  2 2012 09:59:10
  %ENV:
    PERL5LIB=""
    PERL5OPT=""
    PERL5_CPANPLUS_IS_RUNNING="2986"
    PERL5_CPAN_IS_RUNNING="2986"
  @INC:
    /opt/perl-5.15.3/lib/site_perl/5.15.3/i686-linux-thread-multi-64int-ld
    /opt/perl-5.15.3/lib/site_perl/5.15.3
    /opt/perl-5.15.3/lib/5.15.3/i686-linux-thread-multi-64int-ld
    /opt/perl-5.15.3/lib/5.15.3
    .