ETL-Yertl v0.044 Perl 5 v5.12.5 x86_64-linux

Status
Fail
From
Slaven Rezić (SREZIC)
Dist
ETL-Yertl v0.044
Platform
Perl 5 v5.12.5 x86_64-linux
Date
2020-07-28 16:54:54
ID
0f5c2690-d0f3-11ea-8f77-65381f24ea8f
This distribution has been tested as part of the CPAN Testers
project, supporting the Perl programming language.  See
http://wiki.cpantesters.org/ for more information or email
questions to cpan-testers-discuss@perl.org


--
Dear Doug Bell,

This is a computer-generated report for ETL-Yertl-0.044
on perl 5.12.5, created by CPAN-Reporter-1.2018.

Thank you for uploading your work to CPAN.  However, there was a problem
testing your distribution.

If you think this report is invalid, please consult the CPAN Testers Wiki
for suggestions on how to avoid getting FAIL reports for missing library
or binary dependencies, unsupported operating systems, and so on:

http://wiki.cpantesters.org/wiki/CPANAuthorNotes

Sections of this report:

    * Tester comments
    * Program output
    * Prerequisites
    * Environment and other context

------------------------------
TESTER COMMENTS
------------------------------

Additional comments from tester:

none provided

------------------------------
PROGRAM OUTPUT
------------------------------

Output from '/usr/bin/make test':

PERL_DL_NONLAZY=1 "/opt/perl-5.12.5/bin/perl" "-MExtUtils::Command::MM" "-MTest::Harness" "-e" "undef *Test::Harness::Switches; test_harness(0, 'blib/lib', 'blib/arch')" t/*.t t/adapter/*.t t/bin/*.t t/command/ygrok/*.t t/command/ygrok/pattern/*.t t/command/yq/*.t t/format/*.t t/integration/*.t
t/00-compile.t ........................... ok
# 
# Versions for all modules listed in MYMETA.json (including optional ones):
# 
# === Configure Requires ===
# 
#     Module              Want Have
#     ------------------- ---- ----
#     ExtUtils::MakeMaker  any 7.46
# 
# === Build Requires ===
# 
#     Module              Want Have
#     ------------------- ---- ----
#     ExtUtils::MakeMaker  any 7.46
# 
# === Test Requires ===
# 
#     Module                  Want     Have
#     ------------------- -------- --------
#     Capture::Tiny            any     0.48
#     Dir::Self                any     0.11
#     ExtUtils::MakeMaker      any     7.46
#     File::Spec               any     3.75
#     Future                   any     0.44
#     IO::Handle               any     1.42
#     IPC::Open3               any     1.05
#     JSON::PP                 any     4.05
#     Mock::MonkeyPatch        any     0.04
#     Test::Deep               any    1.130
#     Test::Differences        any     0.67
#     Test::Exception          any     0.43
#     Test::Lib                any    0.002
#     Test::More          1.001005 1.302175
# 
# === Test Recommends ===
# 
#     Module         Want     Have
#     ---------- -------- --------
#     CPAN::Meta 2.120900 2.150010
# 
# === Runtime Requires ===
# 
#     Module                    Want       Have
#     ------------------- ---------- ----------
#     File::HomeDir              any      1.004
#     File::Spec                 any       3.75
#     Getopt::Long              2.36       2.51
#     Hash::Merge::Simple        any      0.051
#     IO::Async                 0.77       0.77
#     IO::Interactive            any      1.022
#     Import::Base             0.010      1.004
#     JSON::MaybeXS              any   1.004001
#     List::Util                 any       1.55
#     Module::Runtime            any      0.016
#     Net::Async::HTTP           any       0.46
#     Path::Tiny               0.072      0.112
#     Pod::Usage::Return         any      0.003
#     Regexp::Common      2013031301 2017060201
#     SQL::Abstract              any       1.86
#     Time::Local                any       1.30
#     Time::Piece                any       1.34
#     URI                        any       1.76
#     YAML::Tiny                 any       1.73
#     boolean                    any       0.46
# 
# === Runtime Recommends ===
# 
#     Module       Want  Have
#     ------------ ---- -----
#     DBD::SQLite   any  1.64
#     DBI           any 1.643
#     JSON::PP      any  4.05
#     JSON::XS      any  4.02
#     Text::CSV     any  2.00
#     Text::CSV_XS  any  1.44
#     YAML::Syck    any  1.32
#     YAML::XS      any  0.82
# 
t/00-report-prereqs.t .................... ok
t/adapter/graphite.t ..................... ok
t/adapter/influxdb.t ..................... ok
t/bin/yfrom.t ............................ 
All 1 subtests passed 
t/bin/ygrok.t ............................ 
All 1 subtests passed 
t/bin/yq.t ............................... 
All 2 subtests passed 
t/bin/ysql.t ............................. 
All 3 subtests passed 
t/bin/yto.t .............................. 
All 1 subtests passed 
t/bin/yts.t .............................. 
All 2 subtests passed 
t/command/ygrok/edit_patterns.t .......... 
No subtests run 
t/command/ygrok/pattern/http_combined.t .. 
No subtests run 
t/command/ygrok/pattern/http_common.t .... 
No subtests run 
t/command/ygrok/pattern/linux_proc.t ..... 
No subtests run 
t/command/ygrok/pattern/ls-l.t ........... 
No subtests run 
t/command/ygrok/pattern/ps-u.t ........... 
No subtests run 
t/command/ygrok/pattern/ps-x.t ........... 
No subtests run 
t/command/ygrok/pattern/ps.t ............. 
No subtests run 
t/command/ygrok/pattern/syslog.t ......... 
No subtests run 
t/command/yq/combinator.t ................ ok
t/command/yq/comparison.t ................ ok
t/command/yq/conditional.t ............... ok
t/command/yq/filter.t .................... ok
t/command/yq/functions.t ................. ok
t/command/yq/regression.t ................ ok
t/command/yq/values.t .................... ok
t/format.t ............................... ok
t/format/csv.t ........................... ok
Prototype mismatch: sub main::decode_json ($) vs none at /opt/perl-5.12.5/lib/site_perl/5.12.5/Exporter.pm line 66.
 at (eval 29) line 1.
t/format/json.t .......................... ok
t/format/yaml.t .......................... ok
t/format_stream.t ........................ ok
t/helpers.t .............................. ok
t/input_series.t ......................... ok
t/integration/parse_apache_log.t ......... 
No subtests run 
t/transform.t ............................ 
No subtests run 

Test Summary Report
-------------------
t/bin/yfrom.t                          (Wstat: 9 Tests: 1 Failed: 0)
  Non-zero wait status: 9
  Parse errors: No plan found in TAP output
t/bin/ygrok.t                          (Wstat: 9 Tests: 1 Failed: 0)
  Non-zero wait status: 9
  Parse errors: No plan found in TAP output
t/bin/yq.t                             (Wstat: 9 Tests: 2 Failed: 0)
  Non-zero wait status: 9
  Parse errors: No plan found in TAP output
t/bin/ysql.t                           (Wstat: 9 Tests: 3 Failed: 0)
  Non-zero wait status: 9
  Parse errors: No plan found in TAP output
t/bin/yto.t                            (Wstat: 9 Tests: 1 Failed: 0)
  Non-zero wait status: 9
  Parse errors: No plan found in TAP output
t/bin/yts.t                            (Wstat: 9 Tests: 2 Failed: 0)
  Non-zero wait status: 9
  Parse errors: No plan found in TAP output
t/command/ygrok/edit_patterns.t        (Wstat: 9 Tests: 0 Failed: 0)
  Non-zero wait status: 9
  Parse errors: No plan found in TAP output
t/command/ygrok/pattern/http_combined.t (Wstat: 9 Tests: 0 Failed: 0)
  Non-zero wait status: 9
  Parse errors: No plan found in TAP output
t/command/ygrok/pattern/http_common.t  (Wstat: 9 Tests: 0 Failed: 0)
  Non-zero wait status: 9
  Parse errors: No plan found in TAP output
t/command/ygrok/pattern/linux_proc.t   (Wstat: 9 Tests: 0 Failed: 0)
  Non-zero wait status: 9
  Parse errors: No plan found in TAP output
t/command/ygrok/pattern/ls-l.t         (Wstat: 9 Tests: 0 Failed: 0)
  Non-zero wait status: 9
  Parse errors: No plan found in TAP output
t/command/ygrok/pattern/ps-u.t         (Wstat: 9 Tests: 0 Failed: 0)
  Non-zero wait status: 9
  Parse errors: No plan found in TAP output
t/command/ygrok/pattern/ps-x.t         (Wstat: 9 Tests: 0 Failed: 0)
  Non-zero wait status: 9
  Parse errors: No plan found in TAP output
t/command/ygrok/pattern/ps.t           (Wstat: 9 Tests: 0 Failed: 0)
  Non-zero wait status: 9
  Parse errors: No plan found in TAP output
t/command/ygrok/pattern/syslog.t       (Wstat: 9 Tests: 0 Failed: 0)
  Non-zero wait status: 9
  Parse errors: No plan found in TAP output
t/integration/parse_apache_log.t       (Wstat: 9 Tests: 0 Failed: 0)
  Non-zero wait status: 9
  Parse errors: No plan found in TAP output
t/transform.t                          (Wstat: 9 Tests: 0 Failed: 0)
  Non-zero wait status: 9
  Parse errors: No plan found in TAP output
Files=35, Tests=91, 13523 wallclock secs ( 0.12 usr  0.23 sys +  4.37 cusr  1.45 csys =  6.17 CPU)
Result: FAIL
Failed 17/35 test programs. 0/91 subtests failed.
Makefile:1052: recipe for target 'test_dynamic' failed
make: *** [test_dynamic] Error 255

------------------------------
PREREQUISITES
------------------------------

Prerequisite modules loaded:

requires:

    Module              Need       Have      
    ------------------- ---------- ----------
    boolean             0          0.46      
    File::HomeDir       0          1.004     
    File::Spec          0          3.75      
    Getopt::Long        2.36       2.51      
    Hash::Merge::Simple 0          0.051     
    Import::Base        0.010      1.004     
    IO::Async           0.77       0.77      
    IO::Interactive     0          1.022     
    JSON::MaybeXS       0          1.004001  
    List::Util          0          1.55      
    Module::Runtime     0          0.016     
    Net::Async::HTTP    0          0.46      
    Path::Tiny          0.072      0.112     
    perl                5.010      5.012005  
    Pod::Usage::Return  0          0.003     
    Regexp::Common      2013031301 2017060201
    SQL::Abstract       0          1.86      
    Time::Local         0          1.30      
    Time::Piece         0          1.34      
    URI                 0          1.76      
    YAML::Tiny          0          1.73      

build_requires:

    Module              Need       Have      
    ------------------- ---------- ----------
    Capture::Tiny       0          0.48      
    Dir::Self           0          0.11      
    ExtUtils::MakeMaker 0          7.46      
    File::Spec          0          3.75      
    Future              0          0.44      
    IO::Handle          0          1.42      
    IPC::Open3          0          1.05      
    JSON::PP            0          4.05      
    Mock::MonkeyPatch   0          0.04      
    Test::Deep          0          1.130     
    Test::Differences   0          0.67      
    Test::Exception     0          0.43      
    Test::Lib           0          0.002     
    Test::More          1.001005   1.302175  

configure_requires:

    Module              Need       Have      
    ------------------- ---------- ----------
    ExtUtils::MakeMaker 0          7.46      


------------------------------
ENVIRONMENT AND OTHER CONTEXT
------------------------------

Environment variables:

    LANG = en_US.UTF-8
    PATH = /usr/local/bin:/usr/bin:/bin:/usr/local/sbin:/usr/sbin:/sbin:/home/cpansand/bin/linux-gnu:/home/cpansand/bin/sh:/home/cpansand/bin:/usr/games:/home/cpansand/devel:/home/eserte/src/srezic-misc/scripts
    PERL5LIB = /home/cpansand/.cpan/build/2020072802/Pod-Usage-Return-0.003-0/blib/arch:/home/cpansand/.cpan/build/2020072802/Pod-Usage-Return-0.003-0/blib/lib:/home/cpansand/.cpan/build/2020072802/Mock-MonkeyPatch-0.04-0/blib/arch:/home/cpansand/.cpan/build/2020072802/Mock-MonkeyPatch-0.04-0/blib/lib:/home/cpansand/.cpan/build/2020072802/Import-Base-1.004-0/blib/arch:/home/cpansand/.cpan/build/2020072802/Import-Base-1.004-0/blib/lib:/home/cpansand/.cpan/build/2020072802/IO-Async-0.77-0/blib/arch:/home/cpansand/.cpan/build/2020072802/IO-Async-0.77-0/blib/lib:/home/cpansand/.cpan/build/2020072802/Dir-Self-0.11-0/blib/arch:/home/cpansand/.cpan/build/2020072802/Dir-Self-0.11-0/blib/lib
    PERL5OPT = 
    PERL5_CPANPLUS_IS_RUNNING = 8173
    PERL5_CPAN_IS_RUNNING = 8173
    PERL5_CPAN_IS_RUNNING_IN_RECURSION = 7981,8173
    PERLDOC = -MPod::Perldoc::ToTextOverstrike
    PERL_BATCH = yes
    PERL_CANARY_STABILITY_NOPROMPT = 1
    PERL_CPAN_REPORTER_CONFIG = /var/tmp/cpansmoker-1023/2020072802/cpanreporter_000_config.ini
    PERL_EXTUTILS_AUTOINSTALL = --defaultdeps
    PERL_USE_UNSAFE_INC = 1
    SHELL = /usr/bin/zsh
    TERM = screen
    TMPDIR = /var/tmp/cpansmoker-1023/2020072802

Perl special variables (and OS-specific diagnostics, for MSWin32):

    $^X = /opt/perl-5.12.5/bin/perl
    $UID/$EUID = 1023 / 1023
    $GID = 1023 1023
    $EGID = 1023 1023

Perl module toolchain versions installed:

    Module              Have    
    ------------------- --------
    CPAN                2.28    
    CPAN::Meta          2.150010
    Cwd                 3.75    
    ExtUtils::CBuilder  0.280234
    ExtUtils::Command   7.46    
    ExtUtils::Install   2.06    
    ExtUtils::MakeMaker 7.46    
    ExtUtils::Manifest  1.70    
    ExtUtils::ParseXS   3.35    
    File::Spec          3.75    
    JSON                4.02    
    JSON::PP            4.05    
    Module::Build       0.4231  
    Module::Signature   0.83    
    Parse::CPAN::Meta   2.150010
    Test::Harness       3.42    
    Test::More          1.302175
    YAML                1.30    
    YAML::Syck          1.32    
    version             0.9924  


--

Summary of my perl5 (revision 5 version 12 subversion 5) configuration:
   
  Platform:
    osname=linux, osvers=4.4.0-176-generic, archname=x86_64-linux
    uname='linux ubuntu16 4.4.0-176-generic #206-ubuntu smp fri feb 28 05:02:04 utc 2020 x86_64 x86_64 x86_64 gnulinux '
    config_args='-ds -e -Dprefix=/opt/perl-5.12.5 -Dcf_email=srezic@cpan.org'
    hint=recommended, useposix=true, d_sigaction=define
    useithreads=undef, usemultiplicity=undef
    useperlio=define, d_sfio=undef, uselargefiles=define, usesocks=undef
    use64bitint=define, use64bitall=define, uselongdouble=undef
    usemymalloc=n, bincompat5005=undef
  Compiler:
    cc='cc', ccflags ='-fwrapv -fno-strict-aliasing -pipe -fstack-protector -I/usr/local/include -D_LARGEFILE_SOURCE -D_FILE_OFFSET_BITS=64',
    optimize='-O2',
    cppflags='-fwrapv -fno-strict-aliasing -pipe -fstack-protector -I/usr/local/include'
    ccversion='', gccversion='5.4.0 20160609', gccosandvers=''
    intsize=4, longsize=8, ptrsize=8, doublesize=8, byteorder=12345678
    d_longlong=define, longlongsize=8, d_longdbl=define, longdblsize=16
    ivtype='long', ivsize=8, nvtype='double', nvsize=8, Off_t='off_t', lseeksize=8
    alignbytes=8, prototype=define
  Linker and Libraries:
    ld='cc', ldflags =' -fstack-protector -L/usr/local/lib'
    libpth=/usr/local/lib /lib/x86_64-linux-gnu /lib/../lib /usr/lib/x86_64-linux-gnu /usr/lib/../lib /lib /usr/lib
    libs=-lnsl -lgdbm -ldb -ldl -lm -lcrypt -lutil -lc -lgdbm_compat
    perllibs=-lnsl -ldl -lm -lcrypt -lutil -lc
    libc=libc-2.23.so, so=so, useshrplib=false, libperl=libperl.a
    gnulibc_version='2.23'
  Dynamic Linking:
    dlsrc=dl_dlopen.xs, dlext=so, d_dlsymun=undef, ccdlflags='-Wl,-E'
    cccdlflags='-fPIC', lddlflags='-shared -O2 -L/usr/local/lib -fstack-protector'


Characteristics of this binary (from libperl): 
  Compile-time options: PERL_DONT_CREATE_GVSV PERL_MALLOC_WRAP USE_64_BIT_ALL
                        USE_64_BIT_INT USE_LARGE_FILES USE_PERLIO
                        USE_PERL_ATOF
  Locally applied patches:
	Devel::PatchPerl 1.90
  Built under linux
  Compiled at Mar 31 2020 18:40:19
  %ENV:
    PERL5LIB="/home/cpansand/.cpan/build/2020072802/Pod-Usage-Return-0.003-0/blib/arch:/home/cpansand/.cpan/build/2020072802/Pod-Usage-Return-0.003-0/blib/lib:/home/cpansand/.cpan/build/2020072802/Mock-MonkeyPatch-0.04-0/blib/arch:/home/cpansand/.cpan/build/2020072802/Mock-MonkeyPatch-0.04-0/blib/lib:/home/cpansand/.cpan/build/2020072802/Import-Base-1.004-0/blib/arch:/home/cpansand/.cpan/build/2020072802/Import-Base-1.004-0/blib/lib:/home/cpansand/.cpan/build/2020072802/IO-Async-0.77-0/blib/arch:/home/cpansand/.cpan/build/2020072802/IO-Async-0.77-0/blib/lib:/home/cpansand/.cpan/build/2020072802/Dir-Self-0.11-0/blib/arch:/home/cpansand/.cpan/build/2020072802/Dir-Self-0.11-0/blib/lib"
    PERL5OPT=""
    PERL5_CPANPLUS_IS_RUNNING="8173"
    PERL5_CPAN_IS_RUNNING="8173"
    PERL5_CPAN_IS_RUNNING_IN_RECURSION="7981,8173"
    PERLDOC="-MPod::Perldoc::ToTextOverstrike"
    PERL_BATCH="yes"
    PERL_CANARY_STABILITY_NOPROMPT="1"
    PERL_CPAN_REPORTER_CONFIG="/var/tmp/cpansmoker-1023/2020072802/cpanreporter_000_config.ini"
    PERL_EXTUTILS_AUTOINSTALL="--defaultdeps"
    PERL_USE_UNSAFE_INC="1"
  @INC:
    /home/cpansand/.cpan/build/2020072802/Pod-Usage-Return-0.003-0/blib/arch
    /home/cpansand/.cpan/build/2020072802/Pod-Usage-Return-0.003-0/blib/lib
    /home/cpansand/.cpan/build/2020072802/Mock-MonkeyPatch-0.04-0/blib/arch
    /home/cpansand/.cpan/build/2020072802/Mock-MonkeyPatch-0.04-0/blib/lib
    /home/cpansand/.cpan/build/2020072802/Import-Base-1.004-0/blib/arch
    /home/cpansand/.cpan/build/2020072802/Import-Base-1.004-0/blib/lib
    /home/cpansand/.cpan/build/2020072802/IO-Async-0.77-0/blib/arch
    /home/cpansand/.cpan/build/2020072802/IO-Async-0.77-0/blib/lib
    /home/cpansand/.cpan/build/2020072802/Dir-Self-0.11-0/blib/arch
    /home/cpansand/.cpan/build/2020072802/Dir-Self-0.11-0/blib/lib
    /opt/perl-5.12.5/lib/site_perl/5.12.5/x86_64-linux
    /opt/perl-5.12.5/lib/site_perl/5.12.5
    /opt/perl-5.12.5/lib/5.12.5/x86_64-linux
    /opt/perl-5.12.5/lib/5.12.5
    .