DateTime-Format-CLDR v1.19 Perl 5 v5.14.4 x86_64-linux
- Status
- Fail
- From
- Andreas J. König (ANDK)
- Dist
-
DateTime-Format-CLDR v1.19
- Platform
- Perl 5 v5.14.4 x86_64-linux
- Date
- 2018-07-28 21:34:51
- ID
- 0fa46d04-92ae-11e8-b76b-70d84a1c072b
This distribution has been tested as part of the CPAN Testers
project, supporting the Perl programming language. See
http://wiki.cpantesters.org/ for more information or email
questions to cpan-testers-discuss@perl.org
--
Dear Maros Kollar,
This is a computer-generated report for DateTime-Format-CLDR-1.19
on perl 5.14.4, created by CPAN-Reporter-1.2018.
Thank you for uploading your work to CPAN. However, there was a problem
testing your distribution.
If you think this report is invalid, please consult the CPAN Testers Wiki
for suggestions on how to avoid getting FAIL reports for missing library
or binary dependencies, unsupported operating systems, and so on:
http://wiki.cpantesters.org/wiki/CPANAuthorNotes
Sections of this report:
* Tester comments
* Program output
* Prerequisites
* Environment and other context
------------------------------
TESTER COMMENTS
------------------------------
Additional comments from tester:
this report is from an automated smoke testing program
and was not reviewed by a human for accuracy
------------------------------
PROGRAM OUTPUT
------------------------------
Output from '/usr/bin/make test':
PERL_DL_NONLAZY=1 "/home/sand/src/perl/repoperls/installed-perls/host/k93msid/v5.14.4/da1c/bin/perl" "-MExtUtils::Command::MM" "-MTest::Harness" "-e" "undef *Test::Harness::Switches; test_harness(0, 'inc', 'blib/lib', 'blib/arch')" t/*.t
t/001_load.t .......... ok
t/004_basic.t ......... ok
t/005_extended.t ...... ok
t/006_exceptions.t .... ok
t/007_bug_rt41392.t ... ok
t/008_bug_rt43381.t ... ok
t/009_incomplete.t .... ok
t/010_patterns.t ...... ok
# Failed test 'Pattern: 'dd.MM.yyy HH:mm:ss.SSSSSSSSSSSSSS'
# String: '01.01.2000 01:10:20.00000000999999'
# Original: '2000-01-01T01:10:20.10 floating'
# Computed: '2000-01-01T01:10:20.9 floating'
# Locale: 'en-US''
# at t/lib/testlib.pm line 34.
# Failed test 'Pattern: 'dd.MM.yyy HH:mm:ss.SSSSSSSSSSSSSS'
# String: '01.01.2000 03:10:20.00000099999999'
# Original: '2000-01-01T03:10:20.1000 floating'
# Computed: '2000-01-01T03:10:20.999 floating'
# Locale: 'en-US''
# at t/lib/testlib.pm line 34.
# Failed test 'Pattern: 'dd.MM.yyy HH:mm:ss.SSSSSSSSSSSSSS'
# String: '01.01.2000 04:10:20.00000999999999'
# Original: '2000-01-01T04:10:20.10000 floating'
# Computed: '2000-01-01T04:10:20.9999 floating'
# Locale: 'en-US''
# at t/lib/testlib.pm line 34.
# Looks like you failed 3 tests of 13.
t/011_nanosecond.t ....
Dubious, test returned 3 (wstat 768, 0x300)
Failed 3/13 subtests
t/012_export.t ........ ok
t/013_timezone.t ...... ok
t/014_bug_rt49605.t ... ok
t/015_synopsis.t ...... ok
t/016_case.t .......... ok
t/017_bug_rt87550.t ... ok
t/018_bug_rt89846.t ... ok
t/019_bug_rt107389.t .. ok
Test Summary Report
-------------------
t/011_nanosecond.t (Wstat: 768 Tests: 13 Failed: 3)
Failed tests: 3, 7, 9
Non-zero exit status: 3
Files=17, Tests=13054, 41 wallclock secs ( 1.13 usr 0.29 sys + 25.02 cusr 1.30 csys = 27.74 CPU)
Result: FAIL
Failed 1/17 test programs. 3/13054 subtests failed.
Makefile:779: recipe for target 'test_dynamic' failed
make: *** [test_dynamic] Error 255
------------------------------
PREREQUISITES
------------------------------
Prerequisite modules loaded:
requires:
Module Need Have
-------------------- ----- --------
DateTime 0.48 1.49
DateTime::Incomplete 0 0.08
DateTime::Locale 0.42 1.20
DateTime::TimeZone 0.95 2.18
Exporter 0 5.72
Params::Validate 0.76 1.29
perl 5.008 5.014004
build_requires:
Module Need Have
-------------------- ----- --------
ExtUtils::MakeMaker 6.59 7.35_06
Test::Exception 0 0.43
Test::NoWarnings 0 1.04
Test::Simple 0.82 1.302139
Test::Warn 0 0.36
configure_requires:
Module Need Have
-------------------- ----- --------
ExtUtils::MakeMaker 6.59 7.35_06
------------------------------
ENVIRONMENT AND OTHER CONTEXT
------------------------------
Environment variables:
AUTOMATED_TESTING = 1
LANG = en_US.UTF-8
PATH = /home/sand/bin:/usr/local/bin:/usr/bin:/bin:/usr/games:/usr/local/perl/bin:/usr/X11/bin:/sbin:/usr/sbin
PERL5LIB =
PERL5OPT =
PERL5_CPANPLUS_IS_RUNNING = 31798
PERL5_CPAN_IS_RUNNING = 31798
PERL_CANARY_STABILITY_NOPROMPT = 1
PERL_MM_USE_DEFAULT = 1
PERL_USE_UNSAFE_INC = 1
SHELL = /usr/bin/zsh
TERM = screen
Perl special variables (and OS-specific diagnostics, for MSWin32):
$^X = /home/sand/src/perl/repoperls/installed-perls/host/k93msid/v5.14.4/da1c/bin/perl
$UID/$EUID = 1005 / 1005
$GID = 1005 1005
$EGID = 1005 1005
Perl module toolchain versions installed:
Module Have
------------------- --------
CPAN 2.20
CPAN::Meta 2.150010
Cwd 3.74
ExtUtils::CBuilder 0.280230
ExtUtils::Command 7.35_06
ExtUtils::Install 2.06
ExtUtils::MakeMaker 7.35_06
ExtUtils::Manifest 1.71
ExtUtils::ParseXS 3.35
File::Spec 3.74
JSON 2.97001
JSON::PP 2.97001
Module::Build 0.4224
Module::Signature 0.81
Parse::CPAN::Meta 2.150010
Test::Harness 3.43_01
Test::More 1.302139
YAML 1.26
YAML::Syck 1.30
version 0.9924
--
Summary of my perl5 (revision 5 version 14 subversion 4) configuration:
Derived from: 26c5c13a4ece9084f310610bb17fb2f24c72a73e
Platform:
osname=linux, osvers=4.14.0-3-amd64, archname=x86_64-linux
uname='linux k93msid 4.14.0-3-amd64 #1 smp debian 4.14.12-2 (2018-01-06) x86_64 gnulinux '
config_args='-Dprefix=/home/sand/src/perl/repoperls/installed-perls/host/k93msid/v5.14.4/da1c -Dmyhostname=k93msid -Dinstallusrbinperl=n -Uversiononly -Dusedevel -des -Ui_db -Dlibswanted=cl pthread socket inet nsl gdbm dbm malloc dl ld sun m crypt sec util c cposix posix ucb BSD gdbm_compat -Uuseithreads -Uuselongdouble -DEBUGGING=-g'
hint=recommended, useposix=true, d_sigaction=define
useithreads=undef, usemultiplicity=undef
useperlio=define, d_sfio=undef, uselargefiles=define, usesocks=undef
use64bitint=define, use64bitall=define, uselongdouble=undef
usemymalloc=n, bincompat5005=undef
Compiler:
cc='cc', ccflags ='-fno-strict-aliasing -pipe -fstack-protector -I/usr/local/include -D_LARGEFILE_SOURCE -D_FILE_OFFSET_BITS=64',
optimize='-O2 -g',
cppflags='-fno-strict-aliasing -pipe -fstack-protector -I/usr/local/include'
ccversion='', gccversion='7.2.0', gccosandvers=''
intsize=4, longsize=8, ptrsize=8, doublesize=8, byteorder=12345678
d_longlong=define, longlongsize=8, d_longdbl=define, longdblsize=16
ivtype='long', ivsize=8, nvtype='double', nvsize=8, Off_t='off_t', lseeksize=8
alignbytes=8, prototype=define
Linker and Libraries:
ld='cc', ldflags =' -fstack-protector -L/usr/local/lib'
libpth=/usr/local/lib /lib/x86_64-linux-gnu /lib/../lib /usr/lib/x86_64-linux-gnu /usr/lib/../lib /lib /usr/lib
libs=-lpthread -lnsl -ldl -lm -lcrypt -lutil -lc
perllibs=-lpthread -lnsl -ldl -lm -lcrypt -lutil -lc
libc=libc-2.26.so, so=so, useshrplib=false, libperl=libperl.a
gnulibc_version='2.26'
Dynamic Linking:
dlsrc=dl_dlopen.xs, dlext=so, d_dlsymun=undef, ccdlflags='-Wl,-E'
cccdlflags='-fPIC', lddlflags='-shared -O2 -g -L/usr/local/lib -fstack-protector'
Characteristics of this binary (from libperl):
Compile-time options: PERL_DONT_CREATE_GVSV PERL_MALLOC_WRAP
PERL_PRESERVE_IVUV PERL_USE_DEVEL USE_64_BIT_ALL
USE_64_BIT_INT USE_LARGE_FILES USE_PERLIO
USE_PERL_ATOF
Locally applied patches:
uncommitted-changes
Built under linux
Compiled at Mar 6 2018 22:48:50
%ENV:
PERL5LIB=""
PERL5OPT=""
PERL5_CPANPLUS_IS_RUNNING="31798"
PERL5_CPAN_IS_RUNNING="31798"
PERL_CANARY_STABILITY_NOPROMPT="1"
PERL_MM_USE_DEFAULT="1"
PERL_USE_UNSAFE_INC="1"
@INC:
/home/sand/src/perl/repoperls/installed-perls/host/k93msid/v5.14.4/da1c/lib/site_perl/5.14.4/x86_64-linux
/home/sand/src/perl/repoperls/installed-perls/host/k93msid/v5.14.4/da1c/lib/site_perl/5.14.4
/home/sand/src/perl/repoperls/installed-perls/host/k93msid/v5.14.4/da1c/lib/5.14.4/x86_64-linux
/home/sand/src/perl/repoperls/installed-perls/host/k93msid/v5.14.4/da1c/lib/5.14.4
.