WebService-NotifyMyAndroid v0.0.6 Perl 5 v5.28.0 RC1 x86_64-linux

Status
Fail
From
Slaven Rezić (SREZIC)
Dist
WebService-NotifyMyAndroid v0.0.6
Platform
Perl 5 v5.28.0 RC1 x86_64-linux
Date
2018-05-28 01:33:02
ID
0fcdbe9c-6217-11e8-990a-f033b35bcc7c
This distribution has been tested as part of the CPAN Testers
project, supporting the Perl programming language.  See
http://wiki.cpantesters.org/ for more information or email
questions to cpan-testers-discuss@perl.org


--
Dear Chisel,

This is a computer-generated report for WebService-NotifyMyAndroid-0.0.6
on perl 5.28.0, created by CPAN-Reporter-1.2018.

Thank you for uploading your work to CPAN.  However, there was a problem
testing your distribution.

If you think this report is invalid, please consult the CPAN Testers Wiki
for suggestions on how to avoid getting FAIL reports for missing library
or binary dependencies, unsupported operating systems, and so on:

http://wiki.cpantesters.org/wiki/CPANAuthorNotes

Sections of this report:

    * Tester comments
    * Program output
    * Prerequisites
    * Environment and other context

------------------------------
TESTER COMMENTS
------------------------------

Additional comments from tester:

none provided

------------------------------
PROGRAM OUTPUT
------------------------------

Output from '/usr/bin/make test':

PERL_DL_NONLAZY=1 "/opt/perl-5.28.0-RC1/bin/perl" "-MExtUtils::Command::MM" "-MTest::Harness" "-e" "undef *Test::Harness::Switches; test_harness(0, 'blib/lib', 'blib/arch')" t/*.t
t/00-load.t ............... ok
# Testing WebService::NotifyMyAndroid 0.0.6
t/00.load.t ............... ok
request to https://www.notifymyandroid.com/publicapi/verify?apikey=67f9b6dbd5cc00f245ff677e288f4e3aecc97f49cbf3b2a3 failed at t/01.verify.t line 14.
# Looks like your test exited with 110 just after 1.
t/01.verify.t ............. 
Dubious, test returned 110 (wstat 28160, 0x6e00)
Failed 2/3 subtests 
t/02.notify.t ............. ok

#   Failed test 'Test::Perl::Critic for "blib/lib/WebService/NotifyMyAndroid.pm"'
#   at /opt/perl-5.28.0-RC1/lib/site_perl/5.28.0/Test/Perl/Critic.pm line 121.
# 
#   Variable, subroutine, and package names have to be in CamelCase at line 27, column 13.  (no explanation).  (Severity: 5)
#   Variable, subroutine, and package names have to be in CamelCase at line 49, column 24.  (no explanation).  (Severity: 5)
#   Variable, subroutine, and package names have to be in CamelCase at line 55, column 4.  (no explanation).  (Severity: 5)
#   Variable, subroutine, and package names have to be in CamelCase at line 71, column 1.  (no explanation).  (Severity: 5)
#   Variable, subroutine, and package names have to be in CamelCase at line 72, column 9.  (no explanation).  (Severity: 5)
#   Variable, subroutine, and package names have to be in CamelCase at line 72, column 16.  (no explanation).  (Severity: 5)
#   Variable, subroutine, and package names have to be in CamelCase at line 73, column 8.  (no explanation).  (Severity: 5)
#   Variable, subroutine, and package names have to be in CamelCase at line 73, column 28.  (no explanation).  (Severity: 5)
#   Variable, subroutine, and package names have to be in CamelCase at line 73, column 36.  (no explanation).  (Severity: 5)
#   Variable, subroutine, and package names have to be in CamelCase at line 74, column 12.  (no explanation).  (Severity: 5)
#   Variable, subroutine, and package names have to be in CamelCase at line 74, column 35.  (no explanation).  (Severity: 5)
#   Method invocation should use "()" at line 74, column 44.  Use "->MethodName()" instead of "->MethodName".  (Severity: 5)
#   Variable, subroutine, and package names have to be in CamelCase at line 77, column 4.  (no explanation).  (Severity: 5)
#   Use of bitwise operator at line 79, column 24.  Use of bitwise operator "|".  (Severity: 5)
#   Variable, subroutine, and package names have to be in CamelCase at line 111, column 1.  (no explanation).  (Severity: 5)
#   Variable, subroutine, and package names have to be in CamelCase at line 112, column 9.  (no explanation).  (Severity: 5)
#   Variable, subroutine, and package names have to be in CamelCase at line 112, column 16.  (no explanation).  (Severity: 5)
#   Variable, subroutine, and package names have to be in CamelCase at line 113, column 8.  (no explanation).  (Severity: 5)
#   Variable, subroutine, and package names have to be in CamelCase at line 113, column 28.  (no explanation).  (Severity: 5)
#   Variable, subroutine, and package names have to be in CamelCase at line 113, column 36.  (no explanation).  (Severity: 5)
#   Variable, subroutine, and package names have to be in CamelCase at line 114, column 12.  (no explanation).  (Severity: 5)
#   Variable, subroutine, and package names have to be in CamelCase at line 114, column 36.  (no explanation).  (Severity: 5)
#   Method invocation should use "()" at line 114, column 45.  Use "->MethodName()" instead of "->MethodName".  (Severity: 5)
#   Variable, subroutine, and package names have to be in CamelCase at line 119, column 1.  (no explanation).  (Severity: 5)
#   Variable, subroutine, and package names have to be in CamelCase at line 120, column 9.  (no explanation).  (Severity: 5)
#   Variable, subroutine, and package names have to be in CamelCase at line 120, column 21.  (no explanation).  (Severity: 5)
#   Variable, subroutine, and package names have to be in CamelCase at line 122, column 15.  (no explanation).  (Severity: 5)
#   Variable, subroutine, and package names have to be in CamelCase at line 123, column 20.  (no explanation).  (Severity: 5)
#   Variable, subroutine, and package names have to be in CamelCase at line 123, column 29.  (no explanation).  (Severity: 5)
#   Variable, subroutine, and package names have to be in CamelCase at line 124, column 29.  (no explanation).  (Severity: 5)
#   Use of low precedence operators is not allowed at line 124, column 36.  Replace low precedence operators with the high precedence substitutes.  (Severity: 5)
#   Variable, subroutine, and package names have to be in CamelCase at line 128, column 9.  (no explanation).  (Severity: 5)
#   Use of low precedence operators is not allowed at line 128, column 41.  Replace low precedence operators with the high precedence substitutes.  (Severity: 5)
#   Variable, subroutine, and package names have to be in CamelCase at line 130, column 13.  (no explanation).  (Severity: 5)
t/perlcritic.t ............ 
Dubious, test returned 1 (wstat 256, 0x100)
Failed 1/1 subtests 
t/pod-coverage.t .......... ok
t/pod.t ................... ok
t/release-no-tabs.t ....... skipped: these tests are for release candidate testing
t/release-pod-coverage.t .. skipped: these tests are for release candidate testing
t/release-pod-syntax.t .... skipped: these tests are for release candidate testing

Test Summary Report
-------------------
t/01.verify.t           (Wstat: 28160 Tests: 1 Failed: 0)
  Non-zero exit status: 110
  Parse errors: Bad plan.  You planned 3 tests but ran 1.
t/perlcritic.t          (Wstat: 256 Tests: 1 Failed: 1)
  Failed test:  1
  Non-zero exit status: 1
Files=10, Tests=7, 131 wallclock secs ( 0.03 usr  0.04 sys +  1.37 cusr  0.32 csys =  1.76 CPU)
Result: FAIL
Failed 2/10 test programs. 1/7 subtests failed.
Makefile:870: die Regel für Ziel „test_dynamic“ scheiterte
make: *** [test_dynamic] Fehler 255

------------------------------
PREREQUISITES
------------------------------

Prerequisite modules loaded:

requires:

    Module               Need Have      
    -------------------- ---- ----------
    base                 0    2.27      
    Carp                 0    1.50      
    Data::Printer        0    0.40      
    FindBin::libs        0    v2.12.01  
    LWP::Protocol::https 0    6.07      
    Params::Validate     0    1.29      
    Readonly             0    2.05      
    Regexp::Common       0    2017060201
    strictures           1    2.000005  
    WebService::Simple   0    0.25      

build_requires:

    Module               Need Have      
    -------------------- ---- ----------
    Data::Dumper         0    2.170     
    strict               0    1.11      
    Test::More           0    1.302136  
    Test::UseAllModules  0    0.17      
    warnings             0    1.42      

configure_requires:

    Module               Need Have      
    -------------------- ---- ----------
    ExtUtils::MakeMaker  6.30 7.34      


------------------------------
ENVIRONMENT AND OTHER CONTEXT
------------------------------

Environment variables:

    LANG = C
    LC_ALL = de_DE.UTF-8
    PATH = /usr/local/bin:/usr/bin:/bin:/usr/local/sbin:/usr/sbin:/sbin:/home/cpansand/bin/linux-gnu:/home/cpansand/bin/sh:/home/cpansand/bin:/usr/games:/home/cpansand/devel:/home/eserte/src/srezic-misc/scripts
    PERL5LIB = 
    PERL5OPT = 
    PERL5_CPANPLUS_IS_RUNNING = 5842
    PERL5_CPAN_IS_RUNNING = 5842
    PERL5_CPAN_IS_RUNNING_IN_RECURSION = 31045,5842
    PERLDOC = -MPod::Perldoc::ToTextOverstrike
    PERL_BATCH = yes
    PERL_CANARY_STABILITY_NOPROMPT = 1
    PERL_CPAN_REPORTER_CONFIG = /var/tmp/cpansmoker-1023/2018052709/cpanreporter_000_config.ini
    PERL_EXTUTILS_AUTOINSTALL = --defaultdeps
    PERL_PARALLEL_SMOKER = yes
    PERL_USE_UNSAFE_INC = 1
    SHELL = /usr/bin/zsh
    TERM = screen
    TMPDIR = /var/tmp/cpansmoker-1023/2018052709

Perl special variables (and OS-specific diagnostics, for MSWin32):

    $^X = /opt/perl-5.28.0-RC1/bin/perl
    $UID/$EUID = 1023 / 1023
    $GID = 1023 1023
    $EGID = 1023 1023

Perl module toolchain versions installed:

    Module              Have    
    ------------------- --------
    CPAN                2.20    
    CPAN::Meta          2.150010
    Cwd                 3.74    
    ExtUtils::CBuilder  0.280230
    ExtUtils::Command   7.34    
    ExtUtils::Install   2.14    
    ExtUtils::MakeMaker 7.34    
    ExtUtils::Manifest  1.71    
    ExtUtils::ParseXS   3.39    
    File::Spec          3.74    
    JSON                2.97001 
    JSON::PP            2.97001 
    Module::Build       0.4224  
    Module::Signature   0.81    
    Parse::CPAN::Meta   2.150010
    Test::Harness       3.42    
    Test::More          1.302136
    YAML                1.26    
    YAML::Syck          1.30    
    version             0.9924  


--

Summary of my perl5 (revision 5 version 28 subversion 0) configuration:
   
  Platform:
    osname=linux
    osvers=4.9.0-3-amd64
    archname=x86_64-linux
    uname='linux debian9 4.9.0-3-amd64 #1 smp debian 4.9.30-2+deb9u5 (2017-09-19) x86_64 gnulinux '
    config_args='-ds -e -Dprefix=/opt/perl-5.28.0-RC1 -Dcf_email=srezic@cpan.org'
    hint=recommended
    useposix=true
    d_sigaction=define
    useithreads=undef
    usemultiplicity=undef
    use64bitint=define
    use64bitall=define
    uselongdouble=undef
    usemymalloc=n
    default_inc_excludes_dot=define
    bincompat5005=undef
  Compiler:
    cc='cc'
    ccflags ='-fwrapv -fno-strict-aliasing -pipe -fstack-protector-strong -I/usr/local/include -D_LARGEFILE_SOURCE -D_FILE_OFFSET_BITS=64 -D_FORTIFY_SOURCE=2'
    optimize='-O2'
    cppflags='-fwrapv -fno-strict-aliasing -pipe -fstack-protector-strong -I/usr/local/include'
    ccversion=''
    gccversion='6.3.0 20170516'
    gccosandvers=''
    intsize=4
    longsize=8
    ptrsize=8
    doublesize=8
    byteorder=12345678
    doublekind=3
    d_longlong=define
    longlongsize=8
    d_longdbl=define
    longdblsize=16
    longdblkind=3
    ivtype='long'
    ivsize=8
    nvtype='double'
    nvsize=8
    Off_t='off_t'
    lseeksize=8
    alignbytes=8
    prototype=define
  Linker and Libraries:
    ld='cc'
    ldflags =' -fstack-protector-strong -L/usr/local/lib'
    libpth=/usr/local/lib /usr/lib/gcc/x86_64-linux-gnu/6/include-fixed /usr/include/x86_64-linux-gnu /usr/lib /lib/x86_64-linux-gnu /lib/../lib /usr/lib/x86_64-linux-gnu /usr/lib/../lib /lib
    libs=-lpthread -lnsl -lgdbm -ldb -ldl -lm -lcrypt -lutil -lc -lgdbm_compat
    perllibs=-lpthread -lnsl -ldl -lm -lcrypt -lutil -lc
    libc=libc-2.24.so
    so=so
    useshrplib=false
    libperl=libperl.a
    gnulibc_version='2.24'
  Dynamic Linking:
    dlsrc=dl_dlopen.xs
    dlext=so
    d_dlsymun=undef
    ccdlflags='-Wl,-E'
    cccdlflags='-fPIC'
    lddlflags='-shared -O2 -L/usr/local/lib -fstack-protector-strong'


Characteristics of this binary (from libperl): 
  Compile-time options:
    HAS_TIMES
    PERLIO_LAYERS
    PERL_COPY_ON_WRITE
    PERL_DONT_CREATE_GVSV
    PERL_MALLOC_WRAP
    PERL_OP_PARENT
    PERL_PRESERVE_IVUV
    USE_64_BIT_ALL
    USE_64_BIT_INT
    USE_LARGE_FILES
    USE_LOCALE
    USE_LOCALE_COLLATE
    USE_LOCALE_CTYPE
    USE_LOCALE_NUMERIC
    USE_LOCALE_TIME
    USE_PERLIO
    USE_PERL_ATOF
  Locally applied patches:
    RC1
  Built under linux
  Compiled at May 22 2018 06:11:22
  %ENV:
    PERL5LIB=""
    PERL5OPT=""
    PERL5_CPANPLUS_IS_RUNNING="5842"
    PERL5_CPAN_IS_RUNNING="5842"
    PERL5_CPAN_IS_RUNNING_IN_RECURSION="31045,5842"
    PERLDOC="-MPod::Perldoc::ToTextOverstrike"
    PERL_BATCH="yes"
    PERL_CANARY_STABILITY_NOPROMPT="1"
    PERL_CPAN_REPORTER_CONFIG="/var/tmp/cpansmoker-1023/2018052709/cpanreporter_000_config.ini"
    PERL_EXTUTILS_AUTOINSTALL="--defaultdeps"
    PERL_PARALLEL_SMOKER="yes"
    PERL_USE_UNSAFE_INC="1"
  @INC:
    /opt/perl-5.28.0-RC1/lib/site_perl/5.28.0/x86_64-linux
    /opt/perl-5.28.0-RC1/lib/site_perl/5.28.0
    /opt/perl-5.28.0-RC1/lib/5.28.0/x86_64-linux
    /opt/perl-5.28.0-RC1/lib/5.28.0
    .