Starman v0.4017 Perl 5 v5.34.1 x86_64-linux
- Status
- Fail
- From
- Slaven Rezić
- Dist
-
Starman v0.4017
- Platform
- Perl 5 v5.34.1 x86_64-linux
- Date
- 2025-02-03 18:31:19
- ID
- 0ff5b514-e25d-11ef-882a-b5146e8775ea
This distribution has been tested as part of the CPAN Testers
project, supporting the Perl programming language. See
http://wiki.cpantesters.org/ for more information or email
questions to cpan-testers-discuss@perl.org
--
Dear Tatsuhiko Miyagawa,
This is a computer-generated report for Starman-0.4017
on perl 5.34.1, created by CPAN-Reporter-1.2020.
Thank you for uploading your work to CPAN. However, there was a problem
testing your distribution.
If you think this report is invalid, please consult the CPAN Testers Wiki
for suggestions on how to avoid getting FAIL reports for missing library
or binary dependencies, unsupported operating systems, and so on:
http://wiki.cpantesters.org/wiki/CPANAuthorNotes
Sections of this report:
* Tester comments
* Program output
* Prerequisites
* Environment and other context
------------------------------
TESTER COMMENTS
------------------------------
Additional comments from tester:
none provided
------------------------------
PROGRAM OUTPUT
------------------------------
Output from './Build test':
t/00_compile.t ........... ok
t/author-pod-syntax.t .... skipped: these tests are for testing by the author
2025/02/02-00:43:44 Starman::Server (type Net::Server::PreFork) starting! pid(718443)
Binding to TCP port 39899 on host 127.0.0.1 with IPv4
Setting gid to "1023 1023 1023"
2025/02/02-00:43:44 Server closing!
t/chunked_req.t .......... ok
t/chunked_termination.t .. ok
2025/02/02-00:43:44 Starman::Server (type Net::Server::PreFork) starting! pid(718452)
Binding to TCP port 43425 on host 127.0.0.1 with IPv4
Setting gid to "1023 1023 1023"
2025/02/02-00:43:44 Server closing!
t/chunked_zero_length.t .. ok
2025/02/02-00:43:44 Starman::Server (type Net::Server::PreFork) starting! pid(718459)
Binding to TCP port 36777 on host 127.0.0.1 with IPv4
Setting gid to "1023 1023 1023"
2025/02/02-00:43:45 Server closing!
t/early-hints.t .......... ok
2025/02/02-00:43:45 Starman::Server (type Net::Server::PreFork) starting! pid(718466)
Binding to TCP port 44931 on host 127.0.0.1 with IPv4
Setting gid to "1023 1023 1023"
2025/02/02-00:43:46 Server closing!
t/eintr.t ................ ok
2025/02/02-00:43:46 Starman::Server (type Net::Server::PreFork) starting! pid(718474)
Binding to TCP port 34847 on host 127.0.0.1 with IPv4
Setting gid to "1023 1023 1023"
2025/02/02-00:43:46 Server closing!
t/expect.t ............... ok
2025/02/02-00:43:46 Starman::Server (type Net::Server::PreFork) starting! pid(718481)
Binding to TCP port 36423 on host 127.0.0.1 with IPv4
Setting gid to "1023 1023 1023"
2025/02/02-00:43:47 Server closing!
2025/02/02-00:43:47 Starman::Server (type Net::Server::PreFork) starting! pid(718487)
Binding to TCP port 36501 on host 127.0.0.1 with IPv4
Setting gid to "1023 1023 1023"
2025/02/02-00:43:47 Server closing!
Accept failed with 29 tries left: Invalid argument
Accept failed with 28 tries left: Invalid argument
Accept failed with 27 tries left: Invalid argument
Accept failed with 26 tries left: Invalid argument
Accept failed with 25 tries left: Invalid argument
Accept failed with 24 tries left: Invalid argument
Accept failed with 23 tries left: Invalid argument
Accept failed with 22 tries left: Invalid argument
Accept failed with 21 tries left: Invalid argument
Accept failed with 20 tries left: Invalid argument
Accept failed with 19 tries left: Invalid argument
Accept failed with 18 tries left: Invalid argument
Accept failed with 17 tries left: Invalid argument
Accept failed with 16 tries left: Invalid argument
Accept failed with 15 tries left: Invalid argument
Accept failed with 14 tries left: Invalid argument
Accept failed with 13 tries left: Invalid argument
Accept failed with 12 tries left: Invalid argument
Accept failed with 11 tries left: Invalid argument
Accept failed with 10 tries left: Invalid argument
Accept failed with 9 tries left: Invalid argument
Accept failed with 8 tries left: Invalid argument
Accept failed with 7 tries left: Invalid argument
Accept failed with 6 tries left: Invalid argument
Accept failed with 5 tries left: Invalid argument
Accept failed with 4 tries left: Invalid argument
Accept failed with 3 tries left: Invalid argument
Accept failed with 2 tries left: Invalid argument
Accept failed with 1 tries left: Invalid argument
Accept failed with 0 tries left: Invalid argument
Ran out of accept retries!
t/harakiri.t ............. ok
2025/02/02-00:44:17 Starman::Server (type Net::Server::PreFork) starting! pid(718529)
Binding to TCP port 45627 on host 127.0.0.1 with IPv4
Setting gid to "1023 1023 1023"
2025/02/02-00:44:17 Server closing!
t/lf_only_request.t ...... ok
2025/02/02-00:44:17 Starman::Server (type Net::Server::PreFork) starting! pid(718536)
Binding to TCP port 34373 on host 127.0.0.1 with IPv4
Setting gid to "1023 1023 1023"
2025/02/02-00:44:17 Server closing!
t/no_chunked_head.t ...... ok
t/release-findbin.t ...... skipped: these tests are for release candidate testing
t/release-rand.t ......... skipped: these tests are for release candidate testing
2025/02/02-00:44:18 Starman::Server (type Net::Server::PreFork) starting! pid(718545)
Binding to TCP port 40839 on host 127.0.0.1 with IPv4
Setting gid to "1023 1023 1023"
2025/02/02-00:44:18 Server closing!
t/single_zero.t .......... ok
2025/02/02-00:44:18 Starman::Server (type Net::Server::PreFork) starting! pid(718552)
Resolved [localhost]:46283 to [127.0.0.1]:46283, IPv4
Resolved [localhost]:46283 to [::1]:46283, IPv6
Binding to SSL port 46283 on host 127.0.0.1 with IPv4
Binding to SSL port 46283 on host ::1 with IPv6
2025/02/02-00:44:18 Cannot connect to SSL port 46283 on ::1 [Cannot assign requested address]
at line 108 in file /opt/perl-5.34.1/lib/site_perl/5.34.1/Net/Server/Proto/SSL.pm
2025/02/02-00:44:18 Received QUIT. Running a graceful shutdown
2025/02/02-00:44:18 Worker processes cleaned up
2025/02/02-00:44:18 Server closing!
cannot open port: 127.0.0.1:46283 at /opt/perl-5.34.1/lib/site_perl/5.34.1/Test/TCP.pm line 53.
t/ssl.t ..................
Dubious, test returned 111 (wstat 28416, 0x6f00)
No subtests run
2025/02/02-00:44:35 Starman::Server (type Net::Server::PreFork) starting! pid(718623)
Resolved [localhost]:36057 to [127.0.0.1]:36057, IPv4
Resolved [localhost]:36057 to [::1]:36057, IPv6
Binding to SSL port 36057 on host 127.0.0.1 with IPv4
Binding to SSL port 36057 on host ::1 with IPv6
2025/02/02-00:44:35 Cannot connect to SSL port 36057 on ::1 [Cannot assign requested address]
at line 108 in file /opt/perl-5.34.1/lib/site_perl/5.34.1/Net/Server/Proto/SSL.pm
2025/02/02-00:44:35 Received QUIT. Running a graceful shutdown
2025/02/02-00:44:35 Worker processes cleaned up
2025/02/02-00:44:35 Server closing!
cannot open port: 127.0.0.1:36057 at /opt/perl-5.34.1/lib/site_perl/5.34.1/Test/TCP.pm line 53.
t/ssl_largebody.t ........
Dubious, test returned 111 (wstat 28416, 0x6f00)
No subtests run
2025/02/02-00:44:51 Starman::Server (type Net::Server::PreFork) starting! pid(718634)
Binding to TCP port 42335 on host 127.0.0.1 with IPv4
Setting gid to "1023 1023 1023"
2025/02/02-00:44:52 Server closing!
t/suite.t ................ ok
Test Summary Report
-------------------
t/ssl.t (Wstat: 28416 Tests: 0 Failed: 0)
Non-zero exit status: 111
Parse errors: No plan found in TAP output
t/ssl_largebody.t (Wstat: 28416 Tests: 0 Failed: 0)
Non-zero exit status: 111
Parse errors: No plan found in TAP output
Files=17, Tests=121, 69 wallclock secs ( 0.09 usr 0.05 sys + 3.21 cusr 0.86 csys = 4.21 CPU)
Result: FAIL
------------------------------
PREREQUISITES
------------------------------
Prerequisite modules loaded:
requires:
Module Need Have
------------------- -------- --------
Data::Dump 0 1.25
HTTP::Date 0 6.06
HTTP::Parser::XS 0 0.17
HTTP::Status 0 7.00
Net::Server 2.007 2.014
parent 0 0.238
perl 5.008001 5.034001
Plack 0.9971 1.0051
Test::TCP 2.00 2.22
build_requires:
Module Need Have
------------------- -------- --------
LWP::UserAgent 0 6.77
Test::More 0 1.302209
Test::Requires 0 0.11
configure_requires:
Module Need Have
------------------- -------- --------
Module::Build::Tiny 0.034 0.051
------------------------------
ENVIRONMENT AND OTHER CONTEXT
------------------------------
Environment variables:
LANG = en_US.UTF-8
PATH = /usr/local/bin:/usr/bin:/bin:/usr/local/sbin:/usr/sbin:/sbin:/home/cpansand/bin/linux-gnu:/home/cpansand/bin/sh:/home/cpansand/bin:/usr/games:/home/cpansand/devel:/home/eserte/src/srezic-misc/scripts
PERL5LIB =
PERL5OPT =
PERL5_CPANPLUS_IS_RUNNING = 691562
PERL5_CPAN_IS_RUNNING = 691562
PERL5_CPAN_IS_RUNNING_IN_RECURSION = 506506,691562
PERLDOC = -MPod::Perldoc::ToTextOverstrike
PERL_BATCH = yes
PERL_CANARY_STABILITY_NOPROMPT = 1
PERL_CPAN_REPORTER_CONFIG = /var/tmp/cpansmoker-1023/2025020121/cpanreporter_000_config.ini
PERL_EXTUTILS_AUTOINSTALL = --defaultdeps
PERL_USE_UNSAFE_INC = 1
SHELL = /usr/bin/zsh
TERM = screen
TMPDIR = /var/tmp/cpansmoker-1023/2025020121
Perl special variables (and OS-specific diagnostics, for MSWin32):
$^X = /opt/perl-5.34.1/bin/perl
$UID/$EUID = 1023 / 1023
$GID = 1023 1023
$EGID = 1023 1023
Perl module toolchain versions installed:
Module Have
------------------- --------
CPAN 2.28
CPAN::Meta 2.150010
Cwd 3.80
ExtUtils::CBuilder 0.280236
ExtUtils::Command 7.62
ExtUtils::Install 2.20
ExtUtils::MakeMaker 7.62
ExtUtils::Manifest 1.73
ExtUtils::ParseXS 3.43
File::Spec 3.80
JSON 4.10
JSON::PP 4.16
Module::Build 0.4234
Module::Signature n/a
Parse::CPAN::Meta 2.150010
Test2 1.302209
Test::Harness 3.43
Test::More 1.302209
YAML 1.31
YAML::Syck 1.34
version 0.9928
--
Summary of my perl5 (revision 5 version 34 subversion 1) configuration:
Platform:
osname=linux
osvers=5.15.0-131-generic
archname=x86_64-linux
uname='linux cloud14.bbbike.org 5.15.0-131-generic #141-ubuntu smp fri jan 10 21:18:28 utc 2025 x86_64 x86_64 x86_64 gnulinux '
config_args='-ds -e -Dprefix=/opt/perl-5.34.1 -Uinstallusrbinperl -Dcf_email=srezic@cpan.org'
hint=recommended
useposix=true
d_sigaction=define
useithreads=undef
usemultiplicity=undef
use64bitint=define
use64bitall=define
uselongdouble=undef
usemymalloc=n
default_inc_excludes_dot=define
Compiler:
cc='cc'
ccflags ='-fwrapv -fno-strict-aliasing -pipe -fstack-protector-strong -I/usr/local/include -D_LARGEFILE_SOURCE -D_FILE_OFFSET_BITS=64'
optimize='-O2'
cppflags='-fwrapv -fno-strict-aliasing -pipe -fstack-protector-strong -I/usr/local/include'
ccversion=''
gccversion='11.4.0'
gccosandvers=''
intsize=4
longsize=8
ptrsize=8
doublesize=8
byteorder=12345678
doublekind=3
d_longlong=define
longlongsize=8
d_longdbl=define
longdblsize=16
longdblkind=3
ivtype='long'
ivsize=8
nvtype='double'
nvsize=8
Off_t='off_t'
lseeksize=8
alignbytes=8
prototype=define
Linker and Libraries:
ld='cc'
ldflags =' -fstack-protector-strong -L/usr/local/lib'
libpth=/usr/local/lib /usr/lib/x86_64-linux-gnu /usr/lib /usr/lib64
libs=-lpthread -lnsl -lgdbm -ldb -ldl -lm -lcrypt -lutil -lc
perllibs=-lpthread -lnsl -ldl -lm -lcrypt -lutil -lc
libc=/lib/x86_64-linux-gnu/libc.so.6
so=so
useshrplib=false
libperl=libperl.a
gnulibc_version='2.35'
Dynamic Linking:
dlsrc=dl_dlopen.xs
dlext=so
d_dlsymun=undef
ccdlflags='-Wl,-E'
cccdlflags='-fPIC'
lddlflags='-shared -O2 -L/usr/local/lib -fstack-protector-strong'
Characteristics of this binary (from libperl):
Compile-time options:
HAS_TIMES
PERLIO_LAYERS
PERL_COPY_ON_WRITE
PERL_DONT_CREATE_GVSV
PERL_MALLOC_WRAP
PERL_OP_PARENT
PERL_PRESERVE_IVUV
USE_64_BIT_ALL
USE_64_BIT_INT
USE_LARGE_FILES
USE_LOCALE
USE_LOCALE_COLLATE
USE_LOCALE_CTYPE
USE_LOCALE_NUMERIC
USE_LOCALE_TIME
USE_PERLIO
USE_PERL_ATOF
Built under linux
Compiled at Feb 1 2025 21:37:19
%ENV:
PERL5LIB=""
PERL5OPT=""
PERL5_CPANPLUS_IS_RUNNING="691562"
PERL5_CPAN_IS_RUNNING="691562"
PERL5_CPAN_IS_RUNNING_IN_RECURSION="506506,691562"
PERLDOC="-MPod::Perldoc::ToTextOverstrike"
PERL_BATCH="yes"
PERL_CANARY_STABILITY_NOPROMPT="1"
PERL_CPAN_REPORTER_CONFIG="/var/tmp/cpansmoker-1023/2025020121/cpanreporter_000_config.ini"
PERL_EXTUTILS_AUTOINSTALL="--defaultdeps"
PERL_USE_UNSAFE_INC="1"
@INC:
/opt/perl-5.34.1/lib/site_perl/5.34.1/x86_64-linux
/opt/perl-5.34.1/lib/site_perl/5.34.1
/opt/perl-5.34.1/lib/5.34.1/x86_64-linux
/opt/perl-5.34.1/lib/5.34.1
.