Signature-Attribute-Checked v0.06 Perl 5 v5.41.4 i86pc-solaris-64
- Status
- Fail
- From
- Carlos Guevara
- Dist
-
Signature-Attribute-Checked v0.06
- Platform
- Perl 5 v5.41.4 i86pc-solaris-64
- Date
- 2024-09-19 14:25:47
- ID
- 1013107c-7693-11ef-acb9-eca58053ebe0
This distribution has been tested as part of the CPAN Testers
project, supporting the Perl programming language. See
http://wiki.cpantesters.org/ for more information or email
questions to cpan-testers-discuss@perl.org
--
Dear Paul Evans,
This is a computer-generated report for Signature-Attribute-Checked-0.06
on perl 5.41.4, created by CPAN-Reporter-1.2020.
Thank you for uploading your work to CPAN. However, there was a problem
testing your distribution.
If you think this report is invalid, please consult the CPAN Testers Wiki
for suggestions on how to avoid getting FAIL reports for missing library
or binary dependencies, unsupported operating systems, and so on:
http://wiki.cpantesters.org/wiki/CPANAuthorNotes
Sections of this report:
* Tester comments
* Program output
* Prerequisites
* Environment and other context
------------------------------
TESTER COMMENTS
------------------------------
Additional comments from tester:
this report is from an automated smoke testing program
and was not reviewed by a human for accuracy
------------------------------
PROGRAM OUTPUT
------------------------------
Output from './Build test':
t/00use.t ............... ok
Argument "zero" isn't numeric in addition (+) at t/01positional.t line 17.
# Failed test 'f_as_package with string throws'
# at t/01positional.t line 26.
# +---------+----+---------------------------------------------------------+
# | GOT | OP | CHECK |
# +---------+----+---------------------------------------------------------+
# | <UNDEF> | =~ | (?^u:^Parameter \$x requires a value satisfying Numeric |
# | | | al ) |
# +---------+----+---------------------------------------------------------+
(If this table is too small, you can use the TABLE_TERM_SIZE=### env var to set a larger size, detected size is '78')
# Failed test 'f_as_object with string throws'
# at t/01positional.t line 43.
# +---------+----+---------------------------------------------------------+
# | GOT | OP | CHECK |
# +---------+----+---------------------------------------------------------+
# | <UNDEF> | =~ | (?^u:^Parameter \$x requires a value satisfying ArrayRe |
# | | | f ) |
# +---------+----+---------------------------------------------------------+
(If this table is too small, you can use the TABLE_TERM_SIZE=### env var to set a larger size, detected size is '78')
# Seeded srand with seed '20240919' from local date.
t/01positional.t ........
Dubious, test returned 2 (wstat 512, 0x200)
Failed 2/8 subtests
# Failed test 'f_as_package with string throws'
# at t/02named.t line 25.
# +---------+----+---------------------------------------------------------+
# | GOT | OP | CHECK |
# +---------+----+---------------------------------------------------------+
# | <UNDEF> | =~ | (?^u:^Named parameter :\$y requires a value satisfying |
# | | | Numerical ) |
# +---------+----+---------------------------------------------------------+
(If this table is too small, you can use the TABLE_TERM_SIZE=### env var to set a larger size, detected size is '78')
# Seeded srand with seed '20240919' from local date.
t/02named.t .............
Dubious, test returned 1 (wstat 256, 0x100)
Failed 1/4 subtests
Argument "zero" isn't numeric in addition (+) at t/10checks.t line 15.
# Failed test 'f with string throws'
# at t/10checks.t line 24.
# +---------+----+-------------------------------------------------------+
# | GOT | OP | CHECK |
# +---------+----+-------------------------------------------------------+
# | <UNDEF> | =~ | (?^u:^Parameter \$x requires a value satisfying Num ) |
# +---------+----+-------------------------------------------------------+
(If this table is too small, you can use the TABLE_TERM_SIZE=### env var to set a larger size, detected size is '78')
# Failed test 'g with string throws'
# at t/10checks.t line 37.
# +---------+----+---------------------------------------------------------+
# | GOT | OP | CHECK |
# +---------+----+---------------------------------------------------------+
# | <UNDEF> | =~ | (?^u:^Parameter \$x requires a value satisfying Maybe\( |
# | | | Num\) ) |
# +---------+----+---------------------------------------------------------+
(If this table is too small, you can use the TABLE_TERM_SIZE=### env var to set a larger size, detected size is '78')
# Seeded srand with seed '20240919' from local date.
t/10checks.t ............
Dubious, test returned 2 (wstat 512, 0x200)
Failed 2/6 subtests
t/20types-standard.t .... skipped: Types::Standard is not available
# Data::Checks 0.10, Signature::Attribute::Checked 0.06
# Failed test 'rejects undefined argument'
# at t/80checks+signature.t line 31.
# Seeded srand with seed '20240919' from local date.
t/80checks+signature.t ..
Dubious, test returned 1 (wstat 256, 0x100)
Failed 1/2 subtests
t/99pod.t ............... skipped: Test::Pod 1.00 required for testing POD
Test Summary Report
-------------------
t/01positional.t (Wstat: 512 (exited 2) Tests: 8 Failed: 2)
Failed tests: 3, 5
Non-zero exit status: 2
t/02named.t (Wstat: 256 (exited 1) Tests: 4 Failed: 1)
Failed test: 2
Non-zero exit status: 1
t/10checks.t (Wstat: 512 (exited 2) Tests: 6 Failed: 2)
Failed tests: 3, 6
Non-zero exit status: 2
t/80checks+signature.t (Wstat: 256 (exited 1) Tests: 2 Failed: 1)
Failed test: 2
Non-zero exit status: 1
Files=7, Tests=21, 1 wallclock secs ( 0.03 usr 0.02 sys + 0.48 cusr 0.12 csys = 0.66 CPU)
Result: FAIL
Failed 4/7 test programs. 6/21 subtests failed.
------------------------------
PREREQUISITES
------------------------------
Prerequisite modules loaded:
requires:
Module Need Have
--------------------------- ------ --------
Data::Checks 0.09 0.10
perl 5.026 5.041004
XS::Parse::Sublike 0.19 0.25
build_requires:
Module Need Have
--------------------------- ------ --------
ExtUtils::CBuilder 0 0.280240
Test2::V0 0 1.302204
configure_requires:
Module Need Have
--------------------------- ------ --------
Data::Checks 0.09 0.10
Module::Build 0.4004 0.4234
XS::Parse::Sublike::Builder 0.19 0.25
------------------------------
ENVIRONMENT AND OTHER CONTEXT
------------------------------
Environment variables:
AUTOMATED_TESTING = 1
DATE_MANIP_TEST_DM5 = 1
LANG = en_US.UTF-8
LC_ALL = C
NONINTERACTIVE_TESTING = 1
NO_NETWORK_TESTING = 1
PATH = /export/home/cpan/bin/perl/bin:/usr/bin:/usr/sbin:/sbin:/opt/ooce/bin:/usr/gnu/bin
PERL5LIB =
PERL5OPT =
PERL5_CPANPLUS_IS_RUNNING = 2060
PERL5_CPAN_IS_RUNNING = 2060
PERL_MM_USE_DEFAULT = 1
PERL_USE_UNSAFE_INC = 1
SHELL = /bin/bash
TERM = screen
Perl special variables (and OS-specific diagnostics, for MSWin32):
$^X = /export/home/cpan/bin/perl/bin/perl5.41.4
$UID/$EUID = 101 / 101
$GID = 1 1
$EGID = 1 1
Perl module toolchain versions installed:
Module Have
------------------- --------
CPAN 2.37
CPAN::Meta 2.150010
Cwd 3.92
ExtUtils::CBuilder 0.280240
ExtUtils::Command 7.70
ExtUtils::Install 2.22
ExtUtils::MakeMaker 7.70
ExtUtils::Manifest 1.75
ExtUtils::ParseXS 3.54
File::Spec 3.93
JSON n/a
JSON::PP 4.16
Module::Build 0.4234
Module::Signature n/a
Parse::CPAN::Meta 2.150010
Test2 1.302204
Test::Harness 3.50
Test::More 1.302204
YAML n/a
YAML::Syck n/a
version 0.9933
--
Summary of my perl5 (revision 5 version 41 subversion 4) configuration:
Commit id: dfe810eabda03a0eef5c710e9513214751f7f0be
Platform:
osname=solaris
osvers=2.11
archname=i86pc-solaris-64
uname='sunos cjg-omniosce 5.11 omnios-r151050-49db1c0a0fe i86pc i386 i86pc '
config_args='-des -Dprefix=/export/home/cpan/bin/perl -Dscriptdir=/export/home/cpan/bin/perl/bin -Dusedevel -Duse64bitall -Dcc=gcc'
hint=recommended
useposix=true
d_sigaction=define
useithreads=undef
usemultiplicity=undef
use64bitint=define
use64bitall=define
uselongdouble=undef
usemymalloc=n
default_inc_excludes_dot=define
Compiler:
cc='gcc'
ccflags ='-m64 -fwrapv -fno-strict-aliasing -pipe -fstack-protector-strong -D_LARGEFILE_SOURCE -D_FILE_OFFSET_BITS=64 -D_FORTIFY_SOURCE=2'
optimize='-O'
cppflags='-m64 -fwrapv -fno-strict-aliasing -pipe -fstack-protector-strong'
ccversion=''
gccversion='13.2.0'
gccosandvers=''
intsize=4
longsize=8
ptrsize=8
doublesize=8
byteorder=12345678
doublekind=3
d_longlong=define
longlongsize=8
d_longdbl=define
longdblsize=16
longdblkind=3
ivtype='long'
ivsize=8
nvtype='double'
nvsize=8
Off_t='off_t'
lseeksize=8
alignbytes=8
prototype=define
Linker and Libraries:
ld='gcc'
ldflags =' -m64 -fstack-protector-strong -L/usr/gnu/lib '
libpth=/opt/gcc-13/lib /usr/lib /usr/gnu/lib /usr/ccs/lib
libs=-lpthread -lsocket -lnsl -ldl -lm -lc
perllibs=-lpthread -lsocket -lnsl -ldl -lm -lc
libc=/lib/libc.so
so=so
useshrplib=true
libperl=libperl.so
gnulibc_version=''
Dynamic Linking:
dlsrc=dl_dlopen.xs
dlext=so
d_dlsymun=undef
ccdlflags=' -R /export/home/cpan/bin/perl/lib/5.41.4/i86pc-solaris-64/CORE'
cccdlflags='-fPIC'
lddlflags=' -shared -m64 -L/usr/gnu/lib -fstack-protector-strong'
Characteristics of this binary (from libperl):
Compile-time options:
HAS_LONG_DOUBLE
HAS_STRTOLD
HAS_TIMES
PERLIO_LAYERS
PERL_COPY_ON_WRITE
PERL_DONT_CREATE_GVSV
PERL_HASH_FUNC_SIPHASH13
PERL_HASH_USE_SBOX32
PERL_MALLOC_WRAP
PERL_OP_PARENT
PERL_PRESERVE_IVUV
PERL_USE_DEVEL
PERL_USE_SAFE_PUTENV
USE_64_BIT_ALL
USE_64_BIT_INT
USE_LARGE_FILES
USE_LOCALE
USE_LOCALE_COLLATE
USE_LOCALE_CTYPE
USE_LOCALE_NUMERIC
USE_LOCALE_TIME
USE_PERLIO
USE_PERL_ATOF
Built under solaris
Compiled at Sep 19 2024 10:13:21
%ENV:
PERL5LIB=""
PERL5OPT=""
PERL5_CPANPLUS_IS_RUNNING="2060"
PERL5_CPAN_IS_RUNNING="2060"
PERL_MM_USE_DEFAULT="1"
PERL_USE_UNSAFE_INC="1"
@INC:
/export/home/cpan/bin/perl/lib/site_perl/5.41.4/i86pc-solaris-64
/export/home/cpan/bin/perl/lib/site_perl/5.41.4
/export/home/cpan/bin/perl/lib/5.41.4/i86pc-solaris-64
/export/home/cpan/bin/perl/lib/5.41.4
.