Filter-Crypto v2.08 Perl 5 v5.28.0 x86_64-linux-thread-multi
- Status
- Fail
- From
- David Cantrell (DCANTRELL)
- Dist
-
Filter-Crypto v2.08
- Platform
- Perl 5 v5.28.0 x86_64-linux-thread-multi
- Date
- 2018-08-01 14:42:07
- ID
- 105c2f5a-9599-11e8-b928-39e57247484a
This distribution has been tested as part of the CPAN Testers
project, supporting the Perl programming language. See
http://wiki.cpantesters.org/ for more information or email
questions to cpan-testers-discuss@perl.org
--
Dear Steve Hay,
This is a computer-generated report for Filter-Crypto-2.08
on perl 5.28.0, created by CPAN-Reporter-1.2018.
Thank you for uploading your work to CPAN. However, there was a problem
testing your distribution.
If you think this report is invalid, please consult the CPAN Testers Wiki
for suggestions on how to avoid getting FAIL reports for missing library
or binary dependencies, unsupported operating systems, and so on:
http://wiki.cpantesters.org/wiki/CPANAuthorNotes
Sections of this report:
* Tester comments
* Program output
* Prerequisites
* Environment and other context
------------------------------
TESTER COMMENTS
------------------------------
Additional comments from tester:
this report is from an automated smoke testing program
and was not reviewed by a human for accuracy
------------------------------
PROGRAM OUTPUT
------------------------------
Output from '/usr/bin/make test':
make[1]: Entering directory '/home/david/cpantesting/perl-5.28.0/.cpan/build/Filter-Crypto-2.08-0/CryptFile'
"/home/david/cpantesting/perl-5.28.0/bin/perl" -MExtUtils::Command::MM -e 'cp_nonempty' -- CryptFile.bs ../blib/arch/auto/Filter/Crypto/CryptFile/CryptFile.bs 644
Manifying 1 pod document
make[1]: Leaving directory '/home/david/cpantesting/perl-5.28.0/.cpan/build/Filter-Crypto-2.08-0/CryptFile'
make[1]: Entering directory '/home/david/cpantesting/perl-5.28.0/.cpan/build/Filter-Crypto-2.08-0/Decrypt'
"/home/david/cpantesting/perl-5.28.0/bin/perl" -MExtUtils::Command::MM -e 'cp_nonempty' -- Decrypt.bs ../blib/arch/auto/Filter/Crypto/Decrypt/Decrypt.bs 644
Manifying 1 pod document
make[1]: Leaving directory '/home/david/cpantesting/perl-5.28.0/.cpan/build/Filter-Crypto-2.08-0/Decrypt'
PERL_DL_NONLAZY=1 "/home/david/cpantesting/perl-5.28.0/bin/perl" "-MExtUtils::Command::MM" "-MTest::Harness" "-e" "undef *Test::Harness::Switches; test_harness(0, 'blib/lib', 'blib/arch')" t/*.t
t/01_imports_01.t .... ok
t/01_imports_02.t .... ok
t/01_imports_03.t .... ok
t/01_imports_04.t .... ok
Can't locate Foo.pm in @INC (you may need to install the Foo module) (@INC contains: /home/david/cpantesting/perl-5.28.0/.cpan/build/Filter-Crypto-2.08-0/blib/arch /home/david/cpantesting/perl-5.28.0/.cpan/build/Filter-Crypto-2.08-0/blib/lib /home/david/cpantesting/perl-5.28.0/.cpan/build/Filter-Crypto-2.08-0/blib/lib /home/david/cpantesting/perl-5.28.0/.cpan/build/Filter-Crypto-2.08-0/blib/arch /home/david/cpantesting/perl-5.28.0/lib/site_perl/5.28.0/x86_64-linux-thread-multi /home/david/cpantesting/perl-5.28.0/lib/site_perl/5.28.0 /home/david/cpantesting/perl-5.28.0/lib/5.28.0/x86_64-linux-thread-multi /home/david/cpantesting/perl-5.28.0/lib/5.28.0) at foo.pl line 2.
BEGIN failed--compilation aborted at foo.pl line 2.
# Failed test '... and encrypted module runs OK with Carp loaded'
# at t/02_function.t line 786.
# got: ''
# expected: 'Hello, world.'
# Looks like you failed 1 test of 295.
t/02_function.t ......
Dubious, test returned 1 (wstat 256, 0x100)
Failed 1/295 subtests
Can't locate Foo.pm in @INC (you may need to install the Foo module) (@INC contains: /home/david/cpantesting/perl-5.28.0/.cpan/build/Filter-Crypto-2.08-0/blib/arch /home/david/cpantesting/perl-5.28.0/.cpan/build/Filter-Crypto-2.08-0/blib/lib /home/david/cpantesting/perl-5.28.0/.cpan/build/Filter-Crypto-2.08-0/blib/lib /home/david/cpantesting/perl-5.28.0/.cpan/build/Filter-Crypto-2.08-0/blib/arch /home/david/cpantesting/perl-5.28.0/lib/site_perl/5.28.0/x86_64-linux-thread-multi /home/david/cpantesting/perl-5.28.0/lib/site_perl/5.28.0 /home/david/cpantesting/perl-5.28.0/lib/5.28.0/x86_64-linux-thread-multi /home/david/cpantesting/perl-5.28.0/lib/5.28.0) at foo.pl line 2.
BEGIN failed--compilation aborted at foo.pl line 2.
# Failed test '... and encrypted script + unencrypted module run OK'
# at t/03_script.t line 443.
# got: ''
# expected: 'Hello, world.'
Can't locate Foo.pm in @INC (you may need to install the Foo module) (@INC contains: /home/david/cpantesting/perl-5.28.0/.cpan/build/Filter-Crypto-2.08-0/blib/arch /home/david/cpantesting/perl-5.28.0/.cpan/build/Filter-Crypto-2.08-0/blib/lib /home/david/cpantesting/perl-5.28.0/.cpan/build/Filter-Crypto-2.08-0/blib/lib /home/david/cpantesting/perl-5.28.0/.cpan/build/Filter-Crypto-2.08-0/blib/arch /home/david/cpantesting/perl-5.28.0/lib/site_perl/5.28.0/x86_64-linux-thread-multi /home/david/cpantesting/perl-5.28.0/lib/site_perl/5.28.0 /home/david/cpantesting/perl-5.28.0/lib/5.28.0/x86_64-linux-thread-multi /home/david/cpantesting/perl-5.28.0/lib/5.28.0) at foo.pl line 2.
BEGIN failed--compilation aborted at foo.pl line 2.
# Failed test '... and encrypted script + encrypted module run OK'
# at t/03_script.t line 457.
# got: ''
# expected: 'Hello, world.'
Can't locate Foo.pm in @INC (you may need to install the Foo module) (@INC contains: /home/david/cpantesting/perl-5.28.0/.cpan/build/Filter-Crypto-2.08-0/blib/arch /home/david/cpantesting/perl-5.28.0/.cpan/build/Filter-Crypto-2.08-0/blib/lib /home/david/cpantesting/perl-5.28.0/.cpan/build/Filter-Crypto-2.08-0/blib/lib /home/david/cpantesting/perl-5.28.0/.cpan/build/Filter-Crypto-2.08-0/blib/arch /home/david/cpantesting/perl-5.28.0/lib/site_perl/5.28.0/x86_64-linux-thread-multi /home/david/cpantesting/perl-5.28.0/lib/site_perl/5.28.0 /home/david/cpantesting/perl-5.28.0/lib/5.28.0/x86_64-linux-thread-multi /home/david/cpantesting/perl-5.28.0/lib/5.28.0) at foo.pl line 1.
BEGIN failed--compilation aborted at foo.pl line 1.
# Failed test '... and unencrypted script + encrypted module run OK'
# at t/03_script.t line 471.
# got: ''
# expected: 'Hello, world.'
# Looks like you failed 3 tests of 105.
t/03_script.t ........
Dubious, test returned 3 (wstat 768, 0x300)
Failed 3/105 subtests
(less 1 skipped subtest: 101 okay)
t/04_par.t ........... skipped: PAR::Filter required to test PAR::Filter::Crypto
t/05_errstr.t ........ ok
t/06_changes.t ....... skipped: Author testing only
t/07_critic.t ........ skipped: Author testing only
t/08_pod.t ........... skipped: Author testing only
t/09_pod_coverage.t .. skipped: Author testing only
Test Summary Report
-------------------
t/02_function.t (Wstat: 256 Tests: 295 Failed: 1)
Failed test: 295
Non-zero exit status: 1
t/03_script.t (Wstat: 768 Tests: 105 Failed: 3)
Failed tests: 59, 62, 65
Non-zero exit status: 3
Files=12, Tests=432, 41 wallclock secs ( 0.07 usr 0.04 sys + 7.04 cusr 2.02 csys = 9.17 CPU)
Result: FAIL
Failed 2/12 test programs. 4/432 subtests failed.
Makefile:1098: recipe for target 'test_dynamic' failed
make: *** [test_dynamic] Error 255
------------------------------
PREREQUISITES
------------------------------
Prerequisite modules loaded:
requires:
Module Need Have
--------------------- -------- ---------
Carp 0 1.50
Config 0 5.028000
constant 0 1.33
Cwd 0 3.74
Exporter 0 5.73
ExtUtils::MakeMaker 6.66 7.34
Fcntl 0 1.13
File::Basename 0 2.85
File::Copy 0 2.33
File::Find 0 1.34
File::Spec::Functions 0 3.74
File::Temp 0 0.2308
Getopt::Long 0 2.5
perl 5.008001 5.028000
Pod::Usage 1.15 1.69
Scalar::Util 0 1.50
strict 0 1.11
Text::ParseWords 0 3.30
Text::Wrap 0 2013.0523
warnings 0 1.42
XSLoader 0 0.30
build_requires:
Module Need Have
--------------------- -------- ---------
blib 0 1.07
ExtUtils::MakeMaker 0 7.34
FindBin 0 1.51
Test::More 0 1.302138
configure_requires:
Module Need Have
--------------------- -------- ---------
Carp 0 1.50
Config 0 5.028000
constant 0 1.33
Cwd 0 3.74
ExtUtils::MakeMaker 6.66 7.34
Fcntl 0 1.13
File::Basename 0 2.85
File::Copy 0 2.33
File::Spec::Functions 0 3.74
Getopt::Long 0 2.5
perl 5.008001 5.028000
Pod::Usage 1.15 1.69
strict 0 1.11
Text::Wrap 0 2013.0523
warnings 0 1.42
------------------------------
ENVIRONMENT AND OTHER CONTEXT
------------------------------
Environment variables:
AUTOMATED_TESTING = 1
NONINTERACTIVE_TESTING = 1
PATH = /usr/local/bin:/usr/bin:/bin:/usr/local/games:/usr/games
PERL = 5.28.0
PERL5LIB =
PERL5OPT =
PERL5_CPANPLUS_IS_RUNNING = 10092
PERL5_CPAN_IS_RUNNING = 10092
PERLVER = 5.28.0
PERL_INLINE_DIRECTORY = /home/david/.Inline-5.28.0
PERL_MM_USE_DEFAULT = 1
PERL_USE_UNSAFE_INC = 0
SHELL = /bin/bash
TERM = screen
Perl special variables (and OS-specific diagnostics, for MSWin32):
$^X = /home/david/cpantesting/perl-5.28.0/bin/perl
$UID/$EUID = 1000 / 1000
$GID = 1000 1000
$EGID = 1000 1000
Perl module toolchain versions installed:
Module Have
------------------- --------
CPAN 2.20
CPAN::Meta 2.150010
Cwd 3.74
ExtUtils::CBuilder 0.280230
ExtUtils::Command 7.34
ExtUtils::Install 2.14
ExtUtils::MakeMaker 7.34
ExtUtils::Manifest 1.70
ExtUtils::ParseXS 3.39
File::Spec 3.74
JSON 2.97001
JSON::PP 2.97001
Module::Build 0.4224
Module::Signature n/a
Parse::CPAN::Meta 2.150010
Test::Harness 3.42
Test::More 1.302138
YAML n/a
YAML::Syck n/a
version 0.9923
--
Summary of my perl5 (revision 5 version 28 subversion 0) configuration:
Platform:
osname=linux
osvers=3.16.0-4-amd64
archname=x86_64-linux-thread-multi
uname='linux pigsty.barnyard.co.uk 3.16.0-4-amd64 #1 smp debian 3.16.36-1+deb8u1 (2016-09-03) x86_64 gnulinux '
config_args='-de -Duse64bitall -Dusethreads -Dprefix=/home/david/cpantesting/perl-5.28.0'
hint=recommended
useposix=true
d_sigaction=define
useithreads=define
usemultiplicity=define
use64bitint=define
use64bitall=define
uselongdouble=undef
usemymalloc=n
default_inc_excludes_dot=define
bincompat5005=undef
Compiler:
cc='cc'
ccflags ='-D_REENTRANT -D_GNU_SOURCE -fwrapv -fno-strict-aliasing -pipe -fstack-protector-strong -I/usr/local/include -D_LARGEFILE_SOURCE -D_FILE_OFFSET_BITS=64 -D_FORTIFY_SOURCE=2'
optimize='-O2'
cppflags='-D_REENTRANT -D_GNU_SOURCE -fwrapv -fno-strict-aliasing -pipe -fstack-protector-strong -I/usr/local/include'
ccversion=''
gccversion='4.9.2'
gccosandvers=''
intsize=4
longsize=8
ptrsize=8
doublesize=8
byteorder=12345678
doublekind=3
d_longlong=define
longlongsize=8
d_longdbl=define
longdblsize=16
longdblkind=3
ivtype='long'
ivsize=8
nvtype='double'
nvsize=8
Off_t='off_t'
lseeksize=8
alignbytes=8
prototype=define
Linker and Libraries:
ld='cc'
ldflags =' -fstack-protector-strong -L/usr/local/lib'
libpth=/usr/local/lib /usr/lib/gcc/x86_64-linux-gnu/4.9/include-fixed /usr/include/x86_64-linux-gnu /usr/lib /lib/x86_64-linux-gnu /lib/../lib /usr/lib/x86_64-linux-gnu /usr/lib/../lib /lib
libs=-lpthread -lnsl -ldb -ldl -lm -lcrypt -lutil -lc
perllibs=-lpthread -lnsl -ldl -lm -lcrypt -lutil -lc
libc=libc-2.19.so
so=so
useshrplib=false
libperl=libperl.a
gnulibc_version='2.19'
Dynamic Linking:
dlsrc=dl_dlopen.xs
dlext=so
d_dlsymun=undef
ccdlflags='-Wl,-E'
cccdlflags='-fPIC'
lddlflags='-shared -O2 -L/usr/local/lib -fstack-protector-strong'
Characteristics of this binary (from libperl):
Compile-time options:
HAS_TIMES
MULTIPLICITY
PERLIO_LAYERS
PERL_COPY_ON_WRITE
PERL_DONT_CREATE_GVSV
PERL_IMPLICIT_CONTEXT
PERL_MALLOC_WRAP
PERL_OP_PARENT
PERL_PRESERVE_IVUV
USE_64_BIT_ALL
USE_64_BIT_INT
USE_ITHREADS
USE_LARGE_FILES
USE_LOCALE
USE_LOCALE_COLLATE
USE_LOCALE_CTYPE
USE_LOCALE_NUMERIC
USE_LOCALE_TIME
USE_PERLIO
USE_PERL_ATOF
USE_REENTRANT_API
Built under linux
Compiled at Jun 26 2018 17:02:00
%ENV:
PERL="5.28.0"
PERL5LIB=""
PERL5OPT=""
PERL5_CPANPLUS_IS_RUNNING="10092"
PERL5_CPAN_IS_RUNNING="10092"
PERLVER="5.28.0"
PERL_INLINE_DIRECTORY="/home/david/.Inline-5.28.0"
PERL_MM_USE_DEFAULT="1"
PERL_USE_UNSAFE_INC="0"
@INC:
/home/david/cpantesting/perl-5.28.0/lib/site_perl/5.28.0/x86_64-linux-thread-multi
/home/david/cpantesting/perl-5.28.0/lib/site_perl/5.28.0
/home/david/cpantesting/perl-5.28.0/lib/5.28.0/x86_64-linux-thread-multi
/home/david/cpantesting/perl-5.28.0/lib/5.28.0