Report for Math-Complex-1.59

Back
From: metabase:user:30f4dfbe-2aae-11df-837a-5e0a49663a4f
Subject: FAIL Math-Complex-1.59 v5.6.2 GNU/Linux
Date: 2013-07-08T14:52:52Z

This distribution has been tested as part of the CPAN Testers
project, supporting the Perl programming language.  See
http://wiki.cpantesters.org/ for more information or email
questions to cpan-testers-discuss@perl.org


--
Dear Andrew Main (Zefram),

This is a computer-generated report for Math-Complex-1.59
on perl 5.6.2, created by CPAN-Reporter-1.2009.

Thank you for uploading your work to CPAN.  However, there was a problem
testing your distribution.

If you think this report is invalid, please consult the CPAN Testers Wiki
for suggestions on how to avoid getting FAIL reports for missing library
or binary dependencies, unsupported operating systems, and so on:

http://wiki.cpantesters.org/wiki/CPANAuthorNotes

Sections of this report:

    * Tester comments
    * Program output
    * Prerequisites
    * Environment and other context

------------------------------
TESTER COMMENTS
------------------------------

Additional comments from tester:

none provided

------------------------------
PROGRAM OUTPUT
------------------------------

Output from '/usr/bin/make test':

PERL_DL_NONLAZY=1 /home/njh/perl5/perlbrew/perls/perl-5.6.2/bin/perl "-MExtUtils::Command::MM" "-e" "test_harness(0, 'blib/lib', 'blib/arch')" t/*.t
No such signal: SIGFPE at /home/njh/.cpan/build/Math-Complex-1.59-cY2WiG/blib/lib/Math/Complex.pm line 43.
No such signal: SIGFPE at /home/njh/.cpan/build/Math-Complex-1.59-cY2WiG/blib/lib/Math/Complex.pm line 43.
No such signal: SIGFPE at /home/njh/.cpan/build/Math-Complex-1.59-cY2WiG/blib/lib/Math/Complex.pm line 40.
set_prototype is only available with the XS version of Scalar::Util at /home/njh/.cpan/build/Math-Complex-1.59-cY2WiG/blib/lib/Math/Complex.pm line 71.
BEGIN failed--compilation aborted at /home/njh/.cpan/build/Math-Complex-1.59-cY2WiG/blib/lib/Math/Complex.pm line 71.
Compilation failed in require at t/Complex.t line 9.
BEGIN failed--compilation aborted at t/Complex.t line 9.
t/Complex.t ....... 
Dubious, test returned 255 (wstat 65280, 0xff00)
No subtests run 
No such signal: SIGFPE at /home/njh/.cpan/build/Math-Complex-1.59-cY2WiG/blib/lib/Math/Complex.pm line 43.
No such signal: SIGFPE at /home/njh/.cpan/build/Math-Complex-1.59-cY2WiG/blib/lib/Math/Complex.pm line 43.
No such signal: SIGFPE at /home/njh/.cpan/build/Math-Complex-1.59-cY2WiG/blib/lib/Math/Complex.pm line 40.

#   Failed test 'Pod coverage on Math::Complex'
#   at t/pod-coverage.t line 5.
# Math::Complex: requiring 'Math::Complex' failed

#   Failed test 'Pod coverage on Math::Trig'
#   at t/pod-coverage.t line 6.
# Math::Trig: requiring 'Math::Trig' failed
# Looks like you failed 2 tests of 2.
t/pod-coverage.t .. 
Dubious, test returned 2 (wstat 512, 0x200)
Failed 2/2 subtests 
t/pod.t ........... skipped: Test::Pod 1.00 required for testing POD
No such signal: SIGFPE at /home/njh/.cpan/build/Math-Complex-1.59-cY2WiG/blib/lib/Math/Complex.pm line 43.
No such signal: SIGFPE at /home/njh/.cpan/build/Math-Complex-1.59-cY2WiG/blib/lib/Math/Complex.pm line 43.
No such signal: SIGFPE at /home/njh/.cpan/build/Math-Complex-1.59-cY2WiG/blib/lib/Math/Complex.pm line 40.
set_prototype is only available with the XS version of Scalar::Util at /home/njh/.cpan/build/Math-Complex-1.59-cY2WiG/blib/lib/Math/Complex.pm line 71.
BEGIN failed--compilation aborted at /home/njh/.cpan/build/Math-Complex-1.59-cY2WiG/blib/lib/Math/Complex.pm line 71.
Compilation failed in require at /home/njh/.cpan/build/Math-Complex-1.59-cY2WiG/blib/lib/Math/Trig.pm line 12.
BEGIN failed--compilation aborted at /home/njh/.cpan/build/Math-Complex-1.59-cY2WiG/blib/lib/Math/Trig.pm line 12.
Compilation failed in require at t/Trig.t line 13.
BEGIN failed--compilation aborted at t/Trig.t line 13.
t/Trig.t .......... 
Dubious, test returned 255 (wstat 65280, 0xff00)
Failed 153/153 subtests 
No such signal: SIGFPE at /home/njh/.cpan/build/Math-Complex-1.59-cY2WiG/blib/lib/Math/Complex.pm line 43.
No such signal: SIGFPE at /home/njh/.cpan/build/Math-Complex-1.59-cY2WiG/blib/lib/Math/Complex.pm line 43.
No such signal: SIGFPE at /home/njh/.cpan/build/Math-Complex-1.59-cY2WiG/blib/lib/Math/Complex.pm line 40.
set_prototype is only available with the XS version of Scalar::Util at /home/njh/.cpan/build/Math-Complex-1.59-cY2WiG/blib/lib/Math/Complex.pm line 71.
BEGIN failed--compilation aborted at /home/njh/.cpan/build/Math-Complex-1.59-cY2WiG/blib/lib/Math/Complex.pm line 71.
Compilation failed in require at t/underbar.t line 14.
BEGIN failed--compilation aborted at t/underbar.t line 14.
t/underbar.t ...... 
Dubious, test returned 255 (wstat 65280, 0xff00)
No subtests run 

Test Summary Report
-------------------
t/Complex.t     (Wstat: 65280 Tests: 0 Failed: 0)
  Non-zero exit status: 255
  Parse errors: No plan found in TAP output
t/pod-coverage.t (Wstat: 512 Tests: 2 Failed: 2)
  Failed tests:  1-2
  Non-zero exit status: 2
t/Trig.t        (Wstat: 65280 Tests: 0 Failed: 0)
  Non-zero exit status: 255
  Parse errors: Bad plan.  You planned 153 tests but ran 0.
t/underbar.t    (Wstat: 65280 Tests: 0 Failed: 0)
  Non-zero exit status: 255
  Parse errors: No plan found in TAP output
Files=5, Tests=2,  0 wallclock secs ( 0.01 usr  0.01 sys +  0.07 cusr  0.01 csys =  0.10 CPU)
Result: FAIL
Failed 4/5 test programs. 2/2 subtests failed.
make: *** [test_dynamic] Error 11

------------------------------
PREREQUISITES
------------------------------

Prerequisite modules loaded:

requires:

    Module              Need Have
    ------------------- ---- ----
    Config              0    0   
    Exporter            0    5.68
    ExtUtils::MakeMaker 0    6.64
    overload            0    0   
    Scalar::Util        1.11 1.23
    strict              0    1.01
    Test::More          0    0.98
    warnings            0    0   

build_requires:

    Module              Need Have
    ------------------- ---- ----
    ExtUtils::MakeMaker 0    6.64

configure_requires:

    Module              Need Have
    ------------------- ---- ----
    ExtUtils::MakeMaker 0    6.64


------------------------------
ENVIRONMENT AND OTHER CONTEXT
------------------------------

Environment variables:

    LANG = 
    LANGUAGE = en_GB:en
    LD_LIBRARY_PATH = /usr/local/lib::
    PATH = /home/njh/perl5/perlbrew/bin:/home/njh/perl5/perlbrew/perls/perl-5.6.2/bin:/home/njh/perl5/perlbrew/bin:/usr/local/bin:/usr/bin:/bin:/usr/local/games:/usr/games:/home/njh/bin:/sbin:/usr/perl5/bin
    PERL5LIB = 
    PERL5OPT = 
    PERL5_CPANPLUS_IS_RUNNING = 25798
    PERL5_CPAN_IS_RUNNING = 25798
    PERLBREW_BASHRC_VERSION = 0.58
    PERLBREW_HOME = /home/njh/.perlbrew
    PERLBREW_MANPATH = /home/njh/perl5/perlbrew/perls/perl-5.6.2/man
    PERLBREW_PATH = /home/njh/perl5/perlbrew/bin:/home/njh/perl5/perlbrew/perls/perl-5.6.2/bin
    PERLBREW_PERL = perl-5.6.2
    PERLBREW_ROOT = /home/njh/perl5/perlbrew
    PERLBREW_VERSION = 0.64
    SHELL = /bin/bash
    TERM = xterm
    TMPDIR = /tmp

Perl special variables (and OS-specific diagnostics, for MSWin32):

    $^X = /home/njh/perl5/perlbrew/perls/perl-5.6.2/bin/perl
    $UID/$EUID = 1000 / 1000
    $GID = 1000 1000 112 108 46 44 30 29 25 24
    $EGID = 1000 1000 112 108 46 44 30 29 25 24

Perl module toolchain versions installed:

    Module              Have    
    ------------------- --------
    CPAN                1.9800  
    CPAN::Meta          2.112621
    Cwd                 3.40    
    ExtUtils::CBuilder  0.280205
    ExtUtils::Command   1.17    
    ExtUtils::Install   1.54    
    ExtUtils::MakeMaker 6.64    
    ExtUtils::Manifest  1.61    
    ExtUtils::ParseXS   3.18    
    File::Spec          3.40    
    JSON                2.59    
    JSON::PP            2.27202 
    Module::Build       0.4005  
    Module::Signature   n/a     
    Parse::CPAN::Meta   1.4404  
    Test::Harness       3.28    
    Test::More          0.98    
    YAML                n/a     
    YAML::Syck          1.27    
    version             0.9902  


--

Summary of my perl5 (revision 5.0 version 6 subversion 2) configuration:
  Platform:
    osname=linux, osvers=3.2.0-4-amd64, archname=x86_64-linux-multi
    uname='linux nigelhorne.force9.co.uk 3.2.0-4-amd64 #1 smp debian 3.2.32-1 x86_64 gnulinux '
    config_args='-de -Dprefix=/home/njh/perl5/perlbrew/perls/perl-5.6.2 -Duseithreads -Dusemultiplicity -Accflags=-O2 -W -Wformat=2 -Wswitch -Wshadow -Wwrite-strings -Wuninitialized -Wall -pipe -mtune=native -march=native -fomit-frame-pointer -mfpmath=sse -pedantic -D_FORTIFY_SOURCE=2 -Wpointer-arith -Wstrict-prototypes -fstack-protector -Wstack-protector -Wextra -Wbad-function-cast -Wcast-align -Wcast-qual -Wdisabled-optimization -Wendif-labels -Wfloat-equal -Wformat-nonliteral -Winline -Wmissing-declarations -Wmissing-prototypes -Wnested-externs -Wpointer-arith -Wundef -Wformat-security -Aeval:scriptdir=/home/njh/perl5/perlbrew/perls/perl-5.6.2/bin'
    hint=recommended, useposix=true, d_sigaction=define
    usethreads=undef use5005threads=undef useithreads=undef usemultiplicity=define
    useperlio=undef d_sfio=undef uselargefiles=define usesocks=undef
    use64bitint=define use64bitall=define uselongdouble=undef
  Compiler:
    cc='cc', ccflags ='-O2 -W -Wformat=2 -Wswitch -Wshadow -Wwrite-strings -Wuninitialized -Wall -pipe -mtune=native -march=native -fomit-frame-pointer -mfpmath=sse -pedantic -D_FORTIFY_SOURCE=2 -Wpointer-arith -Wstrict-prototypes -fstack-protector -Wstack-protector -Wextra -Wbad-function-cast -Wcast-align -Wcast-qual -Wdisabled-optimization -Wendif-labels -Wfloat-equal -Wformat-nonliteral -Winline -Wmissing-declarations -Wmissing-prototypes -Wnested-externs -Wpointer-arith -Wundef -Wformat-security -fno-strict-aliasing -I/usr/local/include -D_LARGEFILE_SOURCE -D_FILE_OFFSET_BITS=64',
    optimize='-O2',
    cppflags='-O2 -W -Wformat=2 -Wswitch -Wshadow -Wwrite-strings -Wuninitialized -Wall -pipe -mtune=native -march=native -fomit-frame-pointer -mfpmath=sse -pedantic -D_FORTIFY_SOURCE=2 -Wpointer-arith -Wstrict-prototypes -fstack-protector -Wstack-protector -Wextra -Wbad-function-cast -Wcast-align -Wcast-qual -Wdisabled-optimization -Wendif-labels -Wfloat-equal -Wformat-nonliteral -Winline -Wmissing-declarations -Wmissing-prototypes -Wnested-externs -Wpointer-arith -Wundef -Wformat-security -fno-strict-aliasing -I/usr/local/include'
    ccversion='', gccversion='4.7.2', gccosandvers=''
    intsize=4, longsize=8, ptrsize=8, doublesize=8, byteorder=12345678
    d_longlong=define, longlongsize=8, d_longdbl=define, longdblsize=16
    ivtype='long', ivsize=8, nvtype='double', nvsize=8, Off_t='off_t', lseeksize=8
    alignbytes=8, usemymalloc=n, prototype=define
  Linker and Libraries:
    ld='cc', ldflags =' -L/usr/local/lib'
    libpth=/usr/local/lib /lib/x86_64-linux-gnu /lib/../lib /usr/lib/x86_64-linux-gnu /usr/lib/../lib /lib /usr/lib
    libs=-lnsl -lgdbm -ldb -ldl -lm -lc -lcrypt -lutil -lgdbm_compat
    perllibs=-lnsl -ldl -lm -lc -lcrypt -lutil -lgdbm_compat
    libc=, so=so, useshrplib=false, libperl=libperl.a
  Dynamic Linking:
    dlsrc=dl_dlopen.xs, dlext=so, d_dlsymun=undef, ccdlflags='-rdynamic'
    cccdlflags='-fpic', lddlflags='-shared -L/usr/local/lib'


Characteristics of this binary (from libperl): 
  Compile-time options: MULTIPLICITY USE_64_BIT_INT USE_64_BIT_ALL USE_LARGE_FILES PERL_IMPLICIT_CONTEXT
  Built under linux
  Compiled at Mar  4 2013 21:31:12
  %ENV:
    PERL5LIB=""
    PERL5OPT=""
    PERL5_CPANPLUS_IS_RUNNING="25798"
    PERL5_CPAN_IS_RUNNING="25798"
    PERLBREW_BASHRC_VERSION="0.58"
    PERLBREW_HOME="/home/njh/.perlbrew"
    PERLBREW_MANPATH="/home/njh/perl5/perlbrew/perls/perl-5.6.2/man"
    PERLBREW_PATH="/home/njh/perl5/perlbrew/bin:/home/njh/perl5/perlbrew/perls/perl-5.6.2/bin"
    PERLBREW_PERL="perl-5.6.2"
    PERLBREW_ROOT="/home/njh/perl5/perlbrew"
    PERLBREW_VERSION="0.64"
  @INC:
    /home/njh/perl5/perlbrew/perls/perl-5.6.2/lib/5.6.2/x86_64-linux-multi
    /home/njh/perl5/perlbrew/perls/perl-5.6.2/lib/5.6.2
    /home/njh/perl5/perlbrew/perls/perl-5.6.2/lib/site_perl/5.6.2/x86_64-linux-multi
    /home/njh/perl5/perlbrew/perls/perl-5.6.2/lib/site_perl/5.6.2
    /home/njh/perl5/perlbrew/perls/perl-5.6.2/lib/site_perl
    .