Back
From: metabase:user:320bfe00-2aae-11df-837a-5e0a49663a4f
Subject: FAIL Audio-TagLib-1.62 v5.14.2 GNU/Linux
Date: 2012-12-18T00:37:14Z
This distribution has been tested as part of the CPAN Testers
project, supporting the Perl programming language. See
http://wiki.cpantesters.org/ for more information or email
questions to cpan-testers-discuss@perl.org
--
Dear Geoffrey Leach,
This is a computer-generated report for Audio-TagLib-1.62
on perl 5.14.2, created by CPAN-Reporter-1.2008.
Thank you for uploading your work to CPAN. However, there was a problem
testing your distribution.
If you think this report is invalid, please consult the CPAN Testers Wiki
for suggestions on how to avoid getting FAIL reports for missing library
or binary dependencies, unsupported operating systems, and so on:
http://wiki.cpantesters.org/wiki/CPANAuthorNotes
Sections of this report:
* Tester comments
* Program output
* Prerequisites
* Environment and other context
------------------------------
TESTER COMMENTS
------------------------------
Additional comments from tester:
this report is from an automated smoke testing program
and was not reviewed by a human for accuracy
------------------------------
PROGRAM OUTPUT
------------------------------
Output from '/usr/bin/make test':
PERL_DL_NONLAZY=1 /home/sand/src/perl/repoperls/installed-perls/perl/v5.14.2/127e/bin/perl "-MExtUtils::Command::MM" "-e" "test_harness(0, 'blib/lib', 'blib/arch')" t/*.t
t/TagLib.t ....................................... ok
t/TagLib_APE_Footer.t ............................ ok
# Failed test at t/TagLib_APE_Item.t line 34.
# got: 13
# expected: 27
# method size() failed
# Looks like you failed 1 test of 15.
t/TagLib_APE_Item.t ..............................
Dubious, test returned 1 (wstat 256, 0x100)
Failed 1/15 subtests
t/TagLib_APE_ItemListMap.t ....................... ok
t/TagLib_APE_ItemListMap_Iterator.t .............. ok
t/TagLib_APE_Tag.t ............................... ok
t/TagLib_AudioProperties.t ....................... ok
t/TagLib_ByteVector.t ............................ ok
t/TagLib_ByteVector_Iterator.t ................... ok
t/TagLib_ByteVectorList.t ........................ ok
t/TagLib_File.t .................................. ok
t/TagLib_FileRef.t ............................... ok
t/TagLib_FileRef_FileTypeResolver.t .............. ok
t/TagLib_FLAC_File.t ............................. ok
t/TagLib_FLAC_Properties.t ....................... ok
t/TagLib_ID3v1.t ................................. ok
t/TagLib_ID3v1_GenreMap.t ........................ ok
t/TagLib_ID3v1_GenreMap_Iterator.t ............... ok
t/TagLib_ID3v1_StringHandler.t ................... ok
t/TagLib_ID3v1_Tag.t ............................. ok
t/TagLib_ID3v2_AttachedPictureFrame.t ............ ok
t/TagLib_ID3v2_CommentsFrame.t ................... ok
t/TagLib_ID3v2_ExtendedHeader.t .................. ok
t/TagLib_ID3v2_Footer.t .......................... ok
t/TagLib_ID3v2_Frame.t ........................... ok
t/TagLib_ID3v2_FrameFactory.t .................... ok
t/TagLib_ID3v2_FrameList.t ....................... ok
t/TagLib_ID3v2_FrameList_Iterator.t .............. ok
t/TagLib_ID3v2_FrameListMap.t .................... ok
t/TagLib_ID3v2_FrameListMap_Iterator.t ........... ok
# Failed test at t/TagLib_ID3v2_Header.t line 101.
# Compared $data->[3]
# got : '2'
# expect : '4'
# method render() failed
# Looks like you failed 1 test of 24.
t/TagLib_ID3v2_Header.t ..........................
Dubious, test returned 1 (wstat 256, 0x100)
Failed 1/24 subtests
t/TagLib_ID3v2_RelativeVolumeFrame.t ............. ok
t/TagLib_ID3v2_RelativeVolumeFrame_PeakVolume.t .. ok
t/TagLib_ID3v2_SynchData.t ....................... ok
t/TagLib_ID3v2_Tag.t ............................. ok
t/TagLib_ID3v2_TextIdentificationFrame.t ......... ok
t/TagLib_ID3v2_UniqueFileIdentifierFrame.t ....... ok
t/TagLib_ID3v2_UnknownFrame.t .................... ok
t/TagLib_ID3v2_UserTextIdentificationFrame.t ..... ok
t/TagLib_MPC_File.t .............................. ok
t/TagLib_MPC_Properties.t ........................ ok
t/TagLib_MPEG_File.t ............................. ok
t/TagLib_MPEG_Header.t ........................... ok
t/TagLib_MPEG_Properties.t ....................... ok
t/TagLib_MPEG_XingHeader.t ....................... ok
t/TagLib_Ogg_FieldListMap.t ...................... ok
t/TagLib_Ogg_FieldListMap_Iterator.t ............. ok
t/TagLib_Ogg_File.t .............................. ok
t/TagLib_Ogg_FLAC_File.t ......................... ok
t/TagLib_Ogg_Page.t .............................. ok
t/TagLib_Ogg_PageHeader.t ........................ ok
t/TagLib_Ogg_Vorbis_File.t ....................... ok
t/TagLib_Ogg_Vorbis_Properties.t ................. ok
t/TagLib_Ogg_XiphComment.t ....................... ok
t/TagLib_String.t ................................ ok
t/TagLib_String_Iterator.t ....................... ok
t/TagLib_StringList.t ............................ ok
t/TagLib_Tag.t ................................... ok
t/TagLib_Vorbis_File.t ........................... ok
t/TagLib_Vorbis_Properties.t ..................... ok
Test Summary Report
-------------------
t/TagLib_APE_Item.t (Wstat: 256 Tests: 15 Failed: 1)
Failed test: 6
Non-zero exit status: 1
t/TagLib_ID3v2_Header.t (Wstat: 256 Tests: 24 Failed: 1)
Failed test: 23
Non-zero exit status: 1
Files=60, Tests=653, 3 wallclock secs ( 0.15 usr 0.06 sys + 1.59 cusr 0.40 csys = 2.20 CPU)
Result: FAIL
Failed 2/60 test programs. 2/653 subtests failed.
make: *** [test_dynamic] Error 255
------------------------------
PREREQUISITES
------------------------------
Prerequisite modules loaded:
requires:
Module Need Have
------------------- -------- --------
Encode 0 2.47
File::Slurp 0 9999.19
perl 5.008001 5.014002
Test::Deep 0 0.110
Test::More 0 0.98_03
Test::Output 0 1.01
build_requires:
Module Need Have
------------------- -------- --------
ExtUtils::MakeMaker 0 6.64
configure_requires:
Module Need Have
------------------- -------- --------
Config 0 0
ExtUtils::MakeMaker 0 6.64
File::Spec 0 3.33
------------------------------
ENVIRONMENT AND OTHER CONTEXT
------------------------------
Environment variables:
AUTOMATED_TESTING = 1
LANG = en_US.UTF-8
LANGUAGE = en_US:en
PATH = /usr/lib/ccache:/home/sand/bin:/usr/local/bin:/usr/bin:/bin:/usr/bin/X11:/usr/games:/usr/local/perl/bin:/usr/X11/bin:/sbin:/usr/sbin
PERL5LIB =
PERL5OPT =
PERL5_CPANPLUS_IS_RUNNING = 11667
PERL5_CPAN_IS_RUNNING = 11667
PERL_MM_USE_DEFAULT = 1
SHELL = /usr/bin/zsh
TERM = screen
Perl special variables (and OS-specific diagnostics, for MSWin32):
$^X = /home/sand/src/perl/repoperls/installed-perls/perl/v5.14.2/127e/bin/perl
$UID/$EUID = 1005 / 1005
$GID = 1005 1005
$EGID = 1005 1005
Perl module toolchain versions installed:
Module Have
------------------- --------
CPAN 1.99_51
CPAN::Meta 2.120921
Cwd 3.36
ExtUtils::CBuilder 0.280205
ExtUtils::Command 1.17
ExtUtils::Install 1.56
ExtUtils::MakeMaker 6.64
ExtUtils::Manifest 1.61
ExtUtils::ParseXS 3.18
File::Spec 3.33
JSON 2.53
JSON::PP 2.27200
Module::Build 0.4003
Module::Signature 0.69
Parse::CPAN::Meta 1.4404
Test::Harness 3.25
Test::More 0.98_03
YAML 0.84
YAML::Syck 1.22
version 0.9901
--
Summary of my perl5 (revision 5 version 14 subversion 2) configuration:
Commit id: dc281e6088d189558b79a5121119b7196c8b3db0
Platform:
osname=linux, osvers=3.2.0-3-amd64, archname=x86_64-linux-ld
uname='linux k83 3.2.0-3-amd64 #1 smp mon jul 23 02:45:17 utc 2012 x86_64 gnulinux '
config_args='-Dprefix=/home/src/perl/repoperls/installed-perls/perl/v5.14.2/127e -Dmyhostname=k83 -Dinstallusrbinperl=n -Uversiononly -Dusedevel -des -Ui_db -Uuseithreads -Duselongdouble -DDEBUGGING=-g'
hint=recommended, useposix=true, d_sigaction=define
useithreads=undef, usemultiplicity=undef
useperlio=define, d_sfio=undef, uselargefiles=define, usesocks=undef
use64bitint=define, use64bitall=define, uselongdouble=define
usemymalloc=n, bincompat5005=undef
Compiler:
cc='cc', ccflags ='-fno-strict-aliasing -pipe -fstack-protector -I/usr/local/include -D_LARGEFILE_SOURCE -D_FILE_OFFSET_BITS=64',
optimize='-O2 -g',
cppflags='-fno-strict-aliasing -pipe -fstack-protector -I/usr/local/include'
ccversion='', gccversion='4.7.1', gccosandvers=''
intsize=4, longsize=8, ptrsize=8, doublesize=8, byteorder=12345678
d_longlong=define, longlongsize=8, d_longdbl=define, longdblsize=16
ivtype='long', ivsize=8, nvtype='long double', nvsize=16, Off_t='off_t', lseeksize=8
alignbytes=16, prototype=define
Linker and Libraries:
ld='cc', ldflags =' -fstack-protector -L/usr/local/lib'
libpth=/usr/local/lib /lib/x86_64-linux-gnu /lib/../lib /usr/lib/x86_64-linux-gnu /usr/lib/../lib /lib /usr/lib
libs=-lnsl -ldb -ldl -lm -lcrypt -lutil -lc
perllibs=-lnsl -ldl -lm -lcrypt -lutil -lc
libc=, so=so, useshrplib=false, libperl=libperl.a
gnulibc_version='2.13'
Dynamic Linking:
dlsrc=dl_dlopen.xs, dlext=so, d_dlsymun=undef, ccdlflags='-Wl,-E'
cccdlflags='-fPIC', lddlflags='-shared -O2 -g -L/usr/local/lib -fstack-protector'
Characteristics of this binary (from libperl):
Compile-time options: PERL_DONT_CREATE_GVSV PERL_MALLOC_WRAP
PERL_PRESERVE_IVUV PERL_USE_DEVEL USE_64_BIT_ALL
USE_64_BIT_INT USE_LARGE_FILES USE_LONG_DOUBLE
USE_PERLIO USE_PERL_ATOF
Built under linux
Compiled at Aug 5 2012 08:25:22
%ENV:
PERL5LIB=""
PERL5OPT=""
PERL5_CPANPLUS_IS_RUNNING="11667"
PERL5_CPAN_IS_RUNNING="11667"
PERL_MM_USE_DEFAULT="1"
@INC:
/home/src/perl/repoperls/installed-perls/perl/v5.14.2/127e/lib/site_perl/5.14.2/x86_64-linux-ld
/home/src/perl/repoperls/installed-perls/perl/v5.14.2/127e/lib/site_perl/5.14.2
/home/src/perl/repoperls/installed-perls/perl/v5.14.2/127e/lib/5.14.2/x86_64-linux-ld
/home/src/perl/repoperls/installed-perls/perl/v5.14.2/127e/lib/5.14.2
.