Report for Lingua-FR-Ladl-v0.0.4

Back
From: metabase:user:314402c4-2aae-11df-837a-5e0a49663a4f
Subject: FAIL Lingua-FR-Ladl-v0.0.4 v5.10.1 GNU/Linux
Date: 2014-12-24T12:54:59Z

This distribution has been tested as part of the CPAN Testers
project, supporting the Perl programming language.  See
http://wiki.cpantesters.org/ for more information or email
questions to cpan-testers-discuss@perl.org


--
Dear Ingrid Falk,

This is a computer-generated report for Lingua-FR-Ladl-v0.0.4
on perl 5.10.1, created by CPAN-Reporter-1.2011.

Thank you for uploading your work to CPAN.  However, there was a problem
testing your distribution.

If you think this report is invalid, please consult the CPAN Testers Wiki
for suggestions on how to avoid getting FAIL reports for missing library
or binary dependencies, unsupported operating systems, and so on:

http://wiki.cpantesters.org/wiki/CPANAuthorNotes

Sections of this report:

    * Tester comments
    * Program output
    * Prerequisites
    * Environment and other context

------------------------------
TESTER COMMENTS
------------------------------

Additional comments from tester:

none provided

------------------------------
PROGRAM OUTPUT
------------------------------

Output from './Build test':


#   Failed test 'use Lingua::FR::Ladl::Table;'
#   at t/00.load.t line 5.
#     Tried to use 'Lingua::FR::Ladl::Table'.
#     Error:  Can't locate Class/Std.pm in @INC (@INC contains: CODE(0xab5eb8) /tmpfs/.cpan-build/Lingua-FR-Ladl-v0.0.4-voJ9Mu/blib/lib /tmpfs/.cpan-build/Lingua-FR-Ladl-v0.0.4-voJ9Mu/blib/arch CODE(0x120da80) CODE(0x1b898d8) /opt/perl-5.10.1/lib/5.10.1/x86_64-linux /opt/perl-5.10.1/lib/5.10.1 /opt/perl-5.10.1/lib/site_perl/5.10.1/x86_64-linux /opt/perl-5.10.1/lib/site_perl/5.10.1 .) at /tmpfs/.cpan-build/Lingua-FR-Ladl-v0.0.4-voJ9Mu/blib/lib/Lingua/FR/Ladl/Parametrizer.pm line 10.
# BEGIN failed--compilation aborted at /tmpfs/.cpan-build/Lingua-FR-Ladl-v0.0.4-voJ9Mu/blib/lib/Lingua/FR/Ladl/Parametrizer.pm line 10.
# Compilation failed in require at /tmpfs/.cpan-build/Lingua-FR-Ladl-v0.0.4-voJ9Mu/blib/lib/Lingua/FR/Ladl/Table.pm line 17.
# BEGIN failed--compilation aborted at /tmpfs/.cpan-build/Lingua-FR-Ladl-v0.0.4-voJ9Mu/blib/lib/Lingua/FR/Ladl/Table.pm line 17.
# Compilation failed in require at t/00.load.t line 5.
# BEGIN failed--compilation aborted at t/00.load.t line 5.

#   Failed test 'use Lingua::FR::Ladl::Parametrizer;'
#   at t/00.load.t line 6.
#     Tried to use 'Lingua::FR::Ladl::Parametrizer'.
#     Error:  Attempt to reload Lingua/FR/Ladl/Parametrizer.pm aborted.
# Compilation failed in require at t/00.load.t line 6.
# BEGIN failed--compilation aborted at t/00.load.t line 6.
# Testing Lingua::FR::Ladl 0.0.4
# Looks like you failed 2 tests of 4.
t/00.load.t ....... 
Dubious, test returned 2 (wstat 512, 0x200)
Failed 2/4 subtests 

#   Failed test 'Test::Perl::Critic for "blib/lib/Lingua/FR/Ladl/Graph.pm"'
#   at /opt/perl-5.10.1/lib/site_perl/5.10.1/Test/Perl/Critic.pm line 110.
# 
# Perl::Critic found these violations in "blib/lib/Lingua/FR/Ladl/Graph.pm":
# Private Member Data shouldn't be accessed directly at line 69, column 18.  Accessing an objects data directly breaks encapsulation and should be avoided.  Example: $object->{ some_key }.  (Severity: 5)
# Private Member Data shouldn't be accessed directly at line 70, column 21.  Accessing an objects data directly breaks encapsulation and should be avoided.  Example: $object->{ some_key }.  (Severity: 5)

#   Failed test 'Test::Perl::Critic for "blib/lib/Lingua/FR/Ladl/Table.pm"'
#   at /opt/perl-5.10.1/lib/site_perl/5.10.1/Test/Perl/Critic.pm line 110.
# 
# Perl::Critic found these violations in "blib/lib/Lingua/FR/Ladl/Table.pm":
# Perlsecret risk. Inchworm on a stick  at line 22, column 1.  Perlsecret detected: %s.  (Severity: 5)
# Private Member Data shouldn't be accessed directly at line 102, column 17.  Accessing an objects data directly breaks encapsulation and should be avoided.  Example: $object->{ some_key }.  (Severity: 5)
# Private Member Data shouldn't be accessed directly at line 103, column 5.  Accessing an objects data directly breaks encapsulation and should be avoided.  Example: $object->{ some_key }.  (Severity: 5)
# Private Member Data shouldn't be accessed directly at line 103, column 26.  Accessing an objects data directly breaks encapsulation and should be avoided.  Example: $object->{ some_key }.  (Severity: 5)
# Private Member Data shouldn't be accessed directly at line 104, column 13.  Accessing an objects data directly breaks encapsulation and should be avoided.  Example: $object->{ some_key }.  (Severity: 5)
# Private Member Data shouldn't be accessed directly at line 107, column 22.  Accessing an objects data directly breaks encapsulation and should be avoided.  Example: $object->{ some_key }.  (Severity: 5)
# Private Member Data shouldn't be accessed directly at line 107, column 42.  Accessing an objects data directly breaks encapsulation and should be avoided.  Example: $object->{ some_key }.  (Severity: 5)
# Private Member Data shouldn't be accessed directly at line 108, column 7.  Accessing an objects data directly breaks encapsulation and should be avoided.  Example: $object->{ some_key }.  (Severity: 5)
# Private Member Data shouldn't be accessed directly at line 108, column 28.  Accessing an objects data directly breaks encapsulation and should be avoided.  Example: $object->{ some_key }.  (Severity: 5)
# Private Member Data shouldn't be accessed directly at line 109, column 24.  Accessing an objects data directly breaks encapsulation and should be avoided.  Example: $object->{ some_key }.  (Severity: 5)
# Private Member Data shouldn't be accessed directly at line 109, column 45.  Accessing an objects data directly breaks encapsulation and should be avoided.  Example: $object->{ some_key }.  (Severity: 5)
# Private Member Data shouldn't be accessed directly at line 110, column 20.  Accessing an objects data directly breaks encapsulation and should be avoided.  Example: $object->{ some_key }.  (Severity: 5)
# Private Member Data shouldn't be accessed directly at line 112, column 11.  Accessing an objects data directly breaks encapsulation and should be avoided.  Example: $object->{ some_key }.  (Severity: 5)
# Private Member Data shouldn't be accessed directly at line 112, column 40.  Accessing an objects data directly breaks encapsulation and should be avoided.  Example: $object->{ some_key }.  (Severity: 5)
# Private Member Data shouldn't be accessed directly at line 116, column 25.  Accessing an objects data directly breaks encapsulation and should be avoided.  Example: $object->{ some_key }.  (Severity: 5)
# Private Member Data shouldn't be accessed directly at line 116, column 43.  Accessing an objects data directly breaks encapsulation and should be avoided.  Example: $object->{ some_key }.  (Severity: 5)
# Private Member Data shouldn't be accessed directly at line 138, column 7.  Accessing an objects data directly breaks encapsulation and should be avoided.  Example: $object->{ some_key }.  (Severity: 5)
# Private Member Data shouldn't be accessed directly at line 163, column 18.  Accessing an objects data directly breaks encapsulation and should be avoided.  Example: $object->{ some_key }.  (Severity: 5)
# Private Member Data shouldn't be accessed directly at line 164, column 21.  Accessing an objects data directly breaks encapsulation and should be avoided.  Example: $object->{ some_key }.  (Severity: 5)
# Private Member Data shouldn't be accessed directly at line 240, column 16.  Accessing an objects data directly breaks encapsulation and should be avoided.  Example: $object->{ some_key }.  (Severity: 5)
# Private Member Data shouldn't be accessed directly at line 241, column 14.  Accessing an objects data directly breaks encapsulation and should be avoided.  Example: $object->{ some_key }.  (Severity: 5)
# Perlsecret risk. Inchworm on a stick  at line 346, column 3.  Perlsecret detected: %s.  (Severity: 5)
# Perlsecret risk. Inchworm on a stick  at line 350, column 5.  Perlsecret detected: %s.  (Severity: 5)
# Perlsecret risk. Inchworm on a stick  at line 360, column 7.  Perlsecret detected: %s.  (Severity: 5)
# Perlsecret risk. Inchworm on a stick  at line 361, column 9.  Perlsecret detected: %s.  (Severity: 5)
# Perlsecret risk. Inchworm on a stick  at line 361, column 14.  Perlsecret detected: %s.  (Severity: 5)
# Perlsecret risk. Inchworm on a stick  at line 362, column 11.  Perlsecret detected: %s.  (Severity: 5)
# Private Member Data shouldn't be accessed directly at line 379, column 12.  Accessing an objects data directly breaks encapsulation and should be avoided.  Example: $object->{ some_key }.  (Severity: 5)
# Perlsecret risk. Inchworm on a stick  at line 391, column 3.  Perlsecret detected: %s.  (Severity: 5)
# Perlsecret risk. Inchworm on a stick  at line 404, column 5.  Perlsecret detected: %s.  (Severity: 5)
# Perlsecret risk. Inchworm on a stick  at line 404, column 79.  Perlsecret detected: %s.  (Severity: 5)
# Private Member Data shouldn't be accessed directly at line 404, column 79.  Accessing an objects data directly breaks encapsulation and should be avoided.  Example: $object->{ some_key }.  (Severity: 5)
# Private Member Data shouldn't be accessed directly at line 455, column 9.  Accessing an objects data directly breaks encapsulation and should be avoided.  Example: $object->{ some_key }.  (Severity: 5)
# Private Member Data shouldn't be accessed directly at line 497, column 27.  Accessing an objects data directly breaks encapsulation and should be avoided.  Example: $object->{ some_key }.  (Severity: 5)
# Perlsecret risk. Inchworm on a stick  at line 540, column 1.  Perlsecret detected: %s.  (Severity: 5)
# Looks like you failed 2 tests of 6.
t/perlcritic.t .... 
Dubious, test returned 2 (wstat 512, 0x200)
Failed 2/6 subtests 

#   Failed test 'with all-caps functions as privates'
#   at /opt/perl-5.10.1/lib/site_perl/5.10.1/Test/Pod/Coverage.pm line 133.
# Lingua::FR::Ladl::Graph: requiring 'Lingua::FR::Ladl::Graph' failed

#   Failed test 'with all-caps functions as privates'
#   at /opt/perl-5.10.1/lib/site_perl/5.10.1/Test/Pod/Coverage.pm line 133.
# Lingua::FR::Ladl::Parametrizer: requiring 'Lingua::FR::Ladl::Parametrizer' failed

#   Failed test 'with all-caps functions as privates'
#   at /opt/perl-5.10.1/lib/site_perl/5.10.1/Test/Pod/Coverage.pm line 133.
# Lingua::FR::Ladl::Table: requiring 'Lingua::FR::Ladl::Table' failed
# Looks like you failed 3 tests of 6.
t/pod-coverage.t .. 
Dubious, test returned 3 (wstat 768, 0x300)
Failed 3/6 subtests 
t/pod.t ........... skipped: Test::Pod 1.14 required for testing POD

Test Summary Report
-------------------
t/00.load.t     (Wstat: 512 Tests: 4 Failed: 2)
  Failed tests:  2-3
  Non-zero exit status: 2
t/perlcritic.t  (Wstat: 512 Tests: 6 Failed: 2)
  Failed tests:  3, 5
  Non-zero exit status: 2
t/pod-coverage.t (Wstat: 768 Tests: 6 Failed: 3)
  Failed tests:  2-4
  Non-zero exit status: 3
Files=4, Tests=16,  4 wallclock secs ( 0.02 usr  0.03 sys +  2.33 cusr  0.10 csys =  2.48 CPU)
Result: FAIL
Failed 3/4 test programs. 7/16 subtests failed.

------------------------------
PREREQUISITES
------------------------------

Prerequisite modules loaded:

requires:

    Module     Need Have    
    ---------- ---- --------
    Test::More 0    1.001009
    version    0    0.9909  


------------------------------
ENVIRONMENT AND OTHER CONTEXT
------------------------------

Environment variables:

    DBIC_NO_WARN_BAD_PERL = 1
    LANG = C
    PATH = /usr/local/bin:/usr/bin:/bin:/usr/local/sbin:/usr/sbin:/sbin:/home/eserte/bin/linux-gnu:/home/eserte/bin/sh:/home/eserte/bin:/usr/games:/home/eserte/devel:/home/eserte/src/srezic-misc/scripts
    PERL5LIB = 
    PERL5OPT =  -MDevel::Hide
    PERL5_CPANPLUS_IS_RUNNING = 13875
    PERL5_CPAN_IS_RUNNING = 13875
    PERL5_CPAN_IS_RUNNING_IN_RECURSION = 8644,13875
    PERLDOC = -MPod::Perldoc::ToTextOverstrike
    PERL_BATCH = yes
    PERL_CPAN_REPORTER_CONFIG = /var/tmp/cpansmoker-1001/iPhFK2Zn3k_config.ini
    PERL_EXTUTILS_AUTOINSTALL = --defaultdeps
    PERL_HTML_DISPLAY_CLASS = HTML::Display::Mozilla
    SHELL = /bin/zsh
    TERM = screen
    TMPDIR = /var/tmp/cpansmoker-1001

Perl special variables (and OS-specific diagnostics, for MSWin32):

    $^X = /bbbike/perl-5.10.1/bin/perl
    $UID/$EUID = 1001 / 1001
    $GID = 1001 109 1001
    $EGID = 1001 109 1001

Perl module toolchain versions installed:

    Module              Have    
    ------------------- --------
    CPAN                1.9402  
    CPAN::Meta          2.142690
    Cwd                 3.47    
    ExtUtils::CBuilder  0.280219
    ExtUtils::Command   1.16    
    ExtUtils::Install   2.04    
    ExtUtils::MakeMaker 7.04    
    ExtUtils::Manifest  1.68    
    ExtUtils::ParseXS   3.24    
    File::Spec          3.47    
    JSON                2.90    
    JSON::PP            2.27203 
    Module::Build       0.4210  
    Module::Signature   0.73    
    Parse::CPAN::Meta   1.4414  
    Test::Harness       3.34    
    Test::More          1.001009
    YAML                1.13    
    YAML::Syck          1.29    
    version             0.9909  


--

Summary of my perl5 (revision 5 version 10 subversion 1) configuration:
   
  Platform:
    osname=linux, osvers=3.2.0-4-amd64, archname=x86_64-linux
    uname='linux eserte 3.2.0-4-amd64 #1 smp debian 3.2.60-1+deb7u3 x86_64 gnulinux '
    config_args='-ds -e -Dprefix=/opt/perl-5.10.1'
    hint=recommended, useposix=true, d_sigaction=define
    useithreads=undef, usemultiplicity=undef
    useperlio=define, d_sfio=undef, uselargefiles=define, usesocks=undef
    use64bitint=define, use64bitall=define, uselongdouble=undef
    usemymalloc=n, bincompat5005=undef
  Compiler:
    cc='cc', ccflags ='-fno-strict-aliasing -pipe -fstack-protector -I/usr/local/include -D_LARGEFILE_SOURCE -D_FILE_OFFSET_BITS=64',
    optimize='-O2',
    cppflags='-fno-strict-aliasing -pipe -fstack-protector -I/usr/local/include'
    ccversion='', gccversion='4.7.2', gccosandvers=''
    intsize=4, longsize=8, ptrsize=8, doublesize=8, byteorder=12345678
    d_longlong=define, longlongsize=8, d_longdbl=define, longdblsize=16
    ivtype='long', ivsize=8, nvtype='double', nvsize=8, Off_t='off_t', lseeksize=8
    alignbytes=8, prototype=define
  Linker and Libraries:
    ld='cc', ldflags =' -fstack-protector -L/usr/local/lib'
    libpth=/usr/local/lib /lib/x86_64-linux-gnu /lib/../lib /usr/lib/x86_64-linux-gnu /usr/lib/../lib /lib /usr/lib
    libs=-lnsl -ldb -ldl -lm -lcrypt -lutil -lc
    perllibs=-lnsl -ldl -lm -lcrypt -lutil -lc
    libc=libc-2.13.so, so=so, useshrplib=false, libperl=libperl.a
    gnulibc_version='2.13'
  Dynamic Linking:
    dlsrc=dl_dlopen.xs, dlext=so, d_dlsymun=undef, ccdlflags='-Wl,-E'
    cccdlflags='-fPIC', lddlflags='-shared -O2 -L/usr/local/lib -fstack-protector'


Characteristics of this binary (from libperl): 
  Compile-time options: PERL_DONT_CREATE_GVSV PERL_MALLOC_WRAP USE_64_BIT_ALL
                        USE_64_BIT_INT USE_LARGE_FILES USE_PERLIO
  Built under linux
  Compiled at Aug 18 2014 20:38:33
  %ENV:
    PERL5LIB=""
    PERL5OPT=" -MDevel::Hide"
    PERL5_CPANPLUS_IS_RUNNING="13875"
    PERL5_CPAN_IS_RUNNING="13875"
    PERL5_CPAN_IS_RUNNING_IN_RECURSION="8644,13875"
    PERLDOC="-MPod::Perldoc::ToTextOverstrike"
    PERL_BATCH="yes"
    PERL_CPAN_REPORTER_CONFIG="/var/tmp/cpansmoker-1001/iPhFK2Zn3k_config.ini"
    PERL_EXTUTILS_AUTOINSTALL="--defaultdeps"
    PERL_HTML_DISPLAY_CLASS="HTML::Display::Mozilla"
  @INC:
    CODE(0x261a538)
    /opt/perl-5.10.1/lib/5.10.1/x86_64-linux
    /opt/perl-5.10.1/lib/5.10.1
    /opt/perl-5.10.1/lib/site_perl/5.10.1/x86_64-linux
    /opt/perl-5.10.1/lib/site_perl/5.10.1
    .