Report for Tree-Persist-1.08

Back
From: metabase:user:838e5b0a-2bb6-1016-a696-43a2537fa0c6
Subject: FAIL Tree-Persist-1.08 v5.16.2 
Date: 2013-06-25T23:33:57Z

This distribution has been tested as part of the CPAN Testers
project, supporting the Perl programming language.  See
http://wiki.cpantesters.org/ for more information or email
questions to cpan-testers-discuss@perl.org


--
Dear Ron Savage,

This is a computer-generated report for Tree-Persist-1.08
on perl 5.16.2, created by CPAN-Reporter-1.2007.

Thank you for uploading your work to CPAN.  However, there was a problem
testing your distribution.

If you think this report is invalid, please consult the CPAN Testers Wiki
for suggestions on how to avoid getting FAIL reports for missing library
or binary dependencies, unsupported operating systems, and so on:

http://wiki.cpantesters.org/wiki/CPANAuthorNotes

Sections of this report:

    * Tester comments
    * Program output
    * Prerequisites
    * Environment and other context

------------------------------
TESTER COMMENTS
------------------------------

Additional comments from tester:

this report is from an automated smoke testing program
and was not reviewed by a human for accuracy

------------------------------
PROGRAM OUTPUT
------------------------------

Output from 'C:\Users\solimanod\Desktop\strawberry-perl-5.16.2.1-64bit-portable\perl\bin\perl.exe ./Build test':

cannot unlink file for C:\Users\SOLIMA~1\AppData\Local\Temp\2\temp.Ckj3\test.sqlite: Permission denied at C:/Users/solimanod/Desktop/strawberry-perl-5.16.2.1-64bit-portable/perl/lib/File/Temp.pm line 2445.
cannot remove directory for C:\Users\SOLIMA~1\AppData\Local\Temp\2\temp.Ckj3: Directory not empty at C:/Users/solimanod/Desktop/strawberry-perl-5.16.2.1-64bit-portable/perl/lib/File/Temp.pm line 2445.
t\add_from_db.t .......... ok
cannot unlink file for C:\Users\SOLIMA~1\AppData\Local\Temp\2\temp.Su4b\test.sqlite: Permission denied at C:/Users/solimanod/Desktop/strawberry-perl-5.16.2.1-64bit-portable/perl/lib/File/Temp.pm line 2445.
cannot remove directory for C:\Users\SOLIMA~1\AppData\Local\Temp\2\temp.Su4b: Directory not empty at C:/Users/solimanod/Desktop/strawberry-perl-5.16.2.1-64bit-portable/perl/lib/File/Temp.pm line 2445.
t\associate_with_db.t .... ok
Cannot open 'C:\Users\SOLIMA~1\AppData\Local\Temp\2\temp.8kC0\save1.xml' for writing: Permission denied
# Looks like you planned 15 tests but ran 10.
# Looks like your test exited with 13 just after 10.
t\associate_with_file.t .. 
Dubious, test returned 13 (wstat 3328, 0xd00)
Failed 5/15 subtests 
Cannot open 'C:\Users\SOLIMA~1\AppData\Local\Temp\2\temp.8da2\save1.xml' for writing: Permission denied
# Looks like you planned 20 tests but ran 9.
# Looks like your test exited with 13 just after 9.
t\autocommit.t ........... 
Dubious, test returned 13 (wstat 3328, 0xd00)
Failed 11/20 subtests 
t\interface.t ............ ok
cannot unlink file for C:\Users\SOLIMA~1\AppData\Local\Temp\2\temp.36Ri\test.sqlite: Permission denied at C:/Users/solimanod/Desktop/strawberry-perl-5.16.2.1-64bit-portable/perl/lib/File/Temp.pm line 2445.
cannot remove directory for C:\Users\SOLIMA~1\AppData\Local\Temp\2\temp.36Ri: Directory not empty at C:/Users/solimanod/Desktop/strawberry-perl-5.16.2.1-64bit-portable/perl/lib/File/Temp.pm line 2445.
t\load_from_db.t ......... ok
t\load_from_file.t ....... ok
t\pod.t .................. ok
t\pod_coverage.t ......... skipped: Test::Pod::Coverage 1.08 required for testing POD coverage
t\save_and_load.t ........ ok
cannot unlink file for C:\Users\SOLIMA~1\AppData\Local\Temp\2\temp.pHrx\test.sqlite: Permission denied at C:/Users/solimanod/Desktop/strawberry-perl-5.16.2.1-64bit-portable/perl/lib/File/Temp.pm line 2445.
cannot remove directory for C:\Users\SOLIMA~1\AppData\Local\Temp\2\temp.pHrx: Directory not empty at C:/Users/solimanod/Desktop/strawberry-perl-5.16.2.1-64bit-portable/perl/lib/File/Temp.pm line 2445.
t\save_to_db.t ........... ok
t\save_to_file.t ......... ok

Test Summary Report
-------------------
t\associate_with_file.t (Wstat: 3328 Tests: 10 Failed: 0)
  Non-zero exit status: 13
  Parse errors: Bad plan.  You planned 15 tests but ran 10.
t\autocommit.t         (Wstat: 3328 Tests: 9 Failed: 0)
  Non-zero exit status: 13
  Parse errors: Bad plan.  You planned 20 tests but ran 9.
Files=12, Tests=148,  6 wallclock secs ( 0.08 usr +  0.08 sys =  0.16 CPU)
Result: FAIL
Failed 2/12 test programs. 0/148 subtests failed.

------------------------------
PREREQUISITES
------------------------------

Prerequisite modules loaded:

requires:

    Module                Need     Have    
    --------------------- -------- --------
    base                  0        2.18    
    DBI                   1.627    1.627   
    File::Copy            0.01     2.23    
    File::Spec            0.01     3.39_02 
    File::Spec::Functions 0.01     3.39_02 
    File::Temp            0.01     0.22    
    Module::Runtime       0.013    0.013   
    perl                  5.006000 5.016002
    Scalar::Util          1.1      1.25    
    strict                0        1.07    
    Test::File            1.1      1.34    
    Test::File::Contents  0.02     0.21    
    Tree                  1.05     1.05    
    warnings              0        1.13    
    XML::Parser           2.41     2.41    

build_requires:

    Module                Need     Have    
    --------------------- -------- --------
    Test::More            0.96     0.98    

configure_requires:

    Module                Need     Have    
    --------------------- -------- --------
    Module::Build         0.38     0.4003  


------------------------------
ENVIRONMENT AND OTHER CONTEXT
------------------------------

Environment variables:

    AUTOMATED_TESTING = 1
    COMSPEC = C:\Windows\system32\cmd.exe
    LD_LIBRARY_PATH = /usr/lib/x86:/usr/X11R6/lib
    NUMBER_OF_PROCESSORS = 8
    PATH = C:\Users\solimanod\Desktop\strawberry-perl-5.16.2.1-64bit-portable\perl\site\bin;C:\Users\solimanod\Desktop\strawberry-perl-5.16.2.1-64bit-portable\perl\bin;C:\Users\solimanod\Desktop\strawberry-perl-5.16.2.1-64bit-portable\c\bin;C:\Windows\system32;C:\Windows;C:\Windows\System32\Wbem;C:\Windows\System32\WindowsPowerShell\v1.0\;C:\Program Files (x86)\Dell\SysMgt\RAC5;C:\Program Files (x86)\Dell\SysMgt\oma\bin;C:\RV\BIN;C:\strawberry\c\bin;C:\strawberry\perl\site\bin;C:\strawberry\perl\bin;C:\Program Files (x86)\GnuWin32\bin;C:\Windows\System32\Windows System Resource Manager\bin;C:\Windows\SUA\common\;C:\Windows\SUA\usr\lib\
    PERL5LIB = C:\Users\solimanod\Desktop\strawberry-perl-5.16.2.1-64bit-portable\cpan\build\Test-File-Contents-0.21-wgOOds/blib/arch;C:\Users\solimanod\Desktop\strawberry-perl-5.16.2.1-64bit-portable\cpan\build\Test-File-Contents-0.21-wgOOds/blib/lib;C:\Users\solimanod\Desktop\strawberry-perl-5.16.2.1-64bit-portable\cpan\build\Test-File-1.34-gvv8bI/blib/arch;C:\Users\solimanod\Desktop\strawberry-perl-5.16.2.1-64bit-portable\cpan\build\Test-File-1.34-gvv8bI/blib/lib;C:\Users\solimanod\Desktop\strawberry-perl-5.16.2.1-64bit-portable\cpan\build\DBI-1.627-UILH4y/blib/arch;C:\Users\solimanod\Desktop\strawberry-perl-5.16.2.1-64bit-portable\cpan\build\DBI-1.627-UILH4y/blib/lib;C:\Users\solimanod\Desktop\strawberry-perl-5.16.2.1-64bit-portable\cpan\build\Tree-1.05-gbvtRD/blib/arch;C:\Users\solimanod\Desktop\strawberry-perl-5.16.2.1-64bit-portable\cpan\build\Tree-1.05-gbvtRD/blib/lib
    PERL5OPT = 
    PERL5_CPANPLUS_IS_RUNNING = 4908
    PERL5_CPAN_IS_RUNNING = 4908
    PERL5_CPAN_IS_RUNNING_IN_RECURSION = 904,4908
    PERL_CR_SMOKER_CURRENT = Tree-Persist-1.08
    PERL_EXTUTILS_AUTOINSTALL = --defaultdeps
    PERL_MM_USE_DEFAULT = 1
    PROCESSOR_IDENTIFIER = Intel64 Family 6 Model 23 Stepping 10, GenuineIntel
    TEMP = C:\Users\SOLIMA~1\AppData\Local\Temp\2
    TERM = dumb

Perl special variables (and OS-specific diagnostics, for MSWin32):

    $^X = C:\Users\solimanod\Desktop\strawberry-perl-5.16.2.1-64bit-portable\perl\bin\perl.exe
    $UID/$EUID = 0 / 0
    $GID = 0
    $EGID = 0
    Win32::GetOSName = Win2008
    Win32::GetOSVersion = , 6, 1, 7600, 2, 0, 0, 272, 3
    Win32::FsType = NTFS
    Win32::IsAdminUser = 0

Perl module toolchain versions installed:

    Module              Have    
    ------------------- --------
    CPAN                2.00    
    CPAN::Meta          2.120921
    Cwd                 3.39_02 
    ExtUtils::CBuilder  0.280206
    ExtUtils::Command   1.17    
    ExtUtils::Install   1.58    
    ExtUtils::MakeMaker 6.63_02 
    ExtUtils::Manifest  1.61    
    ExtUtils::ParseXS   3.18    
    File::Spec          3.39_02 
    JSON                2.53    
    JSON::PP            2.27200 
    Module::Build       0.4003  
    Module::Signature   n/a     
    Parse::CPAN::Meta   1.4404  
    Test::Harness       3.25    
    Test::More          0.98    
    YAML                0.84    
    YAML::Syck          1.21    
    version             0.9901  


--

Summary of my perl5 (revision 5 version 16 subversion 2) configuration:
   
  Platform:
    osname=MSWin32, osvers=4.0, archname=MSWin32-x64-multi-thread
    uname='Win32 strawberry-perl 5.16.2.1 #1 Fri Nov  2 03:03:35 2012 x64'
    config_args='undef'
    hint=recommended, useposix=true, d_sigaction=undef
    useithreads=define, usemultiplicity=define
    useperlio=define, d_sfio=undef, uselargefiles=define, usesocks=undef
    use64bitint=define, use64bitall=undef, uselongdouble=undef
    usemymalloc=n, bincompat5005=undef
  Compiler:
    cc='gcc', ccflags =' -s -O2 -DWIN32 -DWIN64 -DCONSERVATIVE  -DPERL_TEXTMODE_SCRIPTS -DPERL_IMPLICIT_CONTEXT -DPERL_IMPLICIT_SYS -fno-strict-aliasing -mms-bitfields',
    optimize='-s -O2',
    cppflags='-DWIN32'
    ccversion='', gccversion='4.6.3', gccosandvers=''
    intsize=4, longsize=4, ptrsize=8, doublesize=8, byteorder=12345678
    d_longlong=define, longlongsize=8, d_longdbl=define, longdblsize=12
    ivtype='long long', ivsize=8, nvtype='double', nvsize=8, Off_t='long long', lseeksize=8
    alignbytes=8, prototype=define
  Linker and Libraries:
    ld='g++.exe', ldflags ='-s -L"C:\Users\solimanod\Desktop\strawberry-perl-5.16.2.1-64bit-portable\perl\lib\CORE" -L"C:\Users\solimanod\Desktop\strawberry-perl-5.16.2.1-64bit-portable\c\lib"'
    libpth=C:\Users\solimanod\Desktop\strawberry-perl-5.16.2.1-64bit-portable\c\lib C:\Users\solimanod\Desktop\strawberry-perl-5.16.2.1-64bit-portable\c\x86_64-w64-mingw32\lib
    libs=-lmoldname -lkernel32 -luser32 -lgdi32 -lwinspool -lcomdlg32 -ladvapi32 -lshell32 -lole32 -loleaut32 -lnetapi32 -luuid -lws2_32 -lmpr -lwinmm -lversion -lodbc32 -lodbccp32 -lcomctl32
    perllibs=-lmoldname -lkernel32 -luser32 -lgdi32 -lwinspool -lcomdlg32 -ladvapi32 -lshell32 -lole32 -loleaut32 -lnetapi32 -luuid -lws2_32 -lmpr -lwinmm -lversion -lodbc32 -lodbccp32 -lcomctl32
    libc=, so=dll, useshrplib=true, libperl=libperl516.a
    gnulibc_version=''
  Dynamic Linking:
    dlsrc=dl_win32.xs, dlext=dll, d_dlsymun=undef, ccdlflags=' '
    cccdlflags=' ', lddlflags='-mdll -s -L"C:\Users\solimanod\Desktop\strawberry-perl-5.16.2.1-64bit-portable\perl\lib\CORE" -L"C:\Users\solimanod\Desktop\strawberry-perl-5.16.2.1-64bit-portable\c\lib"'


Characteristics of this binary (from libperl): 
  Compile-time options: HAS_TIMES HAVE_INTERP_INTERN MULTIPLICITY
                        PERLIO_LAYERS PERL_DONT_CREATE_GVSV
                        PERL_IMPLICIT_CONTEXT PERL_IMPLICIT_SYS
                        PERL_MALLOC_WRAP PERL_PRESERVE_IVUV PL_OP_SLAB_ALLOC
                        USE_64_BIT_INT USE_ITHREADS USE_LARGE_FILES
                        USE_LOCALE USE_LOCALE_COLLATE USE_LOCALE_CTYPE
                        USE_LOCALE_NUMERIC USE_PERLIO USE_PERL_ATOF
  Built under MSWin32
  Compiled at Nov  2 2012 03:12:17
  %ENV:
    PERL5LIB="C:\Users\solimanod\Desktop\strawberry-perl-5.16.2.1-64bit-portable\cpan\build\Test-File-Contents-0.21-wgOOds/blib/arch;C:\Users\solimanod\Desktop\strawberry-perl-5.16.2.1-64bit-portable\cpan\build\Test-File-Contents-0.21-wgOOds/blib/lib;C:\Users\solimanod\Desktop\strawberry-perl-5.16.2.1-64bit-portable\cpan\build\Test-File-1.34-gvv8bI/blib/arch;C:\Users\solimanod\Desktop\strawberry-perl-5.16.2.1-64bit-portable\cpan\build\Test-File-1.34-gvv8bI/blib/lib;C:\Users\solimanod\Desktop\strawberry-perl-5.16.2.1-64bit-portable\cpan\build\DBI-1.627-UILH4y/blib/arch;C:\Users\solimanod\Desktop\strawberry-perl-5.16.2.1-64bit-portable\cpan\build\DBI-1.627-UILH4y/blib/lib;C:\Users\solimanod\Desktop\strawberry-perl-5.16.2.1-64bit-portable\cpan\build\Tree-1.05-gbvtRD/blib/arch;C:\Users\solimanod\Desktop\strawberry-perl-5.16.2.1-64bit-portable\cpan\build\Tree-1.05-gbvtRD/blib/lib"
    PERL5_CPANPLUS_IS_RUNNING="4908"
    PERL5_CPAN_IS_RUNNING="4908"
    PERL5_CPAN_IS_RUNNING_IN_RECURSION="904,4908"
    PERL_CR_SMOKER_CURRENT="Tree-Persist-1.08"
    PERL_EXTUTILS_AUTOINSTALL="--defaultdeps"
    PERL_MM_USE_DEFAULT="1"
  @INC:
    C:\Users\solimanod\Desktop\strawberry-perl-5.16.2.1-64bit-portable\cpan\build\Test-File-Contents-0.21-wgOOds/blib/arch
    C:\Users\solimanod\Desktop\strawberry-perl-5.16.2.1-64bit-portable\cpan\build\Test-File-Contents-0.21-wgOOds/blib/lib
    C:\Users\solimanod\Desktop\strawberry-perl-5.16.2.1-64bit-portable\cpan\build\Test-File-1.34-gvv8bI/blib/arch
    C:\Users\solimanod\Desktop\strawberry-perl-5.16.2.1-64bit-portable\cpan\build\Test-File-1.34-gvv8bI/blib/lib
    C:\Users\solimanod\Desktop\strawberry-perl-5.16.2.1-64bit-portable\cpan\build\DBI-1.627-UILH4y/blib/arch
    C:\Users\solimanod\Desktop\strawberry-perl-5.16.2.1-64bit-portable\cpan\build\DBI-1.627-UILH4y/blib/lib
    C:\Users\solimanod\Desktop\strawberry-perl-5.16.2.1-64bit-portable\cpan\build\Tree-1.05-gbvtRD/blib/arch
    C:\Users\solimanod\Desktop\strawberry-perl-5.16.2.1-64bit-portable\cpan\build\Tree-1.05-gbvtRD/blib/lib
    C:/Users/solimanod/Desktop/strawberry-perl-5.16.2.1-64bit-portable/perl/site/lib
    C:/Users/solimanod/Desktop/strawberry-perl-5.16.2.1-64bit-portable/perl/vendor/lib
    C:/Users/solimanod/Desktop/strawberry-perl-5.16.2.1-64bit-portable/perl/lib
    .