Back
From: metabase:user:30f4dfbe-2aae-11df-837a-5e0a49663a4f
Subject: FAIL Time-Format-1.12 v5.14.3 GNU Hurd
Date: 2013-09-11T18:07:49Z
This distribution has been tested as part of the CPAN Testers
project, supporting the Perl programming language. See
http://wiki.cpantesters.org/ for more information or email
questions to cpan-testers-discuss@perl.org
--
Dear Eric J. Roode,
This is a computer-generated report for Time-Format-1.12
on perl 5.14.3, created by CPAN-Reporter-1.2010.
Thank you for uploading your work to CPAN. However, there was a problem
testing your distribution.
If you think this report is invalid, please consult the CPAN Testers Wiki
for suggestions on how to avoid getting FAIL reports for missing library
or binary dependencies, unsupported operating systems, and so on:
http://wiki.cpantesters.org/wiki/CPANAuthorNotes
Sections of this report:
* Tester comments
* Program output
* Prerequisites
* Environment and other context
------------------------------
TESTER COMMENTS
------------------------------
Additional comments from tester:
this report is from an automated smoke testing program
and was not reviewed by a human for accuracy
------------------------------
PROGRAM OUTPUT
------------------------------
Output from './Build test':
t/0-signature.t .. ok
t/1-load.t ....... ok
t/DateManip.t .... ok
t/DateTime.t ..... ok
t/die.t .......... ok
Undefined subroutine in sort at /home/njh/perl5/perlbrew/perls/perl-5.14.3/lib/site_perl/5.14.3/Date/Manip/TZ.pm line 1494, <DATA> line 1.
# Looks like you planned 26 tests but ran 23.
# Looks like your test exited with 255 just after 23.
t/doc.t ..........
Dubious, test returned 255 (wstat 65280, 0xff00)
Failed 3/26 subtests
t/epoch.t ........ ok
t/export1.t ...... ok
t/export2.t ...... ok
t/export3.t ...... ok
Undefined subroutine in sort at /home/njh/perl5/perlbrew/perls/perl-5.14.3/lib/site_perl/5.14.3/Date/Manip/TZ.pm line 1494, <DATA> line 1.
# Looks like you planned 18 tests but ran 12.
# Looks like your test exited with 255 just after 12.
t/funcs.t ........
Dubious, test returned 255 (wstat 65280, 0xff00)
Failed 6/18 subtests
t/locale.t ....... ok
Undefined subroutine in sort at /home/njh/perl5/perlbrew/perls/perl-5.14.3/lib/site_perl/5.14.3/Date/Manip/TZ.pm line 1494.
# Looks like you planned 6 tests but ran 1.
# Looks like your test exited with 255 just after 1.
t/manip.t ........
Dubious, test returned 255 (wstat 65280, 0xff00)
Failed 5/6 subtests
t/msec.t ......... ok
t/past.t ......... ok
t/quot.t ......... ok
t/strftime.t ..... ok
t/string.t ....... ok
t/time.t ......... ok
t/xs_DateTime.t .. ok
t/xs_doc.t ....... ok
t/xs_funcs.t ..... ok
t/xs_locale.t .... ok
t/xs_quot.t ...... ok
t/xs_time.t ...... ok
Test Summary Report
-------------------
t/doc.t (Wstat: 65280 Tests: 23 Failed: 0)
Non-zero exit status: 255
Parse errors: Bad plan. You planned 26 tests but ran 23.
t/funcs.t (Wstat: 65280 Tests: 12 Failed: 0)
Non-zero exit status: 255
Parse errors: Bad plan. You planned 18 tests but ran 12.
t/manip.t (Wstat: 65280 Tests: 1 Failed: 0)
Non-zero exit status: 255
Parse errors: Bad plan. You planned 6 tests but ran 1.
Files=25, Tests=459, 18 wallclock secs ( 0.28 usr + 3.36 sys = 3.64 CPU)
Result: FAIL
Failed 3/25 test programs. 0/459 subtests failed.
------------------------------
PREREQUISITES
------------------------------
Prerequisite modules loaded:
requires:
Module Need Have
------------- ---- ------
Time::Local 1.07 1.2300
build_requires:
Module Need Have
------------- ---- ------
Test::Simple 0.40 0.98
configure_requires:
Module Need Have
------------- ---- ------
Module::Build 0.4 0.4007
------------------------------
ENVIRONMENT AND OTHER CONTEXT
------------------------------
Environment variables:
AUTOMATED_TESTING = 1
LANG = en_GB.UTF-8
LANGUAGE = en_GB:en
LC_ADDRESS = en_GB.UTF-8
LC_IDENTIFICATION = en_GB.UTF-8
LC_MEASUREMENT = en_GB.UTF-8
LC_MONETARY = en_GB.UTF-8
LC_NAME = en_GB.UTF-8
LC_NUMERIC = en_GB.UTF-8
LC_PAPER = en_GB.UTF-8
LC_TELEPHONE = en_GB.UTF-8
LC_TIME = en_GB.UTF-8
PATH = /home/njh/perl5/perlbrew/bin:/home/njh/perl5/perlbrew/perls/perl-5.14.3/bin:/home/njh/perl5/perlbrew/bin:/home/njh/bin:/usr/local/bin:/usr/bin:/bin:/usr/local/games:/usr/games
PERL5LIB = /home/njh/.cpan/build/Config-Simple-4.58-dg4HKM/blib/arch:/home/njh/.cpan/build/Config-Simple-4.58-dg4HKM/blib/lib
PERL5OPT =
PERL5_CPANPLUS_IS_RUNNING = 23428
PERL5_CPAN_IS_RUNNING = 23428
PERL5_CPAN_IS_RUNNING_IN_RECURSION = 15868,23428
PERLBREW_BASHRC_VERSION = 0.66
PERLBREW_HOME = /home/njh/.perlbrew
PERLBREW_MANPATH = /home/njh/perl5/perlbrew/perls/perl-5.14.3/man
PERLBREW_PATH = /home/njh/perl5/perlbrew/bin:/home/njh/perl5/perlbrew/perls/perl-5.14.3/bin
PERLBREW_PERL = perl-5.14.3
PERLBREW_ROOT = /home/njh/perl5/perlbrew
PERLBREW_VERSION = 0.66
PERL_CR_SMOKER_CURRENT = Config-Simple-Extended-0.15
PERL_CR_SMOKER_RUNONCE = 1
PERL_EXTUTILS_AUTOINSTALL = --defaultdeps
PERL_MM_USE_DEFAULT = 1
SHELL = /bin/bash
TERM = xterm
Perl special variables (and OS-specific diagnostics, for MSWin32):
$^X = /home/njh/perl5/perlbrew/perls/perl-5.14.3/bin/perl
$UID/$EUID = 1000 / 1000
$GID = 1000 1000 24 25 29 30 44 46
$EGID = 1000 1000 24 25 29 30 44 46
Perl module toolchain versions installed:
Module Have
------------------- --------
CPAN 2.00
CPAN::Meta 2.132140
Cwd 3.40
ExtUtils::CBuilder 0.280205
ExtUtils::Command 1.17
ExtUtils::Install 1.56
ExtUtils::MakeMaker 6.74
ExtUtils::Manifest 1.61
ExtUtils::ParseXS 3.22
File::Spec 3.40
JSON 2.59
JSON::PP 2.27202
Module::Build 0.4007
Module::Signature 0.73
Parse::CPAN::Meta 1.4405
Test::Harness 3.28
Test::More 0.98
YAML 0.84
YAML::Syck 1.27
version 0.9904
--
Summary of my perl5 (revision 5 version 14 subversion 3) configuration:
Platform:
osname=gnu, osvers=0.3, archname=i686-AT386-gnu-thread-multi
uname='gnu qemu 0.3 gnu-mach 1.3.99-486hurd-0.3 i686-at386 gnu '
config_args='-de -Dprefix=/home/njh/perl5/perlbrew/perls/perl-5.14.3 -Duseithreads -Dusemultiplicity -Accflags=-O2 -W -Wformat=2 -Wswitch -Wshadow -Wwrite-strings -Wuninitialized -Wall -pipe -mtune=native -march=native -fomit-frame-pointer -msse2 -msse3 -msse -mmmx -mfpmath=sse -pedantic -D_FORTIFY_SOURCE=2 -Wpointer-arith -Wstrict-prototypes -fstack-protector -Wstack-protector -Wextra -Wbad-function-cast -Wcast-align -Wcast-qual -Wdisabled-optimization -Wendif-labels -Wfloat-equal -Wformat-nonliteral -Winline -Wmissing-declarations -Wmissing-prototypes -Wnested-externs -Wpointer-arith -Wundef -Wformat-security -Aeval:scriptdir=/home/njh/perl5/perlbrew/perls/perl-5.14.3/bin'
hint=recommended, useposix=true, d_sigaction=define
useithreads=define, usemultiplicity=define
useperlio=define, d_sfio=undef, uselargefiles=define, usesocks=undef
use64bitint=undef, use64bitall=undef, uselongdouble=undef
usemymalloc=y, bincompat5005=undef
Compiler:
cc='cc', ccflags ='-D_GNU_SOURCE -O2 -W -Wformat=2 -Wswitch -Wshadow -Wwrite-strings -Wuninitialized -Wall -pipe -mtune=native -march=native -fomit-frame-pointer -msse2 -msse3 -msse -mmmx -mfpmath=sse -pedantic -D_FORTIFY_SOURCE=2 -Wpointer-arith -Wstrict-prototypes -fstack-protector -Wstack-protector -Wextra -Wbad-function-cast -Wcast-align -Wcast-qual -Wdisabled-optimization -Wendif-labels -Wfloat-equal -Wformat-nonliteral -Winline -Wmissing-declarations -Wmissing-prototypes -Wnested-externs -Wpointer-arith -Wundef -Wformat-security -fno-strict-aliasing -I/usr/local/include -D_LARGEFILE_SOURCE -D_FILE_OFFSET_BITS=64',
optimize='-O2',
cppflags='-D_GNU_SOURCE -O2 -W -Wformat=2 -Wswitch -Wshadow -Wwrite-strings -Wuninitialized -Wall -pipe -mtune=native -march=native -fomit-frame-pointer -msse2 -msse3 -msse -mmmx -mfpmath=sse -pedantic -D_FORTIFY_SOURCE=2 -Wpointer-arith -Wstrict-prototypes -fstack-protector -Wstack-protector -Wextra -Wbad-function-cast -Wcast-align -Wcast-qual -Wdisabled-optimization -Wendif-labels -Wfloat-equal -Wformat-nonliteral -Winline -Wmissing-declarations -Wmissing-prototypes -Wnested-externs -Wpointer-arith -Wundef -Wformat-security -fno-strict-aliasing -I/usr/local/include'
ccversion='', gccversion='4.7.1', gccosandvers=''
intsize=4, longsize=4, ptrsize=4, doublesize=8, byteorder=1234
d_longlong=define, longlongsize=8, d_longdbl=define, longdblsize=12
ivtype='long', ivsize=4, nvtype='double', nvsize=8, Off_t='off_t', lseeksize=8
alignbytes=4, prototype=define
Linker and Libraries:
ld='cc', ldflags =' -fstack-protector -L/usr/local/lib'
libpth=/usr/local/lib /lib/i386-gnu /lib /usr/lib/i386-gnu /usr/lib
libs=-lgdbm -ldb -ldl -lm -lcrypt -lutil -lpthread -lbsd -lgdbm_compat
perllibs=-ldl -lm -lcrypt -lutil -lpthread -lbsd
libc=, so=so, useshrplib=false, libperl=libperl.a
gnulibc_version='2.13'
Dynamic Linking:
dlsrc=dl_dlopen.xs, dlext=so, d_dlsymun=undef, ccdlflags='-Wl,-E'
cccdlflags='-fpic', lddlflags='-shared -L/usr/local/lib -fstack-protector'
Characteristics of this binary (from libperl):
Compile-time options: MULTIPLICITY MYMALLOC PERL_DONT_CREATE_GVSV
PERL_IMPLICIT_CONTEXT PERL_PRESERVE_IVUV USE_ITHREADS
USE_LARGE_FILES USE_PERLIO USE_PERL_ATOF
USE_REENTRANT_API
Built under gnu
Compiled at Jan 28 2013 12:46:12
%ENV:
PERL5LIB="/home/njh/.cpan/build/Config-Simple-4.58-dg4HKM/blib/arch:/home/njh/.cpan/build/Config-Simple-4.58-dg4HKM/blib/lib"
PERL5OPT=""
PERL5_CPANPLUS_IS_RUNNING="23428"
PERL5_CPAN_IS_RUNNING="23428"
PERL5_CPAN_IS_RUNNING_IN_RECURSION="15868,23428"
PERLBREW_BASHRC_VERSION="0.66"
PERLBREW_HOME="/home/njh/.perlbrew"
PERLBREW_MANPATH="/home/njh/perl5/perlbrew/perls/perl-5.14.3/man"
PERLBREW_PATH="/home/njh/perl5/perlbrew/bin:/home/njh/perl5/perlbrew/perls/perl-5.14.3/bin"
PERLBREW_PERL="perl-5.14.3"
PERLBREW_ROOT="/home/njh/perl5/perlbrew"
PERLBREW_VERSION="0.66"
PERL_CR_SMOKER_CURRENT="Config-Simple-Extended-0.15"
PERL_CR_SMOKER_RUNONCE="1"
PERL_EXTUTILS_AUTOINSTALL="--defaultdeps"
PERL_MM_USE_DEFAULT="1"
@INC:
/home/njh/.cpan/build/Config-Simple-4.58-dg4HKM/blib/arch
/home/njh/.cpan/build/Config-Simple-4.58-dg4HKM/blib/lib
/home/njh/perl5/perlbrew/perls/perl-5.14.3/lib/site_perl/5.14.3/i686-AT386-gnu-thread-multi
/home/njh/perl5/perlbrew/perls/perl-5.14.3/lib/site_perl/5.14.3
/home/njh/perl5/perlbrew/perls/perl-5.14.3/lib/5.14.3/i686-AT386-gnu-thread-multi
/home/njh/perl5/perlbrew/perls/perl-5.14.3/lib/5.14.3
.