pmtools v2.2.0 Perl 5 v5.16.2 i386-freebsd-64int

Status
Fail
From
Chris Williams (BINGOS)
Dist
pmtools v2.2.0
Platform
Perl 5 v5.16.2 i386-freebsd-64int
Date
2018-03-21 02:17:58
ID
128a2e0c-2cae-11e8-9abe-a171f40b351c
This distribution has been tested as part of the CPAN Testers
project, supporting the Perl programming language.  See
http://wiki.cpantesters.org/ for more information or email
questions to cpan-testers-discuss@perl.org


--

Dear MLFISHER,

This is a computer-generated error report created automatically by
CPANPLUS, version 0.9172. Testers personal comments may appear
at the end of this report.


Thank you for uploading your work to CPAN.  However, it appears that
there were some problems testing your distribution.

TEST RESULTS:

Below is the error stack from stage 'make test':

PERL_DL_NONLAZY=1 "/usr/home/cpan/pit/64bit/perl-5.16.2/bin/perl" "-MExtUtils::Command::MM" "-MTest::Harness" "-e" "undef *Test::Harness::Switches; test_harness(0, 'blib/lib', 'blib/arch')" t/*.t t/lib/*.t
t/basepods.t ..... ok
t/faqpods.t ...... ok
t/lib/pmtools.t .. ok
t/modpods.t ...... ok

#   Failed test 'catted module function'
#   at t/pfcat.t line 19.
#                   '=head1 /opt/perl-5.26.1/lib/5.26.1/pod/perlfunc.pod chunk 1650
# 
# =item seek FILEHANDLE,POSITION,WHENCE
# X<seek> X<fseek> X<filehandle, position>
# 
# =head1 /opt/perl-5.26.1/lib/5.26.1/pod/perlfunc.pod chunk 1660
# 
# =item seekdir DIRHANDLE,POS
# X<seekdir>
# 
# =head1 /opt/perl-5.26.1/lib/5.26.1/pod/perlfunc.pod chunk 2115
# 
# =item sysseek FILEHANDLE,POSITION,WHENCE
# X<sysseek> X<lseek>
# 
# =head1 /opt/perl-5.26.1/lib/5.26.1/pod/perlfunc.pod chunk 2148
# 
# =for Pod::Functions get current seekpointer on a filehandle
# 
# Returns the current position I<in bytes> for FILEHANDLE, or -1 on
# error.  FILEHANDLE may be an expression whose value gives the name of
# the actual filehandle.  If FILEHANDLE is omitted, assumes the file
# last read.
# 
# Note the emphasis on bytes: even if the filehandle has been set to operate
# on characters (for example using the C<:encoding(UTF-8)> I/O layer), the
# L<C<seek>|/seek FILEHANDLE,POSITION,WHENCE>,
# L<C<tell>|/tell FILEHANDLE>, and
# L<C<sysseek>|/sysseek FILEHANDLE,POSITION,WHENCE>
# family of functions use byte offsets, not character offsets,
# because seeking to a character offset would be very slow in a UTF-8 file.
# 
# The return value of L<C<tell>|/tell FILEHANDLE> for the standard streams
# like the STDIN depends on the operating system: it may return -1 or
# something else.  L<C<tell>|/tell FILEHANDLE> on pipes, fifos, and
# sockets usually returns -1.
# 
# There is no C<systell> function.  Use
# L<C<sysseek($fh, 0, 1)>|/sysseek FILEHANDLE,POSITION,WHENCE> for that.
# 
# Do not use L<C<tell>|/tell FILEHANDLE> (or other buffered I/O
# operations) on a filehandle that has been manipulated by
# L<C<sysread>|/sysread FILEHANDLE,SCALAR,LENGTH,OFFSET>,
# L<C<syswrite>|/syswrite FILEHANDLE,SCALAR,LENGTH,OFFSET>, or
# L<C<sysseek>|/sysseek FILEHANDLE,POSITION,WHENCE>.  Those functions
# ignore the buffering, while L<C<tell>|/tell FILEHANDLE> does not.
# 
# =head1 /opt/perl-5.26.1/lib/5.26.1/pod/perlfunc.pod chunk 2155
# 
# =for Pod::Functions get current seekpointer on a directory handle
# 
# Returns the current position of the L<C<readdir>|/readdir DIRHANDLE>
# routines on DIRHANDLE.  Value may be given to
# L<C<seekdir>|/seekdir DIRHANDLE,POS> to access a particular location in
# a directory.  L<C<telldir>|/telldir DIRHANDLE> has the same caveats
# about possible directory compaction as the corresponding system library
# routine.
# 
# '
#     doesn't match '(?^:There is no .*systell.* function.\s+Use .*sysseek)'
# Looks like you failed 1 test of 2.
t/pfcat.t ........ 
Dubious, test returned 1 (wstat 256, 0x100)
Failed 1/2 subtests 
t/plxload.t ...... ok
t/pmall.t ........ ok
t/pman.t ......... ok
t/pmcat.t ........ ok
t/pmcheck.t ...... ok
t/pmdesc.t ....... ok
t/pmeth.t ........ ok
t/pmexp.t ........ ok
t/pmfunc.t ....... ok
t/pmload.t ....... ok
t/pmls.t ......... ok
t/pmpath.t ....... ok
t/pmvers.t ....... ok
t/podgrep.t ...... ok
t/pods.t ......... ok
t/podtoc.t ....... ok
t/sitepods.t ..... ok
t/stdpods.t ...... ok

Test Summary Report
-------------------
t/pfcat.t      (Wstat: 256 Tests: 2 Failed: 1)
  Failed test:  2
  Non-zero exit status: 1
Files=23, Tests=51,  5 wallclock secs ( 0.08 usr  0.01 sys +  4.47 cusr  1.24 csys =  5.80 CPU)
Result: FAIL
Failed 1/23 test programs. 1/51 subtests failed.
*** Error code 255

Stop.
make: stopped in /usr/home/cpan/pit/64bit/conf/perl-5.16.2/.cpanplus/5.16.2/build/Z0t77Me7A7/pmtools-2.2.0


PREREQUISITES:

Here is a list of prerequisites you specified and versions we
managed to load:

	  Module Name                        Have     Want
	  ExtUtils::MakeMaker                7.30        0

Perl module toolchain versions installed:
	Module Name                        Have
	CPANPLUS                         0.9172
	CPANPLUS::Dist::Build              0.88
	Cwd                                3.62
	ExtUtils::CBuilder             0.280230
	ExtUtils::Command                  7.30
	ExtUtils::Install                  2.14
	ExtUtils::MakeMaker                7.30
	ExtUtils::Manifest                 1.70
	ExtUtils::ParseXS                  3.35
	File::Spec                         3.62
	Module::Build                    0.4224
	Pod::Parser                        1.51
	Pod::Simple                        3.20
	Test2                          1.302120
	Test::Harness                      3.39
	Test::More                     1.302120
	version                          0.9918

******************************** NOTE ********************************
The comments above are created mechanically, possibly without manual
checking by the sender.  As there are many people performing automatic
tests on each upload to CPAN, it is likely that you will receive
identical messages about the same problem.

If you believe that the message is mistaken, please reply to the first
one with correction and/or additional informations, and do not take
it personally.  We appreciate your patience. :)
**********************************************************************

Additional comments:


This report was machine-generated by CPANPLUS::Dist::YACSmoke 1.02.
Powered by minismokebox version 0.68

------------------------------
ENVIRONMENT AND OTHER CONTEXT
------------------------------

Environment variables:

    AUTOMATED_TESTING = 1
    NONINTERACTIVE_TESTING = 1
    PATH = /usr/home/cpan/pit/64bit/conf/perl-5.16.2/.cpanplus/5.16.2/build/Z0t77Me7A7/pmtools-2.2.0/blib/script:/sbin:/bin:/usr/sbin:/usr/bin:/usr/games:/usr/local/sbin:/usr/local/bin:/home/cpan/bin
    PERL5LIB = :/usr/home/cpan/pit/64bit/conf/perl-5.16.2/.cpanplus/5.16.2/build/Z0t77Me7A7/pmtools-2.2.0/blib/lib:/usr/home/cpan/pit/64bit/conf/perl-5.16.2/.cpanplus/5.16.2/build/Z0t77Me7A7/pmtools-2.2.0/blib/arch
    PERL5_CPANPLUS_IS_RUNNING = 89355
    PERL5_CPANPLUS_IS_VERSION = 0.9172
    PERL5_MINISMOKEBOX = 0.68
    PERL5_YACSMOKE_BASE = /usr/home/cpan/pit/64bit/conf/perl-5.16.2
    PERL_EXTUTILS_AUTOINSTALL = --defaultdeps
    PERL_MM_USE_DEFAULT = 1
    SHELL = /usr/local/bin/bash
    TERM = screen

Perl special variables (and OS-specific diagnostics, for MSWin32):

    Perl: $^X = /usr/home/cpan/pit/64bit/perl-5.16.2/bin/perl
    UID:  $<  = 1002
    EUID: $>  = 1002
    GID:  $(  = 1002 1002
    EGID: $)  = 1002 1002


-------------------------------


--

Summary of my perl5 (revision 5 version 16 subversion 2) configuration:
   
  Platform:
    osname=freebsd, osvers=10.3-release-p2, archname=i386-freebsd-64int
    uname='freebsd froggle 10.3-release-p2 freebsd 10.3-release-p2 #0: wed may 4 14:06:02 utc 2016 root@amd64-builder.daemonology.net:usrobjusrsrcsysgeneric i386 '
    config_args='-des -Dprefix=/usr/home/cpan/pit/64bit/perl-5.16.2 -Duse64bitint'
    hint=recommended, useposix=true, d_sigaction=define
    useithreads=undef, usemultiplicity=undef
    useperlio=define, d_sfio=undef, uselargefiles=define, usesocks=undef
    use64bitint=define, use64bitall=undef, uselongdouble=undef
    usemymalloc=n, bincompat5005=undef
  Compiler:
    cc='cc', ccflags ='-DHAS_FPSETMASK -DHAS_FLOATINGPOINT_H -fno-strict-aliasing -pipe -fstack-protector -I/usr/local/include',
    optimize='-O',
    cppflags='-DHAS_FPSETMASK -DHAS_FLOATINGPOINT_H -fno-strict-aliasing -pipe -fstack-protector -I/usr/local/include'
    ccversion='', gccversion='4.2.1 Compatible FreeBSD Clang 3.4.1 (tags/RELEASE_34/dot1-final 208032)', gccosandvers=''
    intsize=4, longsize=4, ptrsize=4, doublesize=8, byteorder=12345678
    d_longlong=define, longlongsize=8, d_longdbl=define, longdblsize=12
    ivtype='long long', ivsize=8, nvtype='double', nvsize=8, Off_t='off_t', lseeksize=8
    alignbytes=4, prototype=define
  Linker and Libraries:
    ld='cc', ldflags ='-Wl,-E  -fstack-protector -L/usr/local/lib'
    libpth=/usr/lib /usr/local/lib
    libs=-lgdbm -lm -lcrypt -lutil -lc
    perllibs=-lm -lcrypt -lutil -lc
    libc=, so=so, useshrplib=false, libperl=libperl.a
    gnulibc_version=''
  Dynamic Linking:
    dlsrc=dl_dlopen.xs, dlext=so, d_dlsymun=undef, ccdlflags=' '
    cccdlflags='-DPIC -fPIC', lddlflags='-shared  -L/usr/local/lib -fstack-protector'


Characteristics of this binary (from libperl): 
  Compile-time options: HAS_TIMES PERLIO_LAYERS PERL_DONT_CREATE_GVSV
                        PERL_MALLOC_WRAP PERL_PRESERVE_IVUV USE_64_BIT_INT
                        USE_LARGE_FILES USE_LOCALE USE_LOCALE_COLLATE
                        USE_LOCALE_CTYPE USE_LOCALE_NUMERIC USE_PERLIO
                        USE_PERL_ATOF
  Locally applied patches:
	Devel::PatchPerl 1.42
  Built under freebsd
  Compiled at May  8 2016 23:24:12
  %ENV:
    PERL5LIB=":/usr/home/cpan/pit/64bit/conf/perl-5.16.2/.cpanplus/5.16.2/build/Z0t77Me7A7/pmtools-2.2.0/blib/lib:/usr/home/cpan/pit/64bit/conf/perl-5.16.2/.cpanplus/5.16.2/build/Z0t77Me7A7/pmtools-2.2.0/blib/arch"
    PERL5_CPANPLUS_IS_RUNNING="89355"
    PERL5_CPANPLUS_IS_VERSION="0.9172"
    PERL5_MINISMOKEBOX="0.68"
    PERL5_YACSMOKE_BASE="/usr/home/cpan/pit/64bit/conf/perl-5.16.2"
    PERL_EXTUTILS_AUTOINSTALL="--defaultdeps"
    PERL_MM_USE_DEFAULT="1"
  @INC:
    /usr/home/cpan/pit/64bit/conf/perl-5.16.2/.cpanplus/5.16.2/build/Z0t77Me7A7/pmtools-2.2.0/blib/lib
    /usr/home/cpan/pit/64bit/conf/perl-5.16.2/.cpanplus/5.16.2/build/Z0t77Me7A7/pmtools-2.2.0/blib/arch
    /usr/home/cpan/pit/64bit/perl-5.16.2/lib/site_perl/5.16.2/i386-freebsd-64int
    /usr/home/cpan/pit/64bit/perl-5.16.2/lib/site_perl/5.16.2
    /usr/home/cpan/pit/64bit/perl-5.16.2/lib/5.16.2/i386-freebsd-64int
    /usr/home/cpan/pit/64bit/perl-5.16.2/lib/5.16.2
    .