Report for Email-Address-List-0.02

Back
From: metabase:user:322078bc-2aae-11df-837a-5e0a49663a4f
Subject: FAIL Email-Address-List-0.02 v5.18.2 Debian GNU/kFreeBSD
Date: 2014-01-31T08:31:25Z

This distribution has been tested as part of the CPAN Testers
project, supporting the Perl programming language.  See
http://wiki.cpantesters.org/ for more information or email
questions to cpan-testers-discuss@perl.org


--

Dear ALEXMV,

This is a computer-generated error report created automatically by
CPANPLUS, version 0.9144. Testers personal comments may appear
at the end of this report.


Thank you for uploading your work to CPAN.  However, it appears that
there were some problems testing your distribution.

TEST RESULTS:

Below is the error stack from stage 'make test':

PERL_DL_NONLAZY=1 /home/cpan/pit/64bit/perl-5.18.2/bin/perl5.18.2 "-MExtUtils::Command::MM" "-MTest::Harness" "-e" "undef *Test::Harness::Switches; test_harness(0, 'inc', 'blib/lib', 'blib/arch')" t/*.t

t/basics.t ............... 
Dubious, test returned 255 (wstat 65280, 0xff00)
Failed 3/3 subtests 
#   Failed test 'use Email::Address::List;'
#   at t/basics.t line 3.
#     Tried to use 'Email::Address::List'.
#     Error:  Can't locate Email/Address.pm in @INC (you may need to install the Email::Address module) (@INC contains: /home/cpan/pit/64bit/conf/perl-5.18.2/.cpanplus/5.18.2/build/Email-Address-List-0.02/inc /home/cpan/pit/64bit/conf/perl-5.18.2/.cpanplus/5.18.2/build/Email-Address-List-0.02/blib/lib /home/cpan/pit/64bit/conf/perl-5.18.2/.cpanplus/5.18.2/build/Email-Address-List-0.02/blib/arch /home/cpan/pit/64bit/conf/perl-5.18.2/.cpanplus/5.18.2/build/Email-Address-List-0.02/blib/lib /home/cpan/pit/64bit/conf/perl-5.18.2/.cpanplus/5.18.2/build/Email-Address-List-0.02/blib/arch /home/cpan/pit/64bit/perl-5.18.2/lib/site_perl/5.18.2/i686-gnukfreebsd-64int /home/cpan/pit/64bit/perl-5.18.2/lib/site_perl/5.18.2 /home/cpan/pit/64bit/perl-5.18.2/lib/5.18.2/i686-gnukfreebsd-64int /home/cpan/pit/64bit/perl-5.18.2/lib/5.18.2 .) at /home/cpan/pit/64bit/conf/perl-5.18.2/.cpanplus/5.18.2/build/Email-Address-List-0.02/blib/lib/Email/Address/List.pm line 6.
# BEGIN failed--compilation aborted at /home/cpan/pit/64bit/conf/perl-5.18.2/.cpanplus/5.18.2/build/Email-Address-List-0.02/blib/lib/Email/Address/List.pm line 6.
# Compilation failed in require at t/basics.t line 3.
# BEGIN failed--compilation aborted at t/basics.t line 3.
Can't locate object method "parse" via package "Email::Address::List" at t/basics.t line 6.
# Looks like you planned 3 tests but ran 1.
# Looks like you failed 1 test of 1 run.
# Looks like your test exited with 255 just after 1.

t/invalid.t .............. 
Dubious, test returned 255 (wstat 65280, 0xff00)
Failed 4/4 subtests 
#   Failed test 'use Email::Address::List;'
#   at t/invalid.t line 3.
#     Tried to use 'Email::Address::List'.
#     Error:  Can't locate Email/Address.pm in @INC (you may need to install the Email::Address module) (@INC contains: /home/cpan/pit/64bit/conf/perl-5.18.2/.cpanplus/5.18.2/build/Email-Address-List-0.02/inc /home/cpan/pit/64bit/conf/perl-5.18.2/.cpanplus/5.18.2/build/Email-Address-List-0.02/blib/lib /home/cpan/pit/64bit/conf/perl-5.18.2/.cpanplus/5.18.2/build/Email-Address-List-0.02/blib/arch /home/cpan/pit/64bit/conf/perl-5.18.2/.cpanplus/5.18.2/build/Email-Address-List-0.02/blib/lib /home/cpan/pit/64bit/conf/perl-5.18.2/.cpanplus/5.18.2/build/Email-Address-List-0.02/blib/arch /home/cpan/pit/64bit/perl-5.18.2/lib/site_perl/5.18.2/i686-gnukfreebsd-64int /home/cpan/pit/64bit/perl-5.18.2/lib/site_perl/5.18.2 /home/cpan/pit/64bit/perl-5.18.2/lib/5.18.2/i686-gnukfreebsd-64int /home/cpan/pit/64bit/perl-5.18.2/lib/5.18.2 .) at /home/cpan/pit/64bit/conf/perl-5.18.2/.cpanplus/5.18.2/build/Email-Address-List-0.02/blib/lib/Email/Address/List.pm line 6.
# BEGIN failed--compilation aborted at /home/cpan/pit/64bit/conf/perl-5.18.2/.cpanplus/5.18.2/build/Email-Address-List-0.02/blib/lib/Email/Address/List.pm line 6.
# Compilation failed in require at t/invalid.t line 3.
# BEGIN failed--compilation aborted at t/invalid.t line 3.
Can't locate object method "parse" via package "Email::Address::List" at t/invalid.t line 24.
# Looks like you planned 4 tests but ran 1.
# Looks like you failed 1 test of 1 run.
# Looks like your test exited with 255 just after 1.
Can't locate Email/Address.pm in @INC (you may need to install the Email::Address module) (@INC contains: /home/cpan/pit/64bit/conf/perl-5.18.2/.cpanplus/5.18.2/build/Email-Address-List-0.02/inc /home/cpan/pit/64bit/conf/perl-5.18.2/.cpanplus/5.18.2/build/Email-Address-List-0.02/blib/lib /home/cpan/pit/64bit/conf/perl-5.18.2/.cpanplus/5.18.2/build/Email-Address-List-0.02/blib/arch /home/cpan/pit/64bit/conf/perl-5.18.2/.cpanplus/5.18.2/build/Email-Address-List-0.02/blib/lib /home/cpan/pit/64bit/conf/perl-5.18.2/.cpanplus/5.18.2/build/Email-Address-List-0.02/blib/arch /home/cpan/pit/64bit/perl-5.18.2/lib/site_perl/5.18.2/i686-gnukfreebsd-64int /home/cpan/pit/64bit/perl-5.18.2/lib/site_perl/5.18.2 /home/cpan/pit/64bit/perl-5.18.2/lib/5.18.2/i686-gnukfreebsd-64int /home/cpan/pit/64bit/perl-5.18.2/lib/5.18.2 .) at /home/cpan/pit/64bit/conf/perl-5.18.2/.cpanplus/5.18.2/build/Email-Address-List-0.02/blib/lib/Email/Address/List.pm line 6.
BEGIN failed--compilation aborted at /home/cpan/pit/64bit/conf/perl-5.18.2/.cpanplus/5.18.2/build/Email-Address-List-0.02/blib/lib/Email/Address/List.pm line 6.
Compilation failed in require at t/pathological.t line 3.
BEGIN failed--compilation aborted at t/pathological.t line 3.
t/pathological.t ......... 
Dubious, test returned 2 (wstat 512, 0x200)
Failed 1/1 subtests 
# Looks like your test exited with 2 before it could output anything.
Can't locate JSON.pm in @INC (you may need to install the JSON module) (@INC contains: /home/cpan/pit/64bit/conf/perl-5.18.2/.cpanplus/5.18.2/build/Email-Address-List-0.02/inc /home/cpan/pit/64bit/conf/perl-5.18.2/.cpanplus/5.18.2/build/Email-Address-List-0.02/blib/lib /home/cpan/pit/64bit/conf/perl-5.18.2/.cpanplus/5.18.2/build/Email-Address-List-0.02/blib/arch /home/cpan/pit/64bit/conf/perl-5.18.2/.cpanplus/5.18.2/build/Email-Address-List-0.02/blib/lib /home/cpan/pit/64bit/conf/perl-5.18.2/.cpanplus/5.18.2/build/Email-Address-List-0.02/blib/arch /home/cpan/pit/64bit/perl-5.18.2/lib/site_perl/5.18.2/i686-gnukfreebsd-64int /home/cpan/pit/64bit/perl-5.18.2/lib/site_perl/5.18.2 /home/cpan/pit/64bit/perl-5.18.2/lib/5.18.2/i686-gnukfreebsd-64int /home/cpan/pit/64bit/perl-5.18.2/lib/5.18.2 .) at t/random.combinations.t line 5.
BEGIN failed--compilation aborted at t/random.combinations.t line 5.
t/random.combinations.t .. 
Dubious, test returned 2 (wstat 512, 0x200)
No subtests run 
Can't locate JSON.pm in @INC (you may need to install the JSON module) (@INC contains: /home/cpan/pit/64bit/conf/perl-5.18.2/.cpanplus/5.18.2/build/Email-Address-List-0.02/inc /home/cpan/pit/64bit/conf/perl-5.18.2/.cpanplus/5.18.2/build/Email-Address-List-0.02/blib/lib /home/cpan/pit/64bit/conf/perl-5.18.2/.cpanplus/5.18.2/build/Email-Address-List-0.02/blib/arch /home/cpan/pit/64bit/conf/perl-5.18.2/.cpanplus/5.18.2/build/Email-Address-List-0.02/blib/lib /home/cpan/pit/64bit/conf/perl-5.18.2/.cpanplus/5.18.2/build/Email-Address-List-0.02/blib/arch /home/cpan/pit/64bit/perl-5.18.2/lib/site_perl/5.18.2/i686-gnukfreebsd-64int /home/cpan/pit/64bit/perl-5.18.2/lib/site_perl/5.18.2 /home/cpan/pit/64bit/perl-5.18.2/lib/5.18.2/i686-gnukfreebsd-64int /home/cpan/pit/64bit/perl-5.18.2/lib/5.18.2 .) at t/single.suit.t line 5.
BEGIN failed--compilation aborted at t/single.suit.t line 5.
t/single.suit.t .......... 
Dubious, test returned 2 (wstat 512, 0x200)
No subtests run 

Test Summary Report
-------------------
t/basics.t             (Wstat: 65280 Tests: 1 Failed: 1)
  Failed test:  1
  Non-zero exit status: 255
  Parse errors: Bad plan.  You planned 3 tests but ran 1.
t/invalid.t            (Wstat: 65280 Tests: 1 Failed: 1)
  Failed test:  1
  Non-zero exit status: 255
  Parse errors: Bad plan.  You planned 4 tests but ran 1.
t/pathological.t       (Wstat: 512 Tests: 0 Failed: 0)
  Non-zero exit status: 2
  Parse errors: Bad plan.  You planned 1 tests but ran 0.
t/random.combinations.t (Wstat: 512 Tests: 0 Failed: 0)
  Non-zero exit status: 2
  Parse errors: No plan found in TAP output
t/single.suit.t        (Wstat: 512 Tests: 0 Failed: 0)
  Non-zero exit status: 2
  Parse errors: No plan found in TAP output
Files=5, Tests=2,  0 wallclock secs ( 0.03 usr  0.00 sys +  0.07 cusr  0.03 csys =  0.13 CPU)
Result: FAIL
Failed 5/5 test programs. 2/2 subtests failed.
make: *** [test_dynamic] Error 2



MISSING PREREQUISITES:

It was observed that the test suite seem to fail without these modules:

Email::Address
JSON

As such, adding the prerequisite module(s) to 'PREREQ_PM' in your
Makefile.PL should solve this problem.  For example:

WriteMakefile(
    AUTHOR      => 'ALEXMV (cpanplus-info@lists.sf.net)',
    ... # other information
    PREREQ_PM   => {
	'Email::Address'	=> '0', # or a minimum working version
	'JSON'	=> '0', # or a minimum working version
    }
);

Thanks! :-)

PREREQUISITES:

Here is a list of prerequisites you specified and versions we
managed to load:

	  Module Name                        Have     Want
	  ExtUtils::MakeMaker                6.86     6.36

Perl module toolchain versions installed:
	Module Name                        Have
	CPANPLUS                         0.9144
	CPANPLUS::Dist::Build              0.76
	Cwd                                3.40
	ExtUtils::CBuilder             0.280212
	ExtUtils::Command                  1.17
	ExtUtils::Install                  1.59
	ExtUtils::MakeMaker                6.86
	ExtUtils::Manifest                 1.63
	ExtUtils::ParseXS                  3.22
	File::Spec                         3.40
	Module::Build                    0.4204
	Pod::Parser                        1.60
	Pod::Simple                        3.28
	Test::Harness                      3.30
	Test::More                     1.001002
	version                          0.9907

******************************** NOTE ********************************
The comments above are created mechanically, possibly without manual
checking by the sender.  As there are many people performing automatic
tests on each upload to CPAN, it is likely that you will receive
identical messages about the same problem.

If you believe that the message is mistaken, please reply to the first
one with correction and/or additional informations, and do not take
it personally.  We appreciate your patience. :)
**********************************************************************

Additional comments:


This report was machine-generated by CPANPLUS::Dist::YACSmoke 0.90.
Powered by minismokebox version 0.58

------------------------------
ENVIRONMENT AND OTHER CONTEXT
------------------------------

Environment variables:

    AUTOMATED_TESTING = 1
    LANG = en_GB.UTF-8
    LANGUAGE = en_GB:en
    NONINTERACTIVE_TESTING = 1
    PATH = /usr/local/bin:/usr/bin:/bin:/usr/local/games:/usr/games
    PERL5LIB = :/home/cpan/pit/64bit/conf/perl-5.18.2/.cpanplus/5.18.2/build/Email-Address-List-0.02/blib/lib:/home/cpan/pit/64bit/conf/perl-5.18.2/.cpanplus/5.18.2/build/Email-Address-List-0.02/blib/arch
    PERL5_CPANPLUS_IS_RUNNING = 33203
    PERL5_CPANPLUS_IS_VERSION = 0.9144
    PERL5_MINISMOKEBOX = 0.58
    PERL5_YACSMOKE_BASE = /home/cpan/pit/64bit/conf/perl-5.18.2
    PERL_EXTUTILS_AUTOINSTALL = --defaultdeps
    PERL_MM_USE_DEFAULT = 1
    SHELL = /bin/bash
    TERM = screen

Perl special variables (and OS-specific diagnostics, for MSWin32):

    Perl: $^X = /home/cpan/pit/64bit/perl-5.18.2/bin/perl5.18.2
    UID:  $<  = 1001
    EUID: $>  = 1001
    GID:  $(  = 1001 1001
    EGID: $)  = 1001 1001


-------------------------------


--

Summary of my perl5 (revision 5 version 18 subversion 2) configuration:
   
  Platform:
    osname=gnukfreebsd, osvers=8.1-1-686, archname=i686-gnukfreebsd-64int
    uname='gnukfreebsd kaiser 8.1-1-686 #0 sun feb 17 17:09:24 utc 2013 i686 i386 intel(r) pentium(r) cpu g840 @ 2.80ghz gnukfreebsd '
    config_args='-des -Dprefix=/home/cpan/pit/64bit/perl-5.18.2 -Duse64bitint'
    hint=recommended, useposix=true, d_sigaction=define
    useithreads=undef, usemultiplicity=undef
    useperlio=define, d_sfio=undef, uselargefiles=define, usesocks=undef
    use64bitint=define, use64bitall=undef, uselongdouble=undef
    usemymalloc=n, bincompat5005=undef
  Compiler:
    cc='cc', ccflags ='-fno-strict-aliasing -pipe -fstack-protector -I/usr/local/include -D_LARGEFILE_SOURCE -D_FILE_OFFSET_BITS=64',
    optimize='-O2',
    cppflags='-fno-strict-aliasing -pipe -fstack-protector -I/usr/local/include'
    ccversion='', gccversion='4.4.5', gccosandvers=''
    intsize=4, longsize=4, ptrsize=4, doublesize=8, byteorder=12345678
    d_longlong=define, longlongsize=8, d_longdbl=define, longdblsize=12
    ivtype='long long', ivsize=8, nvtype='double', nvsize=8, Off_t='off_t', lseeksize=8
    alignbytes=4, prototype=define
  Linker and Libraries:
    ld='cc', ldflags =' -fstack-protector -L/usr/local/lib'
    libpth=/usr/local/lib /lib /usr/lib
    libs=-lnsl -lgdbm -ldb -ldl -lm -lcrypt -lutil -lc -lgdbm_compat
    perllibs=-lnsl -ldl -lm -lcrypt -lutil -lc
    libc=, so=so, useshrplib=false, libperl=libperl.a
    gnulibc_version='2.11.3'
  Dynamic Linking:
    dlsrc=dl_dlopen.xs, dlext=so, d_dlsymun=undef, ccdlflags='-Wl,-E'
    cccdlflags='-fpic', lddlflags='-shared -O2 -L/usr/local/lib -fstack-protector'


Characteristics of this binary (from libperl): 
  Compile-time options: HAS_TIMES PERLIO_LAYERS PERL_DONT_CREATE_GVSV
                        PERL_HASH_FUNC_ONE_AT_A_TIME_HARD PERL_MALLOC_WRAP
                        PERL_PRESERVE_IVUV PERL_SAWAMPERSAND USE_64_BIT_INT
                        USE_LARGE_FILES USE_LOCALE USE_LOCALE_COLLATE
                        USE_LOCALE_CTYPE USE_LOCALE_NUMERIC USE_PERLIO
                        USE_PERL_ATOF
  Built under gnukfreebsd
  Compiled at Jan 29 2014 12:41:27
  %ENV:
    PERL5LIB=":/home/cpan/pit/64bit/conf/perl-5.18.2/.cpanplus/5.18.2/build/Email-Address-List-0.02/blib/lib:/home/cpan/pit/64bit/conf/perl-5.18.2/.cpanplus/5.18.2/build/Email-Address-List-0.02/blib/arch"
    PERL5_CPANPLUS_IS_RUNNING="33203"
    PERL5_CPANPLUS_IS_VERSION="0.9144"
    PERL5_MINISMOKEBOX="0.58"
    PERL5_YACSMOKE_BASE="/home/cpan/pit/64bit/conf/perl-5.18.2"
    PERL_EXTUTILS_AUTOINSTALL="--defaultdeps"
    PERL_MM_USE_DEFAULT="1"
  @INC:
    /home/cpan/pit/64bit/conf/perl-5.18.2/.cpanplus/5.18.2/build/Email-Address-List-0.02/blib/lib
    /home/cpan/pit/64bit/conf/perl-5.18.2/.cpanplus/5.18.2/build/Email-Address-List-0.02/blib/arch
    /home/cpan/pit/64bit/perl-5.18.2/lib/site_perl/5.18.2/i686-gnukfreebsd-64int
    /home/cpan/pit/64bit/perl-5.18.2/lib/site_perl/5.18.2
    /home/cpan/pit/64bit/perl-5.18.2/lib/5.18.2/i686-gnukfreebsd-64int
    /home/cpan/pit/64bit/perl-5.18.2/lib/5.18.2
    .