Report for Net-IMP-HTTP-0.51

Back
From: metabase:user:6f0cc372-4c19-11e2-91ab-d83883dc70e1
Subject: FAIL Net-IMP-HTTP-0.51 v5.16.2 SunOS/Solaris
Date: 2013-02-20T11:31:31Z

This distribution has been tested as part of the CPAN Testers
project, supporting the Perl programming language.  See
http://wiki.cpantesters.org/ for more information or email
questions to cpan-testers-discuss@perl.org


--
Dear Steffen Ullrich,

This is a computer-generated report for Net-IMP-HTTP-0.51
on perl 5.16.2, created by CPAN-Reporter-1.2009.

Thank you for uploading your work to CPAN.  However, there was a problem
testing your distribution.

If you think this report is invalid, please consult the CPAN Testers Wiki
for suggestions on how to avoid getting FAIL reports for missing library
or binary dependencies, unsupported operating systems, and so on:

http://wiki.cpantesters.org/wiki/CPANAuthorNotes

Sections of this report:

    * Tester comments
    * Program output
    * Prerequisites
    * Environment and other context

------------------------------
TESTER COMMENTS
------------------------------

Additional comments from tester:

this report is from an automated smoke testing program
and was not reviewed by a human for accuracy

------------------------------
PROGRAM OUTPUT
------------------------------

Output from '/usr/bin/make test':

PERL_DL_NONLAZY=1 /home/dana/perl5/perlbrew/perls/perl-5.16.2/bin/perl "-MExtUtils::Command::MM" "-e" "test_harness(0, 'blib/lib', 'blib/arch')" t/*.t

#   Failed test 'Net::IMP::HTTP'
#   at t/01_load.t line 17.

#   Failed test 'Net::IMP::HTTP::Connection'
#   at t/01_load.t line 17.

#   Failed test 'Net::IMP::Adaptor::STREAM2HTTPConn'
#   at t/01_load.t line 17.

#   Failed test 'Net::IMP::HTTP::Request'
#   at t/01_load.t line 17.

#   Failed test 'Net::IMP::HTTP::LogFormData'
#   at t/01_load.t line 29.
Argument "2.08_01" isn't numeric in numeric le (<=) at t/01_load.t line 26.

#   Failed test 'Net::IMP::HTTP::SaveResponse'
#   at t/01_load.t line 29.

#   Failed test 'Net::IMP::HTTP::Example::AddXFooHeader'
#   at t/01_load.t line 17.
# Looks like you failed 7 tests of 8.
t/01_load.t ......... 
Dubious, test returned 7 (wstat 1792, 0x700)
Failed 7/8 subtests 
	(less 1 skipped subtest: 0 okay)
cannot determine id for http at /home/dana/.cpan/build/Net-IMP-HTTP-0.51-HpQq1e/blib/lib/Net/IMP/HTTP.pm line 12.
Compilation failed in require at t/02_http.t line 8.
BEGIN failed--compilation aborted at t/02_http.t line 8.
t/02_http.t ......... 
Dubious, test returned 255 (wstat 65280, 0xff00)
No subtests run 
cannot determine id for http at /home/dana/.cpan/build/Net-IMP-HTTP-0.51-HpQq1e/blib/lib/Net/IMP/HTTP.pm line 12.
Compilation failed in require at t/03_httprq.t line 9.
BEGIN failed--compilation aborted at t/03_httprq.t line 9.
t/03_httprq.t ....... 
Dubious, test returned 255 (wstat 65280, 0xff00)
No subtests run 
cannot determine id for http at /home/dana/.cpan/build/Net-IMP-HTTP-0.51-HpQq1e/blib/lib/Net/IMP/HTTP.pm line 12.
Compilation failed in require at t/04_addxfoo.t line 9.
BEGIN failed--compilation aborted at t/04_addxfoo.t line 9.
t/04_addxfoo.t ...... 
Dubious, test returned 255 (wstat 65280, 0xff00)
No subtests run 
cannot determine id for http at /home/dana/.cpan/build/Net-IMP-HTTP-0.51-HpQq1e/blib/lib/Net/IMP/HTTP.pm line 12.
Compilation failed in require at t/05_logformdata.t line 9.
BEGIN failed--compilation aborted at t/05_logformdata.t line 9.
t/05_logformdata.t .. 
Dubious, test returned 255 (wstat 65280, 0xff00)
No subtests run 

Test Summary Report
-------------------
t/01_load.t       (Wstat: 1792 Tests: 8 Failed: 7)
  Failed tests:  1-7
  Non-zero exit status: 7
t/02_http.t       (Wstat: 65280 Tests: 0 Failed: 0)
  Non-zero exit status: 255
  Parse errors: No plan found in TAP output
t/03_httprq.t     (Wstat: 65280 Tests: 0 Failed: 0)
  Non-zero exit status: 255
  Parse errors: No plan found in TAP output
t/04_addxfoo.t    (Wstat: 65280 Tests: 0 Failed: 0)
  Non-zero exit status: 255
  Parse errors: No plan found in TAP output
t/05_logformdata.t (Wstat: 65280 Tests: 0 Failed: 0)
  Non-zero exit status: 255
  Parse errors: No plan found in TAP output
Files=5, Tests=8,  0 wallclock secs ( 0.10 usr  0.04 sys +  0.31 cusr  0.17 csys =  0.62 CPU)
Result: FAIL
Failed 5/5 test programs. 7/8 subtests failed.
*** Error code 255
make: Fatal error: Command failed for target `test_dynamic'

------------------------------
PREREQUISITES
------------------------------

Prerequisite modules loaded:

requires:

    Module              Need Have   
    ------------------- ---- -------
    Net::IMP            0.57 0.59   
    Net::Inspect        0.25 0.27   

build_requires:

    Module              Need Have   
    ------------------- ---- -------
    ExtUtils::MakeMaker 0    6.63_02

configure_requires:

    Module              Need Have   
    ------------------- ---- -------
    ExtUtils::MakeMaker 0    6.63_02


------------------------------
ENVIRONMENT AND OTHER CONTEXT
------------------------------

Environment variables:

    AUTOMATED_TESTING = 1
    LANG = en_US.UTF-8
    PATH = /home/dana/perl5/perlbrew/bin:/home/dana/perl5/perlbrew/perls/perl-5.16.2/bin:/usr/bin:/usr/sbin
    PERL5LIB = /home/dana/.cpan/build/Net-IMP-0.59-N1jfu2/blib/arch:/home/dana/.cpan/build/Net-IMP-0.59-N1jfu2/blib/lib:/home/dana/.cpan/build/Net-Inspect-0.27-tEjsSB/blib/arch:/home/dana/.cpan/build/Net-Inspect-0.27-tEjsSB/blib/lib:/home/dana/.cpan/build/Net-Pcap-0.17-2SzvvA/blib/arch:/home/dana/.cpan/build/Net-Pcap-0.17-2SzvvA/blib/lib
    PERL5OPT = 
    PERL5_CPANPLUS_IS_RUNNING = 16205
    PERL5_CPAN_IS_RUNNING = 16205
    PERL5_CPAN_IS_RUNNING_IN_RECURSION = 1908,16205
    PERLBREW_BASHRC_VERSION = 0.58
    PERLBREW_HOME = /home/dana/.perlbrew
    PERLBREW_MANPATH = /home/dana/perl5/perlbrew/perls/perl-5.16.2/man
    PERLBREW_PATH = /home/dana/perl5/perlbrew/bin:/home/dana/perl5/perlbrew/perls/perl-5.16.2/bin
    PERLBREW_PERL = perl-5.16.2
    PERLBREW_ROOT = /home/dana/perl5/perlbrew
    PERLBREW_VERSION = 0.58
    PERL_CR_SMOKER_CURRENT = Net-IMP-HTTP-0.51
    PERL_EXTUTILS_AUTOINSTALL = --defaultdeps
    PERL_MM_USE_DEFAULT = 1
    SHELL = /usr/bin/bash
    TERM = xterm

Perl special variables (and OS-specific diagnostics, for MSWin32):

    $^X = /home/dana/perl5/perlbrew/perls/perl-5.16.2/bin/perl
    $UID/$EUID = 54322 / 54322
    $GID = 10 10
    $EGID = 10 10

Perl module toolchain versions installed:

    Module              Have    
    ------------------- --------
    CPAN                1.9800  
    CPAN::Meta          2.120630
    Cwd                 3.39_02 
    ExtUtils::CBuilder  0.280206
    ExtUtils::Command   1.17    
    ExtUtils::Install   1.58    
    ExtUtils::MakeMaker 6.63_02 
    ExtUtils::Manifest  1.61    
    ExtUtils::ParseXS   3.16    
    File::Spec          3.39_02 
    JSON                2.53    
    JSON::PP            2.27200 
    Module::Build       0.39_01 
    Module::Signature   n/a     
    Parse::CPAN::Meta   1.4402  
    Test::Harness       3.23    
    Test::More          0.98    
    YAML                0.84    
    YAML::Syck          n/a     
    version             0.99    


--

Summary of my perl5 (revision 5 version 16 subversion 2) configuration:
   
  Platform:
    osname=solaris, osvers=2.11, archname=i86pc-solaris
    uname='sunos solaris64 5.11 11.1 i86pc i386 i86pc '
    config_args='-de -Dprefix=/home/dana/perl5/perlbrew/perls/perl-5.16.2 -Dcc=gcc -Aeval:scriptdir=/home/dana/perl5/perlbrew/perls/perl-5.16.2/bin'
    hint=recommended, useposix=true, d_sigaction=define
    useithreads=undef, usemultiplicity=undef
    useperlio=define, d_sfio=undef, uselargefiles=define, usesocks=undef
    use64bitint=undef, use64bitall=undef, uselongdouble=undef
    usemymalloc=n, bincompat5005=undef
  Compiler:
    cc='gcc', ccflags ='-fno-strict-aliasing -pipe -fstack-protector -D_LARGEFILE_SOURCE -D_FILE_OFFSET_BITS=64 -DPERL_USE_SAFE_PUTENV -DPERL_USE_SAFE_PUTENV -DPERL_USE_SAFE_PUTENV -DPERL_USE_SAFE_PUTENV -DPERL_USE_SAFE_PUTENV -DPERL_USE_SAFE_PUTENV -DPERL_USE_SAFE_PUTENV -DPERL_USE_SAFE_PUTENV',
    optimize='-O',
    cppflags='-fno-strict-aliasing -pipe -fstack-protector'
    ccversion='', gccversion='4.5.2', gccosandvers=''
    intsize=4, longsize=4, ptrsize=4, doublesize=8, byteorder=1234
    d_longlong=define, longlongsize=8, d_longdbl=define, longdblsize=12
    ivtype='long', ivsize=4, nvtype='double', nvsize=8, Off_t='off_t', lseeksize=8
    alignbytes=4, prototype=define
  Linker and Libraries:
    ld='gcc', ldflags =' -fstack-protector -L/usr/gnu/lib '
    libpth=/usr/gnu/lib /usr/lib /usr/ccs/lib
    libs=-lsocket -lnsl -lgdbm -ldb -ldl -lm -lc
    perllibs=-lsocket -lnsl -ldl -lm -lc
    libc=/lib/libc.so, so=so, useshrplib=false, libperl=libperl.a
    gnulibc_version=''
  Dynamic Linking:
    dlsrc=dl_dlopen.xs, dlext=so, d_dlsymun=undef, ccdlflags=' '
    cccdlflags='-fPIC', lddlflags='-G -L/usr/gnu/lib -fstack-protector'


Characteristics of this binary (from libperl): 
  Compile-time options: HAS_TIMES PERLIO_LAYERS PERL_DONT_CREATE_GVSV
                        PERL_MALLOC_WRAP PERL_PRESERVE_IVUV
                        PERL_USE_SAFE_PUTENV USE_LARGE_FILES USE_LOCALE
                        USE_LOCALE_COLLATE USE_LOCALE_CTYPE
                        USE_LOCALE_NUMERIC USE_PERLIO USE_PERL_ATOF
  Built under solaris
  Compiled at Jan 16 2013 19:55:00
  %ENV:
    PERL5LIB="/home/dana/.cpan/build/Net-IMP-0.59-N1jfu2/blib/arch:/home/dana/.cpan/build/Net-IMP-0.59-N1jfu2/blib/lib:/home/dana/.cpan/build/Net-Inspect-0.27-tEjsSB/blib/arch:/home/dana/.cpan/build/Net-Inspect-0.27-tEjsSB/blib/lib:/home/dana/.cpan/build/Net-Pcap-0.17-2SzvvA/blib/arch:/home/dana/.cpan/build/Net-Pcap-0.17-2SzvvA/blib/lib"
    PERL5OPT=""
    PERL5_CPANPLUS_IS_RUNNING="16205"
    PERL5_CPAN_IS_RUNNING="16205"
    PERL5_CPAN_IS_RUNNING_IN_RECURSION="1908,16205"
    PERLBREW_BASHRC_VERSION="0.58"
    PERLBREW_HOME="/home/dana/.perlbrew"
    PERLBREW_MANPATH="/home/dana/perl5/perlbrew/perls/perl-5.16.2/man"
    PERLBREW_PATH="/home/dana/perl5/perlbrew/bin:/home/dana/perl5/perlbrew/perls/perl-5.16.2/bin"
    PERLBREW_PERL="perl-5.16.2"
    PERLBREW_ROOT="/home/dana/perl5/perlbrew"
    PERLBREW_VERSION="0.58"
    PERL_CR_SMOKER_CURRENT="Net-IMP-HTTP-0.51"
    PERL_EXTUTILS_AUTOINSTALL="--defaultdeps"
    PERL_MM_USE_DEFAULT="1"
  @INC:
    /home/dana/.cpan/build/Net-IMP-0.59-N1jfu2/blib/arch
    /home/dana/.cpan/build/Net-IMP-0.59-N1jfu2/blib/lib
    /home/dana/.cpan/build/Net-Inspect-0.27-tEjsSB/blib/arch
    /home/dana/.cpan/build/Net-Inspect-0.27-tEjsSB/blib/lib
    /home/dana/.cpan/build/Net-Pcap-0.17-2SzvvA/blib/arch
    /home/dana/.cpan/build/Net-Pcap-0.17-2SzvvA/blib/lib
    /home/dana/perl5/perlbrew/perls/perl-5.16.2/lib/site_perl/5.16.2/i86pc-solaris
    /home/dana/perl5/perlbrew/perls/perl-5.16.2/lib/site_perl/5.16.2
    /home/dana/perl5/perlbrew/perls/perl-5.16.2/lib/5.16.2/i86pc-solaris
    /home/dana/perl5/perlbrew/perls/perl-5.16.2/lib/5.16.2
    .