WebService-Swapi v0.1.7 Perl 5 v5.30.0 x86_64-linux
- Status
- Fail
- From
- Oleg Pronin (SYBER)
- Dist
-
WebService-Swapi v0.1.7
- Platform
- Perl 5 v5.30.0 x86_64-linux
- Date
- 2019-08-06 20:37:58
- ID
- 13783cb4-b88a-11e9-b0f1-b18c2958ff60
This distribution has been tested as part of the CPAN Testers
project, supporting the Perl programming language. See
http://wiki.cpantesters.org/ for more information or email
questions to cpan-testers-discuss@perl.org
--
Dear Kian Meng, Ang,
This is a computer-generated report for WebService-Swapi-0.1.7
on perl 5.30.0, created by CPAN-Reporter-1.2018.
Thank you for uploading your work to CPAN. However, there was a problem
testing your distribution.
If you think this report is invalid, please consult the CPAN Testers Wiki
for suggestions on how to avoid getting FAIL reports for missing library
or binary dependencies, unsupported operating systems, and so on:
http://wiki.cpantesters.org/wiki/CPANAuthorNotes
Sections of this report:
* Tester comments
* Program output
* Prerequisites
* Environment and other context
------------------------------
TESTER COMMENTS
------------------------------
Additional comments from tester:
this report is from an automated smoke testing program
and was not reviewed by a human for accuracy
------------------------------
PROGRAM OUTPUT
------------------------------
Output from './Build test':
t/00-compile.t .............. ok
# Testing with Perl 5.030000, /home/syber/perl5/perlbrew/perls/5.30.0/bin/perl
# Data::Serializer version is 0.60
# Devel::Cover::Report::Codecov version is 0.25
# Devel::Cover::Report::Coveralls version is 0.11
# JSON version is 4.02
# Module::Build::Tiny version is 0.039
# Moo version is 2.003004
# Pod::Coverage::TrustPod version is 0.100005
# REST::Client version is 273
# Role::REST::Client version is 0.23
# Test::More version is 1.302164
# Test::Perl::Critic version is 1.04
# Test::Pod version is 1.52
# Types::Standard version is 1.005_003
# namespace::clean version is 0.27
t/000-report-versions.t ..... ok
t/00_compile.t .............. ok
t/01_instantiation.t ........ ok
t/02_ping.t ................. ok
t/03_request.t .............. ok
# Failed test 'expect JSON response'
# at t/04_resource.t line 20.
# Structures begin differing at:
# $got->{species} = Does not exist
# $expected->{species} = 'https://swapi.co/api/species/'
# Looks like you failed 1 test of 3.
t/04_resource.t .............
Dubious, test returned 1 (wstat 256, 0x100)
Failed 1/3 subtests
t/05_schema.t ............... ok
t/06_search.t ............... ok
t/07_get_object.t ........... ok
t/author-eol.t .............. skipped: these tests are for testing by the author
t/author-minimum-version.t .. skipped: these tests are for testing by the author
t/author-pod-coverage.t ..... skipped: these tests are for testing by the author
t/author-pod-syntax.t ....... skipped: these tests are for testing by the author
t/release-dist-manifest.t ... skipped: these tests are for release candidate testing
t/release-distmeta.t ........ skipped: these tests are for release candidate testing
t/release-has-version.t ..... skipped: these tests are for release candidate testing
t/release-kwalitee.t ........ skipped: these tests are for release candidate testing
t/release-unused-vars.t ..... skipped: these tests are for release candidate testing
Test Summary Report
-------------------
t/04_resource.t (Wstat: 256 Tests: 3 Failed: 1)
Failed test: 1
Non-zero exit status: 1
Files=19, Tests=36, 196 wallclock secs ( 0.05 usr 0.00 sys + 2.54 cusr 0.19 csys = 2.78 CPU)
Result: FAIL
------------------------------
PREREQUISITES
------------------------------
Prerequisite modules loaded:
requires:
Module Need Have
------------------------------- -------- ---------
Data::Serializer 0 0.60
JSON 0 4.02
Moo 0 2.003004
namespace::clean 0 0.27
perl 5.008001 5.030000
REST::Client 0 273
Role::REST::Client 0 0.23
Types::Standard 0 1.005_003
build_requires:
Module Need Have
------------------------------- -------- ---------
Devel::Cover 0 1.33
Devel::Cover::Report::Codecov 0 0.25
Devel::Cover::Report::Coveralls 0 0.11
Pod::Coverage::TrustPod 0 0.100005
Test::More 0 1.302164
Test::Perl::Critic 0 1.04
Test::Pod 0 1.52
Test::Pod::Coverage 0 1.10
configure_requires:
Module Need Have
------------------------------- -------- ---------
Module::Build::Tiny 0.034 0.039
------------------------------
ENVIRONMENT AND OTHER CONTEXT
------------------------------
Environment variables:
AUTOMATED_TESTING = 1
LC_COLLATE = ru_RU.utf8
LC_CTYPE = ru_RU.utf8
PATH = /home/syber/perl5/perlbrew/bin:/home/syber/perl5/perlbrew/perls/5.30.0/bin:/usr/local/bin:/usr/bin:/bin:/usr/local/games:/usr/games
PERL5LIB =
PERL5OPT =
PERL5_CPANPLUS_IS_RUNNING = 13097
PERL5_CPAN_IS_RUNNING = 13097
PERL5_CPAN_IS_RUNNING_IN_RECURSION = 23096,13097
PERLBREW_HOME = /home/syber/.perlbrew
PERLBREW_MANPATH = /home/syber/perl5/perlbrew/perls/5.30.0/man
PERLBREW_PATH = /home/syber/perl5/perlbrew/bin:/home/syber/perl5/perlbrew/perls/5.30.0/bin
PERLBREW_PERL = 5.30.0
PERLBREW_ROOT = /home/syber/perl5/perlbrew
PERLBREW_SHELLRC_VERSION = 0.86
PERLBREW_VERSION = 0.86
PERL_CR_SMOKER_CURRENT = WebService-Swapi-0.1.7
PERL_EXTUTILS_AUTOINSTALL = --defaultdeps
PERL_MM_USE_DEFAULT = 1
PERL_USE_UNSAFE_INC = 1
SHELL = /bin/bash
TERM = screen
Perl special variables (and OS-specific diagnostics, for MSWin32):
$^X = /home/syber/perl5/perlbrew/perls/5.30.0/bin/perl
$UID/$EUID = 1003 / 1003
$GID = 1003 11 1003
$EGID = 1003 11 1003
Perl module toolchain versions installed:
Module Have
------------------- ---------
CPAN 2.27
CPAN::Meta 2.150010
Cwd 3.78
ExtUtils::CBuilder 0.280231
ExtUtils::Command 7.37_03
ExtUtils::Install 2.14
ExtUtils::MakeMaker 7.37_03
ExtUtils::Manifest 1.72
ExtUtils::ParseXS 3.40
File::Spec 3.78
JSON 4.02
JSON::PP 4.04
Module::Build 0.42_30
Module::Signature 0.83
Parse::CPAN::Meta 2.150010
Test::Harness 3.42
Test::More 1.302164
YAML 1.29
YAML::Syck 1.31
version 0.9924_02
--
Summary of my perl5 (revision 5 version 30 subversion 0) configuration:
Platform:
osname=linux
osvers=4.9.0-8-amd64
archname=x86_64-linux
uname='linux dexter.crazypanda.ru 4.9.0-8-amd64 #1 smp debian 4.9.110-3+deb9u6 (2018-10-08) x86_64 gnulinux '
config_args='-de -Dprefix=/home/syber/perl5/perlbrew/perls/5.30.0 -Aeval:scriptdir=/home/syber/perl5/perlbrew/perls/5.30.0/bin'
hint=recommended
useposix=true
d_sigaction=define
useithreads=undef
usemultiplicity=undef
use64bitint=define
use64bitall=define
uselongdouble=undef
usemymalloc=n
default_inc_excludes_dot=define
bincompat5005=undef
Compiler:
cc='cc'
ccflags ='-fwrapv -fno-strict-aliasing -pipe -fstack-protector-strong -I/usr/local/include -D_LARGEFILE_SOURCE -D_FILE_OFFSET_BITS=64 -D_FORTIFY_SOURCE=2'
optimize='-O2'
cppflags='-fwrapv -fno-strict-aliasing -pipe -fstack-protector-strong -I/usr/local/include'
ccversion=''
gccversion='6.3.0 20170516'
gccosandvers=''
intsize=4
longsize=8
ptrsize=8
doublesize=8
byteorder=12345678
doublekind=3
d_longlong=define
longlongsize=8
d_longdbl=define
longdblsize=16
longdblkind=3
ivtype='long'
ivsize=8
nvtype='double'
nvsize=8
Off_t='off_t'
lseeksize=8
alignbytes=8
prototype=define
Linker and Libraries:
ld='cc'
ldflags =' -fstack-protector-strong -L/usr/local/lib'
libpth=/usr/local/lib /usr/lib/gcc/x86_64-linux-gnu/6/include-fixed /usr/include/x86_64-linux-gnu /usr/lib /lib/x86_64-linux-gnu /lib/../lib /usr/lib/x86_64-linux-gnu /usr/lib/../lib /lib
libs=-lpthread -lnsl -ldl -lm -lcrypt -lutil -lc
perllibs=-lpthread -lnsl -ldl -lm -lcrypt -lutil -lc
libc=libc-2.24.so
so=so
useshrplib=false
libperl=libperl.a
gnulibc_version='2.24'
Dynamic Linking:
dlsrc=dl_dlopen.xs
dlext=so
d_dlsymun=undef
ccdlflags='-Wl,-E'
cccdlflags='-fPIC'
lddlflags='-shared -O2 -L/usr/local/lib -fstack-protector-strong'
Characteristics of this binary (from libperl):
Compile-time options:
HAS_TIMES
PERLIO_LAYERS
PERL_COPY_ON_WRITE
PERL_DONT_CREATE_GVSV
PERL_MALLOC_WRAP
PERL_OP_PARENT
PERL_PRESERVE_IVUV
USE_64_BIT_ALL
USE_64_BIT_INT
USE_LARGE_FILES
USE_LOCALE
USE_LOCALE_COLLATE
USE_LOCALE_CTYPE
USE_LOCALE_NUMERIC
USE_LOCALE_TIME
USE_PERLIO
USE_PERL_ATOF
Built under linux
Compiled at Jul 12 2019 20:13:31
%ENV:
PERL5LIB=""
PERL5OPT=""
PERL5_CPANPLUS_IS_RUNNING="13097"
PERL5_CPAN_IS_RUNNING="13097"
PERL5_CPAN_IS_RUNNING_IN_RECURSION="23096,13097"
PERLBREW_HOME="/home/syber/.perlbrew"
PERLBREW_MANPATH="/home/syber/perl5/perlbrew/perls/5.30.0/man"
PERLBREW_PATH="/home/syber/perl5/perlbrew/bin:/home/syber/perl5/perlbrew/perls/5.30.0/bin"
PERLBREW_PERL="5.30.0"
PERLBREW_ROOT="/home/syber/perl5/perlbrew"
PERLBREW_SHELLRC_VERSION="0.86"
PERLBREW_VERSION="0.86"
PERL_CR_SMOKER_CURRENT="WebService-Swapi-0.1.7"
PERL_EXTUTILS_AUTOINSTALL="--defaultdeps"
PERL_MM_USE_DEFAULT="1"
PERL_USE_UNSAFE_INC="1"
@INC:
/home/syber/perl5/perlbrew/perls/5.30.0/lib/site_perl/5.30.0/x86_64-linux
/home/syber/perl5/perlbrew/perls/5.30.0/lib/site_perl/5.30.0
/home/syber/perl5/perlbrew/perls/5.30.0/lib/5.30.0/x86_64-linux
/home/syber/perl5/perlbrew/perls/5.30.0/lib/5.30.0
.