Report for Text-VimColor-0.11

Back
From: metabase:user:320bfe00-2aae-11df-837a-5e0a49663a4f
Subject: FAIL Text-VimColor-0.11 v5.10.1 GNU/Linux
Date: 2011-06-07T12:02:54Z

This distribution has been tested as part of the CPAN Testers
project, supporting the Perl programming language.  See
http://wiki.cpantesters.org/ for more information or email
questions to cpan-testers-discuss@perl.org


--
Dear Geoff Richards,

This is a computer-generated report for Text-VimColor-0.11
on perl 5.10.1, created by CPAN-Reporter-1.1902.

Thank you for uploading your work to CPAN.  However, there was a problem
testing your distribution.

If you think this report is invalid, please consult the CPAN Testers Wiki
for suggestions on how to avoid getting FAIL reports for missing library
or binary dependencies, unsupported operating systems, and so on:

http://wiki.cpantesters.org/wiki/CPANAuthorNotes

Sections of this report:

    * Tester comments
    * Program output
    * Prerequisites
    * Environment and other context

------------------------------
TESTER COMMENTS
------------------------------

Additional comments from tester:

this report is from an automated smoke testing program
and was not reviewed by a human for accuracy

------------------------------
PROGRAM OUTPUT
------------------------------

Output from '/usr/bin/make test':

PERL_DL_NONLAZY=1 /home/sand/src/perl/repoperls/installed-perls/perl/perl-5.10.1/2b65c/bin/perl "-MExtUtils::Command::MM" "-e" "test_harness(0, 'blib/lib', 'blib/arch')" t/*.t
vim returned an error code of '2'
Vim wrote this error output:
Can't exec "vim": No such file or directory at /home/sand/.cpan/build/Text-VimColor-0.11-yc_e2Y/blib/lib/Text/VimColor.pm line 395.
 at t/01array.t line 40
# Looks like you planned 13 tests but ran 4.
# Looks like your test exited with 2 just after 4.
t/01array.t ..... 
Dubious, test returned 2 (wstat 512, 0x200)
Failed 9/13 subtests 
t/02file.t ...... ok
vim returned an error code of '2'
Vim wrote this error output:
Can't exec "vim": No such file or directory at /home/sand/.cpan/build/Text-VimColor-0.11-yc_e2Y/blib/lib/Text/VimColor.pm line 395, <GEN0> line 1.
 at t/05xml.t line 45
# Looks like your test exited with 2 before it could output anything.
t/05xml.t ....... 
Dubious, test returned 2 (wstat 512, 0x200)
Failed 12/12 subtests 
vim returned an error code of '2'
Vim wrote this error output:
Can't exec "vim": No such file or directory at /home/sand/.cpan/build/Text-VimColor-0.11-yc_e2Y/blib/lib/Text/VimColor.pm line 395.
 at t/10cmp.t line 14
# Looks like your test exited with 2 before it could output anything.
t/10cmp.t ....... 
Dubious, test returned 2 (wstat 512, 0x200)
Failed 2/2 subtests 
Can't exec "vim": No such file or directory at t/15let.t line 12.
error running 'vim --version': No such file or directory at t/15let.t line 12.
t/15let.t ....... 
Dubious, test returned 2 (wstat 512, 0x200)
No subtests run 
vim returned an error code of '2'
Vim wrote this error output:
Can't exec "vim": No such file or directory at /home/sand/.cpan/build/Text-VimColor-0.11-yc_e2Y/blib/lib/Text/VimColor.pm line 395.
 at t/20override.t line 21
# Looks like your test exited with 2 before it could output anything.
t/20override.t .. 
Dubious, test returned 2 (wstat 512, 0x200)
Failed 4/4 subtests 
t/99pod.t ....... ok

Test Summary Report
-------------------
t/01array.t   (Wstat: 512 Tests: 4 Failed: 0)
  Non-zero exit status: 2
  Parse errors: Bad plan.  You planned 13 tests but ran 4.
t/05xml.t     (Wstat: 512 Tests: 0 Failed: 0)
  Non-zero exit status: 2
  Parse errors: Bad plan.  You planned 12 tests but ran 0.
t/10cmp.t     (Wstat: 512 Tests: 0 Failed: 0)
  Non-zero exit status: 2
  Parse errors: Bad plan.  You planned 2 tests but ran 0.
t/15let.t     (Wstat: 512 Tests: 0 Failed: 0)
  Non-zero exit status: 2
  Parse errors: No plan found in TAP output
t/20override.t (Wstat: 512 Tests: 0 Failed: 0)
  Non-zero exit status: 2
  Parse errors: Bad plan.  You planned 4 tests but ran 0.
Files=7, Tests=7,  1 wallclock secs ( 0.04 usr  0.01 sys +  0.41 cusr  0.05 csys =  0.51 CPU)
Result: FAIL
Failed 5/7 test programs. 0/7 subtests failed.
make: *** [test_dynamic] Error 255

------------------------------
PREREQUISITES
------------------------------

Prerequisite modules loaded:

requires:

    Module      Need Have
    ----------- ---- ----
    Path::Class 0.02 0.23


------------------------------
ENVIRONMENT AND OTHER CONTEXT
------------------------------

Environment variables:

    AUTOMATED_TESTING = 1
    LANG = en_US.UTF-8
    LANGUAGE = en_US:en
    PATH = /usr/lib/ccache:/home/sand/bin:/usr/local/bin:/usr/bin:/bin:/usr/bin/X11:/usr/games:/usr/local/perl/bin:/usr/X11/bin:/sbin:/usr/sbin
    PERL5LIB = 
    PERL5OPT = 
    PERL5_CPANPLUS_IS_RUNNING = 23002
    PERL5_CPAN_IS_RUNNING = 23002
    PERL_MM_USE_DEFAULT = 1
    SHELL = /usr/bin/zsh
    TERM = screen

Perl special variables (and OS-specific diagnostics, for MSWin32):

    $^X = /home/sand/src/perl/repoperls/installed-perls/perl/perl-5.10.1/2b65c/bin/perl
    $UID/$EUID = 1001 / 1001
    $GID = 1001 1001
    $EGID = 1001 1001

Perl module toolchain versions installed:

    Module              Have    
    ------------------- --------
    CPAN                1.9600  
    Cwd                 3.33    
    ExtUtils::CBuilder  0.280202
    ExtUtils::Command   1.17    
    ExtUtils::Install   1.54    
    ExtUtils::MakeMaker 6.56    
    ExtUtils::Manifest  1.56    
    ExtUtils::ParseXS   2.2206  
    File::Spec          3.33    
    Module::Build       0.3800  
    Module::Signature   0.68    
    Test::Harness       3.23    
    Test::More          0.98    
    YAML                0.73    
    YAML::Syck          1.17    
    version             0.91    


--

Summary of my perl5 (revision 5 version 10 subversion 1) configuration:
  Commit id: 5348debf9fd57fc15c26529386769684fab96e57
  Platform:
    osname=linux, osvers=2.6.32-5-amd64, archname=x86_64-linux-ld
    uname='linux k81 2.6.32-5-amd64 #1 smp mon mar 7 21:35:22 utc 2011 x86_64 gnulinux '
    config_args='-Dprefix=/home/src/perl/repoperls/installed-perls/perl/perl-5.10.1/2b65c -Dinstallusrbinperl=n -Uversiononly -Dusedevel -des -Ui_db -Uuseithreads -Duselongdouble -DDEBUGGING=-g'
    hint=recommended, useposix=true, d_sigaction=define
    useithreads=undef, usemultiplicity=undef
    useperlio=define, d_sfio=undef, uselargefiles=define, usesocks=undef
    use64bitint=define, use64bitall=define, uselongdouble=define
    usemymalloc=n, bincompat5005=undef
  Compiler:
    cc='cc', ccflags ='-fno-strict-aliasing -pipe -fstack-protector -I/usr/local/include -D_LARGEFILE_SOURCE -D_FILE_OFFSET_BITS=64',
    optimize='-O2 -g',
    cppflags='-fno-strict-aliasing -pipe -fstack-protector -I/usr/local/include'
    ccversion='', gccversion='4.4.5', gccosandvers=''
    intsize=4, longsize=8, ptrsize=8, doublesize=8, byteorder=12345678
    d_longlong=define, longlongsize=8, d_longdbl=define, longdblsize=16
    ivtype='long', ivsize=8, nvtype='long double', nvsize=16, Off_t='off_t', lseeksize=8
    alignbytes=16, prototype=define
  Linker and Libraries:
    ld='cc', ldflags =' -fstack-protector -L/usr/local/lib'
    libpth=/usr/local/lib /lib /usr/lib /lib64 /usr/lib64
    libs=-lnsl -ldl -lm -lcrypt -lutil -lc
    perllibs=-lnsl -ldl -lm -lcrypt -lutil -lc
    libc=/lib/libc-2.11.2.so, so=so, useshrplib=false, libperl=libperl.a
    gnulibc_version='2.11.2'
  Dynamic Linking:
    dlsrc=dl_dlopen.xs, dlext=so, d_dlsymun=undef, ccdlflags='-Wl,-E'
    cccdlflags='-fPIC', lddlflags='-shared -O2 -g -L/usr/local/lib -fstack-protector'


Characteristics of this binary (from libperl): 
  Compile-time options: PERL_DONT_CREATE_GVSV PERL_MALLOC_WRAP PERL_USE_DEVEL
                        USE_64_BIT_ALL USE_64_BIT_INT USE_LARGE_FILES
                        USE_LONG_DOUBLE USE_PERLIO
  Built under linux
  Compiled at May 14 2011 15:19:03
  %ENV:
    PERL5LIB=""
    PERL5OPT=""
    PERL5_CPANPLUS_IS_RUNNING="23002"
    PERL5_CPAN_IS_RUNNING="23002"
    PERL_MM_USE_DEFAULT="1"
  @INC:
    /home/src/perl/repoperls/installed-perls/perl/perl-5.10.1/2b65c/lib/5.10.1/x86_64-linux-ld
    /home/src/perl/repoperls/installed-perls/perl/perl-5.10.1/2b65c/lib/5.10.1
    /home/src/perl/repoperls/installed-perls/perl/perl-5.10.1/2b65c/lib/site_perl/5.10.1/x86_64-linux-ld
    /home/src/perl/repoperls/installed-perls/perl/perl-5.10.1/2b65c/lib/site_perl/5.10.1
    .