Back
From: metabase:user:322078bc-2aae-11df-837a-5e0a49663a4f
Subject: FAIL Regexp-Optimizer-0.16 v5.12.5 OpenBSD
Date: 2013-02-24T12:45:32Z
This distribution has been tested as part of the CPAN Testers
project, supporting the Perl programming language. See
http://wiki.cpantesters.org/ for more information or email
questions to cpan-testers-discuss@perl.org
--
Dear DANKOGAI,
This is a computer-generated error report created automatically by
CPANPLUS, version 0.9134. Testers personal comments may appear
at the end of this report.
Thank you for uploading your work to CPAN. However, it appears that
there were some problems testing your distribution.
TEST RESULTS:
Below is the error stack from stage 'make test':
PERL_DL_NONLAZY=1 /home/cpan/pit/bare/perl-5.12.5/bin/perl "-MExtUtils::Command::MM" "-e" "test_harness(0, 'blib/lib', 'blib/arch')" t/*.t
t/01-use.t ... ok
t/02-list.t .. ok
\N{NAME} must be resolved by the lexer in regex; marked by <-- HERE in m/[\N{DIGIT ONE <-- HERE }\N{DIGIT TWO}]/ at /home/cpan/pit/bare/conf/perl-5.12.5/.cpanplus/5.12.5/build/Regexp-Optimizer-0.16/blib/lib/Regexp/Optimizer.pm line 114.
# Looks like you planned 18 tests but ran 13.
# Looks like your test exited with 255 just after 13.
t/03-utf8.t ..
Dubious, test returned 255 (wstat 65280, 0xff00)
Failed 5/18 subtests
Test Summary Report
-------------------
t/03-utf8.t (Wstat: 65280 Tests: 13 Failed: 0)
Non-zero exit status: 255
Parse errors: Bad plan. You planned 18 tests but ran 13.
Files=3, Tests=39, 0 wallclock secs ( 0.02 usr 0.02 sys + 0.14 cusr 0.03 csys = 0.21 CPU)
Result: FAIL
Failed 1/3 test programs. 0/39 subtests failed.
*** Error code 255
Stop in /home/cpan/pit/bare/conf/perl-5.12.5/.cpanplus/5.12.5/build/Regexp-Optimizer-0.16 (line 826 of Makefile).
PREREQUISITES:
Here is a list of prerequisites you specified and versions we
managed to load:
Module Name Have Want
ExtUtils::MakeMaker 6.64 0
Perl module toolchain versions installed:
Module Name Have
CPANPLUS 0.9134
CPANPLUS::Dist::Build 0.70
Cwd 3.40
ExtUtils::CBuilder 0.280205
ExtUtils::Command 1.16
ExtUtils::Install 1.55
ExtUtils::MakeMaker 6.64
ExtUtils::Manifest 1.61
ExtUtils::ParseXS 3.18
File::Spec 3.40
Module::Build 0.4003
Pod::Parser 1.37
Pod::Simple 3.14
Test::Harness 3.26
Test::More 0.98
version 0.9901
******************************** NOTE ********************************
The comments above are created mechanically, possibly without manual
checking by the sender. As there are many people performing automatic
tests on each upload to CPAN, it is likely that you will receive
identical messages about the same problem.
If you believe that the message is mistaken, please reply to the first
one with correction and/or additional informations, and do not take
it personally. We appreciate your patience. :)
**********************************************************************
Additional comments:
This report was machine-generated by CPANPLUS::Dist::YACSmoke 0.84.
Powered by minismokebox version 0.54
------------------------------
ENVIRONMENT AND OTHER CONTEXT
------------------------------
Environment variables:
AUTOMATED_TESTING = 1
PATH = /home/cpan/bin:/bin:/sbin:/usr/bin:/usr/sbin:/usr/X11R6/bin:/usr/local/bin:/usr/local/sbin:/usr/games:.
PERL5LIB = :/home/cpan/pit/bare/conf/perl-5.12.5/.cpanplus/5.12.5/build/Regexp-Optimizer-0.16/blib/lib:/home/cpan/pit/bare/conf/perl-5.12.5/.cpanplus/5.12.5/build/Regexp-Optimizer-0.16/blib/arch
PERL5_CPANPLUS_IS_RUNNING = 530
PERL5_CPANPLUS_IS_VERSION = 0.9134
PERL5_MINISMOKEBOX = 0.54
PERL5_YACSMOKE_BASE = /home/cpan/pit/bare/conf/perl-5.12.5
PERL_EXTUTILS_AUTOINSTALL = --defaultdeps
PERL_MM_USE_DEFAULT = 1
SHELL = /usr/local/bin/bash
TERM = screen
Perl special variables (and OS-specific diagnostics, for MSWin32):
Perl: $^X = /home/cpan/pit/bare/perl-5.12.5/bin/perl
UID: $< = 1001
EUID: $> = 1001
GID: $( = 1001 1001
EGID: $) = 1001 1001
-------------------------------
--
Summary of my perl5 (revision 5 version 12 subversion 5) configuration:
Platform:
osname=openbsd, osvers=5.1, archname=OpenBSD.i386-openbsd
uname='openbsd oatcake.bingosnet.co.uk 5.1 generic#160 i386 '
config_args='-des -Dprefix=/home/cpan/pit/bare/perl-5.12.5'
hint=recommended, useposix=true, d_sigaction=define
useithreads=undef, usemultiplicity=undef
useperlio=define, d_sfio=undef, uselargefiles=define, usesocks=undef
use64bitint=undef, use64bitall=undef, uselongdouble=undef
usemymalloc=y, bincompat5005=undef
Compiler:
cc='cc', ccflags ='-fno-strict-aliasing -pipe -fstack-protector -I/usr/local/include',
optimize='-O2',
cppflags='-fno-strict-aliasing -pipe -fstack-protector -I/usr/local/include'
ccversion='', gccversion='4.2.1 20070719 ', gccosandvers='openbsd5.1'
intsize=4, longsize=4, ptrsize=4, doublesize=8, byteorder=1234
d_longlong=define, longlongsize=8, d_longdbl=define, longdblsize=12
ivtype='long', ivsize=4, nvtype='double', nvsize=8, Off_t='off_t', lseeksize=8
alignbytes=4, prototype=define
Linker and Libraries:
ld='cc', ldflags ='-Wl,-E -fstack-protector -L/usr/local/lib'
libpth=/usr/local/lib /usr/lib
libs=-lgdbm -lm -lutil -lc
perllibs=-lm -lutil -lc
libc=/usr/lib/libc.so.62.0, so=so, useshrplib=false, libperl=libperl.a
gnulibc_version=''
Dynamic Linking:
dlsrc=dl_dlopen.xs, dlext=so, d_dlsymun=undef, ccdlflags=' '
cccdlflags='-DPIC -fPIC ', lddlflags='-shared -fPIC -L/usr/local/lib -fstack-protector'
Characteristics of this binary (from libperl):
Compile-time options: MYMALLOC PERL_DONT_CREATE_GVSV PERL_MALLOC_WRAP
USE_LARGE_FILES USE_PERLIO USE_PERL_ATOF
Built under openbsd
Compiled at Nov 13 2012 11:22:16
%ENV:
PERL5LIB=":/home/cpan/pit/bare/conf/perl-5.12.5/.cpanplus/5.12.5/build/Regexp-Optimizer-0.16/blib/lib:/home/cpan/pit/bare/conf/perl-5.12.5/.cpanplus/5.12.5/build/Regexp-Optimizer-0.16/blib/arch"
PERL5_CPANPLUS_IS_RUNNING="530"
PERL5_CPANPLUS_IS_VERSION="0.9134"
PERL5_MINISMOKEBOX="0.54"
PERL5_YACSMOKE_BASE="/home/cpan/pit/bare/conf/perl-5.12.5"
PERL_EXTUTILS_AUTOINSTALL="--defaultdeps"
PERL_MM_USE_DEFAULT="1"
@INC:
/home/cpan/pit/bare/conf/perl-5.12.5/.cpanplus/5.12.5/build/Regexp-Optimizer-0.16/blib/lib
/home/cpan/pit/bare/conf/perl-5.12.5/.cpanplus/5.12.5/build/Regexp-Optimizer-0.16/blib/arch
/home/cpan/pit/bare/perl-5.12.5/lib/site_perl/5.12.5/OpenBSD.i386-openbsd
/home/cpan/pit/bare/perl-5.12.5/lib/site_perl/5.12.5
/home/cpan/pit/bare/perl-5.12.5/lib/5.12.5/OpenBSD.i386-openbsd
/home/cpan/pit/bare/perl-5.12.5/lib/5.12.5
.