VANAMBURG-SEMPROG-SimpleGraph v0.010 Perl 5 v5.31.12 x86_64-linux-thread-multi-ld

Status
Fail
From
Andreas J. König (ANDK)
Dist
VANAMBURG-SEMPROG-SimpleGraph v0.010
Platform
Perl 5 v5.31.12 x86_64-linux-thread-multi-ld
Date
2020-05-02 09:41:19
ID
13c20ce2-8c59-11ea-90c3-0fbd45838ebe
This distribution has been tested as part of the CPAN Testers
project, supporting the Perl programming language.  See
http://wiki.cpantesters.org/ for more information or email
questions to cpan-testers-discuss@perl.org


--
Dear Gordon Van Amburg,

This is a computer-generated report for VANAMBURG-SEMPROG-SimpleGraph-0.010
on perl 5.31.12, created by CPAN-Reporter-1.2018.

Thank you for uploading your work to CPAN.  However, there was a problem
testing your distribution.

If you think this report is invalid, please consult the CPAN Testers Wiki
for suggestions on how to avoid getting FAIL reports for missing library
or binary dependencies, unsupported operating systems, and so on:

http://wiki.cpantesters.org/wiki/CPANAuthorNotes

Sections of this report:

    * Tester comments
    * Program output
    * Prerequisites
    * Environment and other context

------------------------------
TESTER COMMENTS
------------------------------

Additional comments from tester:

this report is from an automated smoke testing program
and was not reviewed by a human for accuracy

------------------------------
PROGRAM OUTPUT
------------------------------

Output from '/usr/bin/make test':

PERL_DL_NONLAZY=1 "/tmp/basesmoker-reloperl-4wOu/bin/perl" "-MExtUtils::Command::MM" "-MTest::Harness" "-e" "undef *Test::Harness::Switches; test_harness(0, 'blib/lib', 'blib/arch')" t/*.t
# >>> t1 is gordon, add, triple1
# >>> gordon
# >>> gordon triples is 2
# >>> triple2 triples is 1
# >>> gordon triples is now 1
# >>> pot_belly_cost is cheap
t/00-load.t ......................... ok
t/pod-coverage.t .................... ok
# 
#    sub=San_Francisco_California
#    pred=mayor  obj=Gavin Newsom
#    pred=inside  obj=California
#    pred=longitude  obj=-122.4183
#    pred=latitude  obj=37.775
#    pred=name  obj=San Francisco
#    pred=population  obj=744042
#    sub=Hillsdale_Michigan  obj=Michael Sessions
#    sub=Chicago_Illinois  obj=Richard M. Daley
#    sub=Bakersfield_California  obj=Harvey Hall
#    sub=Glendale_California  obj=John Drayman
#    sub=Half_Moon_Bay_California  obj=Bonnie McClung
#    sub=Fontana_California  obj=Mark Nuaimi
#    sub=Banning_California  obj=Debbie Franklin
#    sub=Adelanto_California  obj=Charley B. Glasper
#    sub=Fremont_California  obj=Bill Harrison
#    sub=Anaheim_California  obj=Curt Pringle
#    sub=Aliso_Viejo_California  obj=William Phillips
#    sub=Fremont_California  obj=Bob Wasserman
#    sub=Edmonton_Canada  obj=Bill Smith
#    sub=Detroit_Michigan  obj=Frank Murphy
#    sub=Philadelphia_Pennsylvania  obj=John F. Street
#    sub=Adelanto_California  obj=Steven R. Baisden
#    sub=Chula_Vista_California  obj=Cheryl Cox
#    sub=Portsmouth_New_Hampshire  obj=Thomas G. Ferrini
#    sub=New_York_New_York  obj=Michael Bloomberg
#    sub=Cleveland_Ohio  obj=Newton D. Baker
#    sub=Alameda_California  obj=Lena Tam
#    sub=Stuttgart_Germany  obj=Manfred Rommel
#    sub=Fontana_California  obj=Acquanetta Warren
#    sub=Cleveland_Ohio  obj=Frank G. Jackson
#    sub=Athens_Greece  obj=Dora Bakoyannis
#    sub=Aliso_Viejo_California  obj=Donald Garcia
#    sub=Banning_California  obj=Brenda Salas
#    sub=Wasilla_Alaska  obj=Sarah Palin
#    sub=San_Jose_California  obj=Norman Mineta
#    sub=Garden_Grove_California  obj=William Dalton
#    sub=Corona_California  obj=Jeff Miller
#    sub=Alameda_California  obj=Beverly Johnson
#    sub=Half_Moon_Bay_California  obj=John Muller
#    sub=San_Francisco_California  obj=Gavin Newsom
#    sub=Corona_California  obj=Steve Nolan
#    sub=Fresno_California  obj=Alan Autry
#    sub=Portsmouth_New_Hampshire  obj=John Blalock
#    sub=Cleveland_Ohio  obj=Dennis Kucinich
#    sub=Cincinnati_Ohio  obj=Jerry Springer
#    sub=Garden_Grove_California  obj=Mark Rosen
# there are 30 cal cities
# mayor of San_Francisco_California is Gavin Newsom
# mayor of Fontana_California is Acquanetta Warren
# mayor of Fontana_California is Mark Nuaimi
# mayor of Corona_California is Steve Nolan
# mayor of Corona_California is Jeff Miller
# mayor of Alameda_California is Beverly Johnson
# mayor of Alameda_California is Lena Tam
# mayor of Banning_California is Brenda Salas
# mayor of Banning_California is Debbie Franklin
# mayor of San_Jose_California is Norman Mineta
# mayor of Anaheim_California is Curt Pringle
# mayor of Chula_Vista_California is Cheryl Cox
# mayor of Half_Moon_Bay_California is John Muller
# mayor of Half_Moon_Bay_California is Bonnie McClung
# mayor of Adelanto_California is Steven R. Baisden
# mayor of Adelanto_California is Charley B. Glasper
# mayor of Fremont_California is Bill Harrison
# mayor of Fremont_California is Bob Wasserman
# mayor of Aliso_Viejo_California is William Phillips
# mayor of Aliso_Viejo_California is Donald Garcia
# mayor of Fresno_California is Alan Autry
# mayor of Glendale_California is John Drayman
# mayor of Garden_Grove_California is Mark Rosen
# mayor of Garden_Grove_California is William Dalton
# mayor of Bakersfield_California is Harvey Hall
t/semprog_ch02_03_places.t .......... ok
# jt's partners
#     Justin Timberlake + Alyssa Milano
#     Britney Spears + Justin Timberlake
#     Jenna Dewan + Justin Timberlake
#     Justin Timberlake + Jenna Dewan
#     Jessica Biel + Justin Timberlake
#     Cameron Diaz + Justin Timberlake
#     Justin Timberlake + Jessica Biel
#     Cameron Diaz + Justin Timberlake
#     Justin Timberlake + Britney Spears
#     Alyssa Milano + Justin Timberlake
t/semprog_ch02_04_celebs.t .......... ok
# $VAR1 = 'WDR';
# $VAR2 = 'BLK';
# $VAR3 = 'BSC';
# $VAR4 = 'PNSN';
# $VAR5 = 'GS';
# $VAR6 = 'MER';
# $VAR7 = 'MKTX';
# $VAR8 = 'COWN';
# $VAR9 = 'TRAD';
# $VAR10 = 'CLMS';
# $VAR11 = 'OXPS';
# $VAR12 = 'LEH';
# $VAR13 = 'SF';
# $VAR14 = 'ITG';
# $VAR15 = 'JEF';
# $VAR16 = 'GBL';
# $VAR17 = 'SCHW';
# $VAR18 = 'DHIL';
# $VAR19 = 'LM';
# $VAR20 = 'MS';
# $VAR21 = 'NITE';
# $VAR22 = 'TWPG';
# $VAR23 = 'LAB';
t/semprog_ch02_05_business.t ........ ok
t/semprog_ch02_moviegraph.t ......... ok
# $VAR1 = {
#           'dollars' => '30700.0',
#           'company' => 'BSC',
#           'cont' => 'contrib285'
#         };
t/semprog_ch03_01_queries.t ......... ok
# triples before:
# $VAR1 = [
#           'White House',
#           'address',
#           '1600 Pennsylvania Avenue, Washington DC'
#         ];
Use of uninitialized value $geo_result in split at /tmp/loop_over_bdir-1029693-n7cChp/VANAMBURG-SEMPROG-SimpleGraph-0.010-0/blib/lib/VANAMBURG/SEMPROG/GeocodeRule.pm line 24.
# triples after:
# $VAR1 = [
#           'White House',
#           'address',
#           '1600 Pennsylvania Avenue, Washington DC'
#         ];

#   Failed test 'there are three triples after inference'
#   at t/semprog_ch03_02_inference.t line 30.
# Looks like you failed 1 test of 2.
t/semprog_ch03_02_inference.t ....... 
Dubious, test returned 1 (wstat 256, 0x100)
Failed 1/2 subtests 
# getting geo code data from internet -- could take a while...
Use of uninitialized value $geo_result in split at /tmp/loop_over_bdir-1029693-n7cChp/VANAMBURG-SEMPROG-SimpleGraph-0.010-0/blib/lib/VANAMBURG/SEMPROG/GeocodeRule.pm line 24.
Use of uninitialized value $geo_result in split at /tmp/loop_over_bdir-1029693-n7cChp/VANAMBURG-SEMPROG-SimpleGraph-0.010-0/blib/lib/VANAMBURG/SEMPROG/GeocodeRule.pm line 24.
Use of uninitialized value $geo_result in split at /tmp/loop_over_bdir-1029693-n7cChp/VANAMBURG-SEMPROG-SimpleGraph-0.010-0/blib/lib/VANAMBURG/SEMPROG/GeocodeRule.pm line 24.
Use of uninitialized value $geo_result in split at /tmp/loop_over_bdir-1029693-n7cChp/VANAMBURG-SEMPROG-SimpleGraph-0.010-0/blib/lib/VANAMBURG/SEMPROG/GeocodeRule.pm line 24.
Use of uninitialized value $geo_result in split at /tmp/loop_over_bdir-1029693-n7cChp/VANAMBURG-SEMPROG-SimpleGraph-0.010-0/blib/lib/VANAMBURG/SEMPROG/GeocodeRule.pm line 24.

#   Failed test '24 triples after first inference.'
#   at t/semprog_ch03_03_chain_of_rules.t line 22.
Attribute (latitude) does not pass the type constraint because: Validation failed for 'Num' with value "" at accessor VANAMBURG::SEMPROG::CloseToRule::latitude (defined at /tmp/loop_over_bdir-1029693-n7cChp/VANAMBURG-SEMPROG-SimpleGraph-0.010-0/blib/lib/VANAMBURG/SEMPROG/CloseToRule.pm line 54) line 9
	VANAMBURG::SEMPROG::CloseToRule::latitude('VANAMBURG::SEMPROG::CloseToRule=HASH(0x55ef19bf9e00)', '') called at /tmp/loop_over_bdir-1029693-n7cChp/VANAMBURG-SEMPROG-SimpleGraph-0.010-0/blib/lib/VANAMBURG/SEMPROG/CloseToRule.pm line 40
	VANAMBURG::SEMPROG::CloseToRule::BUILD('VANAMBURG::SEMPROG::CloseToRule=HASH(0x55ef19bf9e00)', 'HASH(0x55ef19adf848)') called at constructor VANAMBURG::SEMPROG::CloseToRule::new (defined at /tmp/loop_over_bdir-1029693-n7cChp/VANAMBURG-SEMPROG-SimpleGraph-0.010-0/blib/lib/VANAMBURG/SEMPROG/CloseToRule.pm line 60) line 79
	VANAMBURG::SEMPROG::CloseToRule::new('VANAMBURG::SEMPROG::CloseToRule', 'place', 'White House', 'graph', 'VANAMBURG::SEMPROG::SimpleGraph=HASH(0x55ef179c2220)') called at t/semprog_ch03_03_chain_of_rules.t line 25
# Looks like your test exited with 255 just after 2.
t/semprog_ch03_03_chain_of_rules.t .. 
Dubious, test returned 255 (wstat 65280, 0xff00)
Failed 3/4 subtests 
# loading movie data...
# load done.  finding path
# path=Kevin Bacon, New York, I Love You, Natalie Portman, Heat, Val Kilmer
# path=Kevin Bacon, National Lampoon's Animal House, Stephen Furst, Silent Rage, Chuck Norris, Way of the Dragon, Bruce Lee
# path=Kevin Bacon, New York, I Love You, Hayden Christensen, Star Wars Episode VI: Return of the Jedi, Harrison Ford
t/semprog_ch03_04_shortest_path.t ... ok
t/semprog_ch03_05_join_graph.t ...... ok

Test Summary Report
-------------------
t/semprog_ch03_02_inference.t     (Wstat: 256 Tests: 2 Failed: 1)
  Failed test:  2
  Non-zero exit status: 1
t/semprog_ch03_03_chain_of_rules.t (Wstat: 65280 Tests: 2 Failed: 1)
  Failed test:  2
  Non-zero exit status: 255
  Parse errors: Bad plan.  You planned 4 tests but ran 2.
Files=11, Tests=40, 35 wallclock secs ( 0.03 usr  0.04 sys + 18.04 cusr  0.84 csys = 18.95 CPU)
Result: FAIL
Failed 2/11 test programs. 2/40 subtests failed.
make: *** [Makefile:889: test_dynamic] Error 255

------------------------------
PREREQUISITES
------------------------------

Prerequisite modules loaded:

requires:

    Module              Need Have      
    ------------------- ---- ----------
    File::Slurp         0    9999.30   
    JSON                0    4.02      
    List::MoreUtils     0    0.428     
    LWP::Simple         0    6.44      
    Modern::Perl        1.03 1.20200211
    Moose               0.93 2.2012    
    Moose::Role         0    2.2012    
    Set::Scalar         0    1.29      
    Test::More          0    1.302175  
    Text::CSV_XS        0    1.41      
    URI::Escape         0    3.31      

build_requires:

    Module              Need Have      
    ------------------- ---- ----------
    ExtUtils::MakeMaker 0    7.44      

configure_requires:

    Module              Need Have      
    ------------------- ---- ----------
    ExtUtils::MakeMaker 0    7.44      


------------------------------
ENVIRONMENT AND OTHER CONTEXT
------------------------------

Environment variables:

    AUTOMATED_TESTING = 1
    LANG = en_US.UTF-8
    PATH = /home/sand/bin:/usr/local/bin:/usr/bin:/bin:/usr/games:/usr/local/perl/bin:/usr/X11/bin:/sbin:/usr/sbin
    PERL5LIB = 
    PERL5OPT = 
    PERL5_CPANPLUS_IS_RUNNING = 1416881
    PERL5_CPAN_IS_RUNNING = 1416881
    PERL_CANARY_STABILITY_NOPROMPT = 1
    PERL_MM_USE_DEFAULT = 1
    PERL_USE_UNSAFE_INC = 1
    SHELL = /usr/bin/zsh
    TERM = screen

Perl special variables (and OS-specific diagnostics, for MSWin32):

    $^X = /tmp/basesmoker-reloperl-4wOu/bin/perl
    $UID/$EUID = 1005 / 1005
    $GID = 1005 1005
    $EGID = 1005 1005

Perl module toolchain versions installed:

    Module              Have    
    ------------------- --------
    CPAN                2.27    
    CPAN::Meta          2.150010
    Cwd                 3.78    
    ExtUtils::CBuilder  0.280234
    ExtUtils::Command   7.44    
    ExtUtils::Install   2.14    
    ExtUtils::MakeMaker 7.44    
    ExtUtils::Manifest  1.72    
    ExtUtils::ParseXS   3.40    
    File::Spec          3.78    
    JSON                4.02    
    JSON::PP            4.04    
    Module::Build       0.4231  
    Module::Signature   0.83    
    Parse::CPAN::Meta   2.150010
    Test::Harness       3.42    
    Test::More          1.302175
    YAML                1.30    
    YAML::Syck          1.32    
    version             0.9924  


--

Summary of my perl5 (revision 5 version 31 subversion 12) configuration:
  Commit id: 8100f3cd3c45f1190105982b7fed1028074526ae
  Platform:
    osname=linux
    osvers=5.3.0-2-amd64
    archname=x86_64-linux-thread-multi-ld
    uname='linux k93msid 5.3.0-2-amd64 #1 smp debian 5.3.9-3 (2019-11-19) x86_64 gnulinux '
    config_args='-Dprefix=/home/sand/src/perl/repoperls/installed-perls/host/k93msid/v5.31.11-17-g8100f3cd3c/8854 -Dmyhostname=k93msid -Dinstallusrbinperl=n -Uversiononly -Dusedevel -des -Ui_db -Dlibswanted=cl pthread socket inet nsl gdbm dbm malloc dl ld sun m crypt sec util c cposix posix ucb BSD gdbm_compat -Duseithreads -Duselongdouble -DEBUGGING=-g'
    hint=recommended
    useposix=true
    d_sigaction=define
    useithreads=define
    usemultiplicity=define
    use64bitint=define
    use64bitall=define
    uselongdouble=define
    usemymalloc=n
    default_inc_excludes_dot=define
    bincompat5005=undef
  Compiler:
    cc='cc'
    ccflags ='-D_REENTRANT -D_GNU_SOURCE -fwrapv -fno-strict-aliasing -pipe -fstack-protector-strong -I/usr/local/include -D_LARGEFILE_SOURCE -D_FILE_OFFSET_BITS=64 -D_FORTIFY_SOURCE=2'
    optimize='-O2 -g'
    cppflags='-D_REENTRANT -D_GNU_SOURCE -fwrapv -fno-strict-aliasing -pipe -fstack-protector-strong -I/usr/local/include'
    ccversion=''
    gccversion='9.2.1 20191109'
    gccosandvers=''
    intsize=4
    longsize=8
    ptrsize=8
    doublesize=8
    byteorder=12345678
    doublekind=3
    d_longlong=define
    longlongsize=8
    d_longdbl=define
    longdblsize=16
    longdblkind=3
    ivtype='long'
    ivsize=8
    nvtype='long double'
    nvsize=16
    Off_t='off_t'
    lseeksize=8
    alignbytes=16
    prototype=define
  Linker and Libraries:
    ld='cc'
    ldflags =' -fstack-protector-strong -L/usr/local/lib'
    libpth=/usr/local/lib /usr/lib/gcc/x86_64-linux-gnu/9/include-fixed /usr/include/x86_64-linux-gnu /usr/lib /lib/x86_64-linux-gnu /lib/../lib /usr/lib/x86_64-linux-gnu /usr/lib/../lib /lib
    libs=-lpthread -lnsl -ldl -lm -lcrypt -lutil -lc
    perllibs=-lpthread -lnsl -ldl -lm -lcrypt -lutil -lc
    libc=libc-2.29.so
    so=so
    useshrplib=false
    libperl=libperl.a
    gnulibc_version='2.29'
  Dynamic Linking:
    dlsrc=dl_dlopen.xs
    dlext=so
    d_dlsymun=undef
    ccdlflags='-Wl,-E'
    cccdlflags='-fPIC'
    lddlflags='-shared -O2 -g -L/usr/local/lib -fstack-protector-strong'


Characteristics of this binary (from libperl): 
  Compile-time options:
    HAS_TIMES
    MULTIPLICITY
    PERLIO_LAYERS
    PERL_COPY_ON_WRITE
    PERL_DONT_CREATE_GVSV
    PERL_IMPLICIT_CONTEXT
    PERL_MALLOC_WRAP
    PERL_OP_PARENT
    PERL_PRESERVE_IVUV
    PERL_USE_DEVEL
    USE_64_BIT_ALL
    USE_64_BIT_INT
    USE_ITHREADS
    USE_LARGE_FILES
    USE_LOCALE
    USE_LOCALE_COLLATE
    USE_LOCALE_CTYPE
    USE_LOCALE_NUMERIC
    USE_LOCALE_TIME
    USE_LONG_DOUBLE
    USE_PERLIO
    USE_PERL_ATOF
    USE_REENTRANT_API
    USE_THREAD_SAFE_LOCALE
  Built under linux
  Compiled at Apr 30 2020 17:19:14
  %ENV:
    PERL5LIB=""
    PERL5OPT=""
    PERL5_CPANPLUS_IS_RUNNING="1416881"
    PERL5_CPAN_IS_RUNNING="1416881"
    PERL_CANARY_STABILITY_NOPROMPT="1"
    PERL_MM_USE_DEFAULT="1"
    PERL_USE_UNSAFE_INC="1"
  @INC:
    /home/sand/src/perl/repoperls/installed-perls/host/k93msid/v5.31.11-17-g8100f3cd3c/8854/lib/site_perl/5.31.12/x86_64-linux-thread-multi-ld
    /home/sand/src/perl/repoperls/installed-perls/host/k93msid/v5.31.11-17-g8100f3cd3c/8854/lib/site_perl/5.31.12
    /home/sand/src/perl/repoperls/installed-perls/host/k93msid/v5.31.11-17-g8100f3cd3c/8854/lib/5.31.12/x86_64-linux-thread-multi-ld
    /home/sand/src/perl/repoperls/installed-perls/host/k93msid/v5.31.11-17-g8100f3cd3c/8854/lib/5.31.12
    .