Report for Mojolicious-Plugin-Module-0.03

Back
From: metabase:user:7298ebcc-b357-11e4-8d18-8eca7e4756b9
Subject: FAIL Mojolicious-Plugin-Module-0.03 v5.20.2 GNU/Linux
Date: 2015-07-03T15:56:34Z

This distribution has been tested as part of the CPAN Testers
project, supporting the Perl programming language.  See
http://wiki.cpantesters.org/ for more information or email
questions to cpan-testers-discuss@perl.org


--
Dear BUGOV,

This is a computer-generated report for Mojolicious-Plugin-Module-0.03
on perl 5.20.2, created by App::cpanminus::reporter 0.12 (1.7027).

Thank you for uploading your work to CPAN.  However, there was a problem
testing your distribution.

If you think this report is invalid, please consult the CPAN Testers Wiki
for suggestions on how to avoid getting FAIL reports for missing library
or binary dependencies, unsupported operating systems, and so on:

http://wiki.cpantesters.org/wiki/CPANAuthorNotes

Sections of this report:

    * Tester comments
    * Program output
    * Prerequisites
    * Environment and other context

------------------------------
TESTER COMMENTS
------------------------------

Additional comments from tester:

none provided

------------------------------
PROGRAM OUTPUT
------------------------------

Output from '':

Building and testing Mojolicious-Plugin-Module-0.03
Building Mojolicious-Plugin-Module

#   Failed test 'use Mojolicious::Plugin::Module;'
#   at t/00-load.t line 8.
#     Tried to use 'Mojolicious::Plugin::Module'.
#     Error:  Can't locate File/Copy/Recursive.pm in @INC (you may need to install the File::Copy::Recursive module) (@INC contains: ./lib /home/mojolicious/.cpanm/work/1435938912.20302/Mojolicious-Plugin-Module-0.03/blib/lib /home/mojolicious/.cpanm/work/1435938912.20302/Mojolicious-Plugin-Module-0.03/blib/arch /tmp/FhuT5rwB4x/lib/perl5/x86_64-linux /tmp/FhuT5rwB4x/lib/perl5 /home/mojolicious/mojolib/5.20.2/6.11/lib/perl5/x86_64-linux /home/mojolicious/mojolib/5.20.2/6.11/lib/perl5 /home/mojolicious/perl5/perlbrew/perls/perl-5.20.2/lib/site_perl/5.20.2/x86_64-linux /home/mojolicious/perl5/perlbrew/perls/perl-5.20.2/lib/site_perl/5.20.2 /home/mojolicious/perl5/perlbrew/perls/perl-5.20.2/lib/5.20.2/x86_64-linux /home/mojolicious/perl5/perlbrew/perls/perl-5.20.2/lib/5.20.2 .) at lib/Mojolicious/Plugin/Module/Assets.pm line 4, <DATA> line 2231.
# BEGIN failed--compilation aborted at lib/Mojolicious/Plugin/Module/Assets.pm line 4, <DATA> line 2231.
# Compilation failed in require at lib/Mojolicious/Plugin/Module.pm line 4, <DATA> line 2231.
# BEGIN failed--compilation aborted at lib/Mojolicious/Plugin/Module.pm line 4, <DATA> line 2231.
# Compilation failed in require at t/00-load.t line 8, <DATA> line 2231.
# BEGIN failed--compilation aborted at t/00-load.t line 8, <DATA> line 2231.
Use of uninitialized value $Mojolicious::Plugin::Module::VERSION in concatenation (.) or string at t/00-load.t line 10, <DATA> line 2231.
# Looks like you failed 1 test of 1.
# Looks like your test exited with 255 just after 1.
t/00-load.t ...... 
Dubious, test returned 255 (wstat 65280, 0xff00)
Failed 1/1 subtests 
Can't locate File/Copy/Recursive.pm in @INC (you may need to install the File::Copy::Recursive module) (@INC contains: /home/mojolicious/.cpanm/work/1435938912.20302/Mojolicious-Plugin-Module-0.03/t/apps/my_app/lib /home/mojolicious/.cpanm/work/1435938912.20302/Mojolicious-Plugin-Module-0.03/blib/lib /home/mojolicious/.cpanm/work/1435938912.20302/Mojolicious-Plugin-Module-0.03/blib/arch /tmp/FhuT5rwB4x/lib/perl5/x86_64-linux /tmp/FhuT5rwB4x/lib/perl5 /home/mojolicious/mojolib/5.20.2/6.11/lib/perl5/x86_64-linux /home/mojolicious/mojolib/5.20.2/6.11/lib/perl5 /home/mojolicious/perl5/perlbrew/perls/perl-5.20.2/lib/site_perl/5.20.2/x86_64-linux /home/mojolicious/perl5/perlbrew/perls/perl-5.20.2/lib/site_perl/5.20.2 /home/mojolicious/perl5/perlbrew/perls/perl-5.20.2/lib/5.20.2/x86_64-linux /home/mojolicious/perl5/perlbrew/perls/perl-5.20.2/lib/5.20.2 .) at /home/mojolicious/.cpanm/work/1435938912.20302/Mojolicious-Plugin-Module-0.03/blib/lib/Mojolicious/Plugin/Module/Assets.pm line 4.
BEGIN failed--compilation aborted at /home/mojolicious/.cpanm/work/1435938912.20302/Mojolicious-Plugin-Module-0.03/blib/lib/Mojolicious/Plugin/Module/Assets.pm line 4.
Compilation failed in require at /home/mojolicious/.cpanm/work/1435938912.20302/Mojolicious-Plugin-Module-0.03/blib/lib/Mojolicious/Plugin/Module.pm line 4.
BEGIN failed--compilation aborted at /home/mojolicious/.cpanm/work/1435938912.20302/Mojolicious-Plugin-Module-0.03/blib/lib/Mojolicious/Plugin/Module.pm line 4.
Compilation failed in require at (eval 44) line 1.
# Tests were run but no plan was declared and done_testing() was not seen.
# Looks like your test exited with 255 just after 1.
t/01-my_app.t .... 
Dubious, test returned 255 (wstat 65280, 0xff00)
All 1 subtests passed 
Can't locate File/Copy/Recursive.pm in @INC (you may need to install the File::Copy::Recursive module) (@INC contains: /home/mojolicious/.cpanm/work/1435938912.20302/Mojolicious-Plugin-Module-0.03/blib/lib /home/mojolicious/.cpanm/work/1435938912.20302/Mojolicious-Plugin-Module-0.03/blib/arch /tmp/FhuT5rwB4x/lib/perl5/x86_64-linux /tmp/FhuT5rwB4x/lib/perl5 /home/mojolicious/mojolib/5.20.2/6.11/lib/perl5/x86_64-linux /home/mojolicious/mojolib/5.20.2/6.11/lib/perl5/x86_64-linux /home/mojolicious/mojolib/5.20.2/6.11/lib/perl5 /tmp/FhuT5rwB4x/lib/perl5/x86_64-linux /tmp/FhuT5rwB4x/lib/perl5/x86_64-linux /tmp/FhuT5rwB4x/lib/perl5 /home/mojolicious/mojolib/5.20.2/6.11/lib/perl5/x86_64-linux /home/mojolicious/mojolib/5.20.2/6.11/lib/perl5 /home/mojolicious/perl5/perlbrew/perls/perl-5.20.2/lib/site_perl/5.20.2/x86_64-linux /home/mojolicious/perl5/perlbrew/perls/perl-5.20.2/lib/site_perl/5.20.2 /home/mojolicious/perl5/perlbrew/perls/perl-5.20.2/lib/5.20.2/x86_64-linux /home/mojolicious/perl5/perlbrew/perls/perl-5.20.2/lib/5.20.2 .) at /home/mojolicious/.cpanm/work/1435938912.20302/Mojolicious-Plugin-Module-0.03/blib/lib/Mojolicious/Plugin/Module/Assets.pm line 4.
BEGIN failed--compilation aborted at /home/mojolicious/.cpanm/work/1435938912.20302/Mojolicious-Plugin-Module-0.03/blib/lib/Mojolicious/Plugin/Module/Assets.pm line 4.
Compilation failed in require at /home/mojolicious/.cpanm/work/1435938912.20302/Mojolicious-Plugin-Module-0.03/blib/lib/Mojolicious/Plugin/Module.pm line 4.
BEGIN failed--compilation aborted at /home/mojolicious/.cpanm/work/1435938912.20302/Mojolicious-Plugin-Module-0.03/blib/lib/Mojolicious/Plugin/Module.pm line 4.
Compilation failed in require at (eval 43) line 1.
t/02-lite_app.t .. 
Dubious, test returned 255 (wstat 65280, 0xff00)
No subtests run 

Test Summary Report
-------------------
t/00-load.t    (Wstat: 65280 Tests: 1 Failed: 1)
  Failed test:  1
  Non-zero exit status: 255
t/01-my_app.t  (Wstat: 65280 Tests: 1 Failed: 0)
  Non-zero exit status: 255
  Parse errors: No plan found in TAP output
t/02-lite_app.t (Wstat: 65280 Tests: 0 Failed: 0)
  Non-zero exit status: 255
  Parse errors: No plan found in TAP output
Files=3, Tests=2,  1 wallclock secs ( 0.02 usr  0.01 sys +  0.61 cusr  0.06 csys =  0.70 CPU)
Result: FAIL

------------------------------
PREREQUISITES
------------------------------

Prerequisite modules loaded:

runtime:

    Module              Need  Have    
    ------------------- ----- --------
    Carp                0     1.3301  
  ! Hash::Merge::Simple 0.051 n/a     
    Module::Load        0     0.32    
  ! Mojolicious         4     n/a     
    perl                5.014 5.020002
  ! YAML                0     n/a     

build:

    Module              Need  Have    
    ------------------- ----- --------
    Test::More          0     1.001014

configure:

    Module              Need  Have    
    ------------------- ----- --------
    Module::Build       0.40  0.4211  


------------------------------
ENVIRONMENT AND OTHER CONTEXT
------------------------------

Environment variables:

    PATH = /home/mojolicious/perl5/perlbrew/bin:/home/mojolicious/perl5/perlbrew/perls/perl-5.20.1/bin:/usr/local/bin:/usr/bin:/bin:/usr/local/games:/usr/games:/home/mojolicious/mojolib/5.20.2/6.11/bin
    PERLBREW_BASHRC_VERSION = 0.73
    PERLBREW_HOME = /home/mojolicious/.perlbrew
    PERLBREW_MANPATH = /home/mojolicious/perl5/perlbrew/perls/perl-5.20.1/man
    PERLBREW_PATH = /home/mojolicious/perl5/perlbrew/bin:/home/mojolicious/perl5/perlbrew/perls/perl-5.20.1/bin
    PERLBREW_PERL = perl-5.20.1
    PERLBREW_ROOT = /home/mojolicious/perl5/perlbrew
    PERLBREW_VERSION = 0.73
    SHELL = /bin/bash
    TERM = xterm

Perl special variables (and OS-specific diagnostics, for MSWin32):

    EGID = 1003 1003
    EUID = 1003
    EXECUTABLE_NAME = /home/mojolicious/perl5/perlbrew/perls/perl-5.20.2/bin/perl
    GID = 1003 1003
    UID = 1003

Perl module toolchain versions installed:

    Module              Have    
    ------------------- --------
    CPAN                2.05    
    CPAN::Meta          2.143240
    Cwd                 3.48_01 
    ExtUtils::CBuilder  0.280217
    ExtUtils::Command   1.18    
    ExtUtils::Install   1.67    
    ExtUtils::MakeMaker 6.98    
    ExtUtils::Manifest  1.63    
    ExtUtils::ParseXS   3.24    
    File::Spec          3.48_01 
    JSON                2.90    
    JSON::PP            2.27203 
    Module::Build       0.4211  
    Module::Signature   n/a     
    Parse::CPAN::Meta   1.4414  
    Test::Harness       3.30    
    Test::More          1.001014
    YAML                n/a     
    YAML::Syck          n/a     
    version             0.9909  


--

Summary of my perl5 (revision 5 version 20 subversion 2) configuration:
   
  Platform:
    osname=linux, osvers=3.13.0-042stab094.8, archname=x86_64-linux
    uname='linux lvps92-51-161-142.dedicated.hosteurope.de 3.13.0-042stab094.8 #1 smp tue dec 16 20:36:56 msk 2014 x86_64 x86_64 x86_64 gnulinux '
    config_args='-de -Dprefix=/home/mojolicious/perl5/perlbrew/perls/perl-5.20.2 -Aeval:scriptdir=/home/mojolicious/perl5/perlbrew/perls/perl-5.20.2/bin'
    hint=recommended, useposix=true, d_sigaction=define
    useithreads=undef, usemultiplicity=undef
    use64bitint=define, use64bitall=define, uselongdouble=undef
    usemymalloc=n, bincompat5005=undef
  Compiler:
    cc='cc', ccflags ='-fwrapv -fno-strict-aliasing -pipe -fstack-protector -I/usr/local/include -D_LARGEFILE_SOURCE -D_FILE_OFFSET_BITS=64',
    optimize='-O2',
    cppflags='-fwrapv -fno-strict-aliasing -pipe -fstack-protector -I/usr/local/include'
    ccversion='', gccversion='4.8.2', gccosandvers=''
    intsize=4, longsize=8, ptrsize=8, doublesize=8, byteorder=12345678
    d_longlong=define, longlongsize=8, d_longdbl=define, longdblsize=16
    ivtype='long', ivsize=8, nvtype='double', nvsize=8, Off_t='off_t', lseeksize=8
    alignbytes=8, prototype=define
  Linker and Libraries:
    ld='cc', ldflags =' -fstack-protector -L/usr/local/lib'
    libpth=/usr/local/lib /usr/lib/gcc/x86_64-linux-gnu/4.8/include-fixed /usr/include/x86_64-linux-gnu /usr/lib /lib/x86_64-linux-gnu /lib/../lib /usr/lib/x86_64-linux-gnu /usr/lib/../lib /lib
    libs=-lnsl -ldl -lm -lcrypt -lutil -lc
    perllibs=-lnsl -ldl -lm -lcrypt -lutil -lc
    libc=libc-2.19.so, so=so, useshrplib=false, libperl=libperl.a
    gnulibc_version='2.19'
  Dynamic Linking:
    dlsrc=dl_dlopen.xs, dlext=so, d_dlsymun=undef, ccdlflags='-Wl,-E'
    cccdlflags='-fPIC', lddlflags='-shared -O2 -L/usr/local/lib -fstack-protector'


Characteristics of this binary (from libperl): 
  Compile-time options: HAS_TIMES PERLIO_LAYERS PERL_DONT_CREATE_GVSV
                        PERL_HASH_FUNC_ONE_AT_A_TIME_HARD PERL_MALLOC_WRAP
                        PERL_NEW_COPY_ON_WRITE PERL_PRESERVE_IVUV
                        USE_64_BIT_ALL USE_64_BIT_INT USE_LARGE_FILES
                        USE_LOCALE USE_LOCALE_COLLATE USE_LOCALE_CTYPE
                        USE_LOCALE_NUMERIC USE_PERLIO USE_PERL_ATOF
  Locally applied patches:
	Devel::PatchPerl 1.30
  Built under linux
  Compiled at Feb 15 2015 08:07:45
  %ENV:
    PERLBREW_BASHRC_VERSION="0.73"
    PERLBREW_HOME="/home/mojolicious/.perlbrew"
    PERLBREW_MANPATH="/home/mojolicious/perl5/perlbrew/perls/perl-5.20.1/man"
    PERLBREW_PATH="/home/mojolicious/perl5/perlbrew/bin:/home/mojolicious/perl5/perlbrew/perls/perl-5.20.1/bin"
    PERLBREW_PERL="perl-5.20.1"
    PERLBREW_ROOT="/home/mojolicious/perl5/perlbrew"
    PERLBREW_VERSION="0.73"
  @INC:
    /home/mojolicious/perl5/perlbrew/perls/perl-5.20.2/lib/site_perl/5.20.2/x86_64-linux
    /home/mojolicious/perl5/perlbrew/perls/perl-5.20.2/lib/site_perl/5.20.2
    /home/mojolicious/perl5/perlbrew/perls/perl-5.20.2/lib/5.20.2/x86_64-linux
    /home/mojolicious/perl5/perlbrew/perls/perl-5.20.2/lib/5.20.2
    .