Report for Proc-BackOff-0.02

Back
From: metabase:user:917c2b6a-77f3-11e5-af78-c9d573d1e3cf
Subject: FAIL Proc-BackOff-0.02 v5.22.1 Mac OS X
Date: 2016-01-27T18:30:45Z

This distribution has been tested as part of the CPAN Testers
project, supporting the Perl programming language.  See
http://wiki.cpantesters.org/ for more information or email
questions to cpan-testers-discuss@perl.org


--
Dear Daniel Lo,

This is a computer-generated report for Proc-BackOff-0.02
on perl 5.22.1, created by CPAN-Reporter-1.2015.

Thank you for uploading your work to CPAN.  However, there was a problem
testing your distribution.

If you think this report is invalid, please consult the CPAN Testers Wiki
for suggestions on how to avoid getting FAIL reports for missing library
or binary dependencies, unsupported operating systems, and so on:

http://wiki.cpantesters.org/wiki/CPANAuthorNotes

Sections of this report:

    * Tester comments
    * Program output
    * Prerequisites
    * Environment and other context

------------------------------
TESTER COMMENTS
------------------------------

Additional comments from tester:

this report is from an automated smoke testing program
and was not reviewed by a human for accuracy

------------------------------
PROGRAM OUTPUT
------------------------------

Output from './Build test':

t/01_require.t ............. ok
"my" variable $package masks earlier declaration in same statement at t/02_basic.t line 15.
"my" variable $package masks earlier declaration in same scope at t/02_basic.t line 16.
"my" variable $obj masks earlier declaration in same statement at t/02_basic.t line 22.
"my" variable $obj masks earlier declaration in same scope at t/02_basic.t line 23.
"my" variable $obj masks earlier declaration in same scope at t/02_basic.t line 25.
"my" variable $obj masks earlier declaration in same statement at t/02_basic.t line 25.
"my" variable $obj masks earlier declaration in same scope at t/02_basic.t line 26.
"my" variable $obj masks earlier declaration in same statement at t/02_basic.t line 26.
"my" variable $obj masks earlier declaration in same scope at t/02_basic.t line 27.
"my" variable $obj masks earlier declaration in same scope at t/02_basic.t line 28.
"my" variable $obj masks earlier declaration in same statement at t/02_basic.t line 28.
"my" variable $obj masks earlier declaration in same scope at t/02_basic.t line 30.
"my" variable $obj masks earlier declaration in same scope at t/02_basic.t line 31.
"my" variable $obj masks earlier declaration in same scope at t/02_basic.t line 32.
"my" variable $obj masks earlier declaration in same statement at t/02_basic.t line 32.
"my" variable $obj masks earlier declaration in same scope at t/02_basic.t line 33.
"my" variable $obj masks earlier declaration in same statement at t/02_basic.t line 33.
"my" variable $obj masks earlier declaration in same scope at t/02_basic.t line 35.
"my" variable $obj masks earlier declaration in same scope at t/02_basic.t line 36.
"my" variable $obj masks earlier declaration in same scope at t/02_basic.t line 38.
"my" variable $obj masks earlier declaration in same statement at t/02_basic.t line 38.
"my" variable $obj masks earlier declaration in same statement at t/02_basic.t line 40.
"my" variable $obj masks earlier declaration in same statement at t/02_basic.t line 40.
"my" variable $obj masks earlier declaration in same statement at t/02_basic.t line 42.
"my" variable $obj masks earlier declaration in same statement at t/02_basic.t line 42.
"my" variable $obj masks earlier declaration in same scope at t/02_basic.t line 46.
"my" variable $obj masks earlier declaration in same scope at t/02_basic.t line 51.
"my" variable $obj masks earlier declaration in same scope at t/02_basic.t line 52.
"my" variable $obj masks earlier declaration in same scope at t/02_basic.t line 54.
"my" variable $obj masks earlier declaration in same scope at t/02_basic.t line 55.
"my" variable $obj masks earlier declaration in same scope at t/02_basic.t line 57.
"my" variable $obj masks earlier declaration in same scope at t/02_basic.t line 58.
"my" variable $obj masks earlier declaration in same scope at t/02_basic.t line 60.
"my" variable $obj masks earlier declaration in same scope at t/02_basic.t line 61.
"my" variable $obj masks earlier declaration in same scope at t/02_basic.t line 63.
"my" variable $obj masks earlier declaration in same scope at t/02_basic.t line 64.
"my" variable $obj masks earlier declaration in same scope at t/02_basic.t line 66.
"my" variable $obj masks earlier declaration in same scope at t/02_basic.t line 67.
"my" variable $obj masks earlier declaration in same scope at t/02_basic.t line 68.
"my" variable $obj masks earlier declaration in same scope at t/02_basic.t line 72.
"my" variable $obj masks earlier declaration in same scope at t/02_basic.t line 73.
"my" variable $obj masks earlier declaration in same scope at t/02_basic.t line 75.
"my" variable $obj masks earlier declaration in same scope at t/02_basic.t line 76.
"my" variable $obj masks earlier declaration in same scope at t/02_basic.t line 78.
"my" variable $obj masks earlier declaration in same scope at t/02_basic.t line 79.
"my" variable $obj masks earlier declaration in same scope at t/02_basic.t line 81.
"my" variable $obj masks earlier declaration in same scope at t/02_basic.t line 82.
"my" variable $obj masks earlier declaration in same scope at t/02_basic.t line 84.
"my" variable $obj masks earlier declaration in same scope at t/02_basic.t line 85.
"my" variable $obj masks earlier declaration in same scope at t/02_basic.t line 87.
"my" variable $obj masks earlier declaration in same scope at t/02_basic.t line 88.
"my" variable $obj masks earlier declaration in same scope at t/02_basic.t line 89.
"my" variable $obj masks earlier declaration in same scope at t/02_basic.t line 93.
"my" variable $obj masks earlier declaration in same scope at t/02_basic.t line 94.
"my" variable $obj masks earlier declaration in same scope at t/02_basic.t line 96.
"my" variable $obj masks earlier declaration in same scope at t/02_basic.t line 97.
"my" variable $obj masks earlier declaration in same scope at t/02_basic.t line 99.
"my" variable $obj masks earlier declaration in same scope at t/02_basic.t line 100.
"my" variable $obj masks earlier declaration in same scope at t/02_basic.t line 102.
"my" variable $obj masks earlier declaration in same scope at t/02_basic.t line 103.
"my" variable $obj masks earlier declaration in same scope at t/02_basic.t line 105.
"my" variable $obj masks earlier declaration in same scope at t/02_basic.t line 106.
"my" variable $obj masks earlier declaration in same scope at t/02_basic.t line 108.
"my" variable $obj masks earlier declaration in same scope at t/02_basic.t line 109.
"my" variable $obj masks earlier declaration in same scope at t/02_basic.t line 110.
syntax error at t/02_basic.t line 12, near "$p qw | Random Linear Exponential |"
syntax error at t/02_basic.t line 17, near "}"
syntax error at t/02_basic.t line 44, near "}"
Execution of t/02_basic.t aborted due to compilation errors.
# Looks like you planned 27 tests but ran 3.
# Looks like your test exited with 255 just after 3.
t/02_basic.t ............... 
Dubious, test returned 255 (wstat 65280, 0xff00)
Failed 24/27 subtests 
t/03_timing_exponential.t .. ok
t/03_timing_linear.t ....... ok
t/03_timing_random.t ....... ok

Test Summary Report
-------------------
t/02_basic.t             (Wstat: 65280 Tests: 3 Failed: 0)
  Non-zero exit status: 255
  Parse errors: Bad plan.  You planned 27 tests but ran 3.
Files=5, Tests=63,  0 wallclock secs ( 0.04 usr  0.03 sys +  0.19 cusr  0.07 csys =  0.33 CPU)
Result: FAIL
Failed 1/5 test programs. 0/63 subtests failed.

------------------------------
PREREQUISITES
------------------------------

Prerequisite modules loaded:

requires:

    Module          Need Have
    --------------- ---- ----
    Class::Accessor 0    0.34


------------------------------
ENVIRONMENT AND OTHER CONTEXT
------------------------------

Environment variables:

    AUTOMATED_TESTING = 1
    LANG = cs_CZ.UTF-8
    PATH = /Users/petr/perl5/perlbrew/bin:/Users/petr/perl5/perlbrew/perls/perl-5.22.1/bin:/usr/local/bin:/usr/bin:/bin:/usr/sbin:/sbin
    PERL5LIB = /Users/petr/.cpan/build/Class-Accessor-0.34-Dg8IG5/blib/arch:/Users/petr/.cpan/build/Class-Accessor-0.34-Dg8IG5/blib/lib
    PERL5OPT = 
    PERL5_CPANPLUS_IS_RUNNING = 28507
    PERL5_CPAN_IS_RUNNING = 28507
    PERL5_CPAN_IS_RUNNING_IN_RECURSION = 380,28507
    PERLBREW_BASHRC_VERSION = 0.74
    PERLBREW_HOME = /Users/petr/.perlbrew
    PERLBREW_MANPATH = /Users/petr/perl5/perlbrew/perls/perl-5.22.1/man
    PERLBREW_PATH = /Users/petr/perl5/perlbrew/bin:/Users/petr/perl5/perlbrew/perls/perl-5.22.1/bin
    PERLBREW_PERL = perl-5.22.1
    PERLBREW_ROOT = /Users/petr/perl5/perlbrew
    PERLBREW_VERSION = 0.74
    PERL_CR_SMOKER_CURRENT = Proc-BackOff-0.02
    PERL_EXTUTILS_AUTOINSTALL = --defaultdeps
    PERL_MM_USE_DEFAULT = 1
    SHELL = /bin/bash
    TERM = xterm-256color
    TMPDIR = /var/folders/x5/mbl5nhls3z779qkgqvdxmbqc0000gn/T/

Perl special variables (and OS-specific diagnostics, for MSWin32):

    $^X = /Users/petr/perl5/perlbrew/perls/perl-5.22.1/bin/perl
    $UID/$EUID = 501 / 501
    $GID = 20 20 701 12 61 79 80 81 98 33 100 204 395 398 399
    $EGID = 20 20 701 12 61 79 80 81 98 33 100 204 395 398 399

Perl module toolchain versions installed:

    Module              Have    
    ------------------- --------
    CPAN                2.11    
    CPAN::Meta          2.150001
    Cwd                 3.56    
    ExtUtils::CBuilder  0.280221
    ExtUtils::Command   1.20    
    ExtUtils::Install   2.04    
    ExtUtils::MakeMaker 7.04_01 
    ExtUtils::Manifest  1.70    
    ExtUtils::ParseXS   3.28    
    File::Spec          3.56    
    JSON                2.90    
    JSON::PP            2.27300 
    Module::Build       0.4214  
    Module::Signature   n/a     
    Parse::CPAN::Meta   1.4414  
    Test::Harness       3.35    
    Test::More          1.001014
    YAML                1.15    
    YAML::Syck          1.29    
    version             0.9909  


--

Summary of my perl5 (revision 5 version 22 subversion 1) configuration:
   
  Platform:
    osname=darwin, osvers=15.2.0, archname=darwin-2level
    uname='darwin mac.local 15.2.0 darwin kernel version 15.2.0: fri nov 13 19:56:56 pst 2015; root:xnu-3248.20.55~2release_x86_64 x86_64 '
    config_args='-de -Dprefix=/Users/petr/perl5/perlbrew/perls/perl-5.22.1 -Aeval:scriptdir=/Users/petr/perl5/perlbrew/perls/perl-5.22.1/bin'
    hint=recommended, useposix=true, d_sigaction=define
    useithreads=undef, usemultiplicity=undef
    use64bitint=define, use64bitall=define, uselongdouble=undef
    usemymalloc=n, bincompat5005=undef
  Compiler:
    cc='cc', ccflags ='-fno-common -DPERL_DARWIN -fno-strict-aliasing -pipe -fstack-protector-strong -I/usr/local/include',
    optimize='-O3',
    cppflags='-fno-common -DPERL_DARWIN -fno-strict-aliasing -pipe -fstack-protector-strong -I/usr/local/include'
    ccversion='', gccversion='4.2.1 Compatible Apple LLVM 7.0.0 (clang-700.1.76)', gccosandvers=''
    intsize=4, longsize=8, ptrsize=8, doublesize=8, byteorder=12345678, doublekind=3
    d_longlong=define, longlongsize=8, d_longdbl=define, longdblsize=16, longdblkind=3
    ivtype='long', ivsize=8, nvtype='double', nvsize=8, Off_t='off_t', lseeksize=8
    alignbytes=8, prototype=define
  Linker and Libraries:
    ld='env MACOSX_DEPLOYMENT_TARGET=10.3 cc', ldflags =' -fstack-protector-strong -L/usr/local/lib'
    libpth=/usr/local/lib /Applications/Xcode.app/Contents/Developer/Toolchains/XcodeDefault.xctoolchain/usr/bin/../lib/clang/7.0.0/lib /Applications/Xcode.app/Contents/Developer/Toolchains/XcodeDefault.xctoolchain/usr/lib /usr/lib
    libs=-lpthread -ldbm -ldl -lm -lutil -lc
    perllibs=-lpthread -ldl -lm -lutil -lc
    libc=, so=dylib, useshrplib=false, libperl=libperl.a
    gnulibc_version=''
  Dynamic Linking:
    dlsrc=dl_dlopen.xs, dlext=bundle, d_dlsymun=undef, ccdlflags=' '
    cccdlflags=' ', lddlflags=' -bundle -undefined dynamic_lookup -L/usr/local/lib -fstack-protector-strong'


Characteristics of this binary (from libperl): 
  Compile-time options: HAS_TIMES PERLIO_LAYERS PERL_DONT_CREATE_GVSV
                        PERL_HASH_FUNC_ONE_AT_A_TIME_HARD PERL_MALLOC_WRAP
                        PERL_NEW_COPY_ON_WRITE PERL_PRESERVE_IVUV
                        USE_64_BIT_ALL USE_64_BIT_INT USE_LARGE_FILES
                        USE_LOCALE USE_LOCALE_COLLATE USE_LOCALE_CTYPE
                        USE_LOCALE_NUMERIC USE_LOCALE_TIME USE_PERLIO
                        USE_PERL_ATOF
  Locally applied patches:
	Devel::PatchPerl 1.38
  Built under darwin
  Compiled at Dec 16 2015 09:24:44
  %ENV:
    PERL5LIB="/Users/petr/.cpan/build/Class-Accessor-0.34-Dg8IG5/blib/arch:/Users/petr/.cpan/build/Class-Accessor-0.34-Dg8IG5/blib/lib"
    PERL5OPT=""
    PERL5_CPANPLUS_IS_RUNNING="28507"
    PERL5_CPAN_IS_RUNNING="28507"
    PERL5_CPAN_IS_RUNNING_IN_RECURSION="380,28507"
    PERLBREW_BASHRC_VERSION="0.74"
    PERLBREW_HOME="/Users/petr/.perlbrew"
    PERLBREW_MANPATH="/Users/petr/perl5/perlbrew/perls/perl-5.22.1/man"
    PERLBREW_PATH="/Users/petr/perl5/perlbrew/bin:/Users/petr/perl5/perlbrew/perls/perl-5.22.1/bin"
    PERLBREW_PERL="perl-5.22.1"
    PERLBREW_ROOT="/Users/petr/perl5/perlbrew"
    PERLBREW_VERSION="0.74"
    PERL_CR_SMOKER_CURRENT="Proc-BackOff-0.02"
    PERL_EXTUTILS_AUTOINSTALL="--defaultdeps"
    PERL_MM_USE_DEFAULT="1"
  @INC:
    /Users/petr/.cpan/build/Class-Accessor-0.34-Dg8IG5/blib/arch
    /Users/petr/.cpan/build/Class-Accessor-0.34-Dg8IG5/blib/lib
    /Users/petr/perl5/perlbrew/perls/perl-5.22.1/lib/site_perl/5.22.1/darwin-2level
    /Users/petr/perl5/perlbrew/perls/perl-5.22.1/lib/site_perl/5.22.1
    /Users/petr/perl5/perlbrew/perls/perl-5.22.1/lib/5.22.1/darwin-2level
    /Users/petr/perl5/perlbrew/perls/perl-5.22.1/lib/5.22.1
    .