Return-MultiLevel v0.05 Perl 5 v5.16.2 amd64-freebsd

Status
Fail
From
Chris Williams (BINGOS)
Dist
Return-MultiLevel v0.05
Platform
Perl 5 v5.16.2 amd64-freebsd
Date
2020-11-26 08:55:05
ID
143bcbda-2fc5-11eb-84bc-edd243e66a77
This distribution has been tested as part of the CPAN Testers
project, supporting the Perl programming language.  See
http://wiki.cpantesters.org/ for more information or email
questions to cpan-testers-discuss@perl.org


--

Dear Lukas Mai,

This is a computer-generated error report created automatically by
CPANPLUS, version 0.9908. Testers personal comments may appear
at the end of this report.


Thank you for uploading your work to CPAN.  However, it appears that
there were some problems testing your distribution.

TEST RESULTS:

Below is the error stack from stage 'make test':

PERL_DL_NONLAZY=1 "/usr/home/cpan/pit/bare/perl-5.16.2/bin/perl" "-MExtUtils::Command::MM" "-MTest::Harness" "-e" "undef *Test::Harness::Switches; test_harness(0, 'blib/lib', 'blib/arch')" t/*.t
# Testing Return::MultiLevel 0.05 (PP), Perl 5.016002, /usr/home/cpan/pit/bare/perl-5.16.2/bin/perl
t/00-load.t .. ok
t/basic.t .... ok

#   Failed test at t/debug.t line 36.
#                   'Captured stack:
# Original call to with_return at t/debug.t line 14.
# 	main::foo() called at t/debug.t line 19
# 	main::bar() called at t/debug.t line 27
# 
# Attempt to re-enter dead call frame at /usr/home/cpan/pit/bare/conf/perl-5.16.2/.cpanplus/5.16.2/build/bG8ZZROSuA/Return-MultiLevel-0.05/blib/lib/Return/MultiLevel.pm line 86.
# 	Return::MultiLevel::__ANON__(...) called at t/debug.t line 24
# 	main::baz(...) called at t/debug.t line 28
# 	main::__ANON__(...) called at /usr/home/cpan/pit/jail/0EjsQ4bUjT/lib/perl5/Test/Fatal.pm line 158
# 	Test::Fatal::try {...} (...) called at /usr/home/cpan/pit/jail/0EjsQ4bUjT/lib/perl5/Try/Tiny.pm line 97
# 	eval {...} called at /usr/home/cpan/pit/jail/0EjsQ4bUjT/lib/perl5/Try/Tiny.pm line 93
# 	Try::Tiny::try(...) called at /usr/home/cpan/pit/jail/0EjsQ4bUjT/lib/perl5/Test/Fatal.pm line 165
# 	Test::Fatal::exception(...) called at t/debug.t line 28
# '
#     doesn't match '(?^x:
#     .* \bReturn::MultiLevel\b .* \bducks\b .* t\/debug\.t .* \b 24 \b .* \n
#     .* \bbaz\b                .* \bducks\b .* t\/debug\.t .* \b 28 \b .* \n
# )'
# Looks like you failed 1 test of 2.
t/debug.t .... 
Dubious, test returned 1 (wstat 256, 0x100)
Failed 1/2 subtests 
t/nested.t ... ok

Test Summary Report
-------------------
t/debug.t  (Wstat: 256 Tests: 2 Failed: 1)
  Failed test:  2
  Non-zero exit status: 1
Files=4, Tests=9,  1 wallclock secs ( 0.04 usr  0.02 sys +  0.31 cusr  0.23 csys =  0.61 CPU)
Result: FAIL
Failed 1/4 test programs. 1/9 subtests failed.
*** Error code 255

Stop.
make: stopped in /usr/home/cpan/pit/bare/conf/perl-5.16.2/.cpanplus/5.16.2/build/bG8ZZROSuA/Return-MultiLevel-0.05


PREREQUISITES:

Here is a list of prerequisites you specified and versions we
managed to load:

	  Module Name                        Have     Want
	  Carp                               1.26        0
	  Data::Munge                       0.097     0.07
	  Exporter                           5.66        0
	  Test::Fatal                       0.016        0
	  Test::More                     1.302181        0
	  parent                            0.225        0
	  strict                             1.07        0
	  warnings                           1.13        0

Perl module toolchain versions installed:
	Module Name                        Have
	CPANPLUS                         0.9908
	CPANPLUS::Dist::Build              0.90
	Cwd                                3.75
	ExtUtils::CBuilder             0.280234
	ExtUtils::Command                  7.48
	ExtUtils::Install                  2.18
	ExtUtils::MakeMaker                7.48
	ExtUtils::Manifest                 1.72
	ExtUtils::ParseXS                  3.35
	File::Spec                         3.75
	Module::Build                    0.4231
	Pod::Parser                        1.51
	Pod::Simple                        3.20
	Test2                          1.302181
	Test::Harness                      3.42
	Test::More                     1.302181
	version                          0.9928

******************************** NOTE ********************************
The comments above are created mechanically, possibly without manual
checking by the sender.  As there are many people performing automatic
tests on each upload to CPAN, it is likely that you will receive
identical messages about the same problem.

If you believe that the message is mistaken, please reply to the first
one with correction and/or additional informations, and do not take
it personally.  We appreciate your patience. :)
**********************************************************************

Additional comments:


This report was machine-generated by CPANPLUS::Dist::YACSmoke 1.08.
Powered by minismokebox version 0.68

CPANPLUS is prefering Build.PL

------------------------------
ENVIRONMENT AND OTHER CONTEXT
------------------------------

Environment variables:

    AUTOMATED_TESTING = 1
    NONINTERACTIVE_TESTING = 1
    PATH = /sbin:/bin:/usr/sbin:/usr/bin:/usr/local/sbin:/usr/local/bin:/home/cpan/bin
    PERL5LIB = /usr/home/cpan/pit/jail/0EjsQ4bUjT/lib/perl5:/usr/home/cpan/pit/bare/conf/perl-5.16.2/.cpanplus/5.16.2/build/bG8ZZROSuA/Return-MultiLevel-0.05/blib/lib:/usr/home/cpan/pit/bare/conf/perl-5.16.2/.cpanplus/5.16.2/build/bG8ZZROSuA/Return-MultiLevel-0.05/blib/arch
    PERL5_CPANPLUS_IS_RUNNING = 59371
    PERL5_CPANPLUS_IS_VERSION = 0.9908
    PERL5_MINISMOKEBOX = 0.68
    PERL5_YACSMOKE_BASE = /usr/home/cpan/pit/bare/conf/perl-5.16.2
    PERL_EXTUTILS_AUTOINSTALL = --defaultdeps
    PERL_LOCAL_LIB_ROOT = /usr/home/cpan/pit/jail/0EjsQ4bUjT
    PERL_MB_OPT = --install_base "/usr/home/cpan/pit/jail/0EjsQ4bUjT"
    PERL_MM_OPT = INSTALL_BASE=/usr/home/cpan/pit/jail/0EjsQ4bUjT
    PERL_MM_USE_DEFAULT = 1
    PERL_USE_UNSAFE_INC = 1
    SHELL = /usr/local/bin/bash
    TERM = screen

Perl special variables (and OS-specific diagnostics, for MSWin32):

    Perl: $^X = /usr/home/cpan/pit/bare/perl-5.16.2/bin/perl
    UID:  $<  = 1002
    EUID: $>  = 1002
    GID:  $(  = 1002 1002
    EGID: $)  = 1002 1002


-------------------------------


--

Summary of my perl5 (revision 5 version 16 subversion 2) configuration:
   
  Platform:
    osname=freebsd, osvers=11.4-release, archname=amd64-freebsd
    uname='freebsd fetlock 11.4-release freebsd 11.4-release #0 r362094: fri jun 12 18:27:15 utc 2020 root@releng2.nyi.freebsd.org:usrobjusrsrcsysgeneric amd64 '
    config_args='-des -Dprefix=/usr/home/cpan/pit/bare/perl-5.16.2'
    hint=recommended, useposix=true, d_sigaction=define
    useithreads=undef, usemultiplicity=undef
    useperlio=define, d_sfio=undef, uselargefiles=define, usesocks=undef
    use64bitint=define, use64bitall=define, uselongdouble=undef
    usemymalloc=n, bincompat5005=undef
  Compiler:
    cc='cc', ccflags ='-DHAS_FPSETMASK -DHAS_FLOATINGPOINT_H -fno-strict-aliasing -pipe -fstack-protector -I/usr/local/include',
    optimize='-O2',
    cppflags='-DHAS_FPSETMASK -DHAS_FLOATINGPOINT_H -fno-strict-aliasing -pipe -fstack-protector -I/usr/local/include'
    ccversion='', gccversion='FreeBSD Clang 10.0.0 (git@github.com:llvm/llvm-project.git llvmorg-10.0.0-0-gd32170dbd5b)', gccosandvers=''
    intsize=4, longsize=8, ptrsize=8, doublesize=8, byteorder=12345678
    d_longlong=define, longlongsize=8, d_longdbl=define, longdblsize=16
    ivtype='long', ivsize=8, nvtype='double', nvsize=8, Off_t='off_t', lseeksize=8
    alignbytes=8, prototype=define
  Linker and Libraries:
    ld='cc', ldflags ='-Wl,-E  -fstack-protector -L/usr/local/lib'
    libpth=/usr/lib /usr/local/lib
    libs=-lgdbm -ldl -lm -lcrypt -lutil -lc
    perllibs=-ldl -lm -lcrypt -lutil -lc
    libc=, so=so, useshrplib=false, libperl=libperl.a
    gnulibc_version=''
  Dynamic Linking:
    dlsrc=dl_dlopen.xs, dlext=so, d_dlsymun=undef, ccdlflags=' '
    cccdlflags='-DPIC -fPIC', lddlflags='-shared  -L/usr/local/lib -fstack-protector'


Characteristics of this binary (from libperl): 
  Compile-time options: HAS_TIMES PERLIO_LAYERS PERL_DONT_CREATE_GVSV
                        PERL_MALLOC_WRAP PERL_PRESERVE_IVUV USE_64_BIT_ALL
                        USE_64_BIT_INT USE_LARGE_FILES USE_LOCALE
                        USE_LOCALE_COLLATE USE_LOCALE_CTYPE
                        USE_LOCALE_NUMERIC USE_PERLIO USE_PERL_ATOF
  Locally applied patches:
	Devel::PatchPerl 2.00
  Built under freebsd
  Compiled at Jul  1 2020 05:22:46
  %ENV:
    PERL5LIB="/usr/home/cpan/pit/jail/0EjsQ4bUjT/lib/perl5:/usr/home/cpan/pit/bare/conf/perl-5.16.2/.cpanplus/5.16.2/build/bG8ZZROSuA/Return-MultiLevel-0.05/blib/lib:/usr/home/cpan/pit/bare/conf/perl-5.16.2/.cpanplus/5.16.2/build/bG8ZZROSuA/Return-MultiLevel-0.05/blib/arch"
    PERL5_CPANPLUS_IS_RUNNING="59371"
    PERL5_CPANPLUS_IS_VERSION="0.9908"
    PERL5_MINISMOKEBOX="0.68"
    PERL5_YACSMOKE_BASE="/usr/home/cpan/pit/bare/conf/perl-5.16.2"
    PERL_EXTUTILS_AUTOINSTALL="--defaultdeps"
    PERL_LOCAL_LIB_ROOT="/usr/home/cpan/pit/jail/0EjsQ4bUjT"
    PERL_MB_OPT="--install_base "/usr/home/cpan/pit/jail/0EjsQ4bUjT""
    PERL_MM_OPT="INSTALL_BASE=/usr/home/cpan/pit/jail/0EjsQ4bUjT"
    PERL_MM_USE_DEFAULT="1"
    PERL_USE_UNSAFE_INC="1"
  @INC:
    /usr/home/cpan/pit/jail/0EjsQ4bUjT/lib/perl5/5.16.2/amd64-freebsd
    /usr/home/cpan/pit/jail/0EjsQ4bUjT/lib/perl5/5.16.2
    /usr/home/cpan/pit/jail/0EjsQ4bUjT/lib/perl5/amd64-freebsd
    /usr/home/cpan/pit/jail/0EjsQ4bUjT/lib/perl5
    /usr/home/cpan/pit/bare/conf/perl-5.16.2/.cpanplus/5.16.2/build/bG8ZZROSuA/Return-MultiLevel-0.05/blib/lib
    /usr/home/cpan/pit/bare/conf/perl-5.16.2/.cpanplus/5.16.2/build/bG8ZZROSuA/Return-MultiLevel-0.05/blib/arch
    /usr/home/cpan/pit/bare/perl-5.16.2/lib/site_perl/5.16.2/amd64-freebsd
    /usr/home/cpan/pit/bare/perl-5.16.2/lib/site_perl/5.16.2
    /usr/home/cpan/pit/bare/perl-5.16.2/lib/5.16.2/amd64-freebsd
    /usr/home/cpan/pit/bare/perl-5.16.2/lib/5.16.2
    .