SReview v0.9.0 Perl 5 v5.20.1 x86_64-linux

Status
Na
From
Andreas J. König (ANDK)
Dist
SReview v0.9.0
Platform
Perl 5 v5.20.1 x86_64-linux
Date
2022-12-17 19:57:48
ID
14b1bc3e-7e45-11ed-9a04-d8b7b155fa39
This distribution has been tested as part of the CPAN Testers
project, supporting the Perl programming language.  See
http://wiki.cpantesters.org/ for more information or email
questions to cpan-testers-discuss@perl.org


--
Dear Wouter Verhelst,

This is a computer-generated report for SReview-0.9.0
on perl 5.20.1, created by CPAN-Reporter-1.2018.

Thank you for uploading your work to CPAN.  While attempting to build or test
this distribution, the distribution signaled that support is not available
either for this operating system or this version of Perl.  Nevertheless, any
diagnostic output produced is provided below for reference.  If this is not
what you expect, you may wish to consult the CPAN Testers Wiki:

http://wiki.cpantesters.org/wiki/CPANAuthorNotes

Sections of this report:

    * Tester comments
    * Program output
    * Prerequisites
    * Environment and other context

------------------------------
TESTER COMMENTS
------------------------------

Additional comments from tester:

this report is from an automated smoke testing program
and was not reviewed by a human for accuracy

------------------------------
PROGRAM OUTPUT
------------------------------

Output from '/usr/bin/make test':

PERL_DL_NONLAZY=1 "/home/sand/src/perl/repoperls/installed-perls/host/k93msid/v5.20.1/bb7f/bin/perl" "-MExtUtils::Command::MM" "-MTest::Harness" "-e" "undef *Test::Harness::Switches; test_harness(0, 'blib/lib', 'blib/arch')" t/*.t
t/010-config.t ........... ok
Can't locate Mojo/Pg.pm in @INC (you may need to install the Mojo::Pg module) (@INC contains: /tmp/loop_over_bdir-2167-yQ7x1k/SReview-0.9.0-0/blib/lib /tmp/loop_over_bdir-2167-yQ7x1k/SReview-0.9.0-0/blib/arch /home/sand/src/perl/repoperls/installed-perls/host/k93msid/v5.20.1/bb7f/lib/site_perl/5.20.1/x86_64-linux /home/sand/src/perl/repoperls/installed-perls/host/k93msid/v5.20.1/bb7f/lib/site_perl/5.20.1 /home/sand/src/perl/repoperls/installed-perls/host/k93msid/v5.20.1/bb7f/lib/5.20.1/x86_64-linux /home/sand/src/perl/repoperls/installed-perls/host/k93msid/v5.20.1/bb7f/lib/5.20.1 .) at /tmp/loop_over_bdir-2167-yQ7x1k/SReview-0.9.0-0/blib/lib/SReview/Db.pm line 6.
BEGIN failed--compilation aborted at /tmp/loop_over_bdir-2167-yQ7x1k/SReview-0.9.0-0/blib/lib/SReview/Db.pm line 6.
Compilation failed in require at t/040-db.t line 8.
BEGIN failed--compilation aborted at t/040-db.t line 8.
# Looks like your test exited with 2 before it could output anything.
t/040-db.t ............... 
Dubious, test returned 2 (wstat 512, 0x200)
Failed 7/7 subtests 
Can't locate Media/Convert/Asset.pm in @INC (you may need to install the Media::Convert::Asset module) (@INC contains: /tmp/loop_over_bdir-2167-yQ7x1k/SReview-0.9.0-0/blib/lib /tmp/loop_over_bdir-2167-yQ7x1k/SReview-0.9.0-0/blib/arch /home/sand/src/perl/repoperls/installed-perls/host/k93msid/v5.20.1/bb7f/lib/site_perl/5.20.1/x86_64-linux /home/sand/src/perl/repoperls/installed-perls/host/k93msid/v5.20.1/bb7f/lib/site_perl/5.20.1 /home/sand/src/perl/repoperls/installed-perls/host/k93msid/v5.20.1/bb7f/lib/5.20.1/x86_64-linux /home/sand/src/perl/repoperls/installed-perls/host/k93msid/v5.20.1/bb7f/lib/5.20.1 .) at t/080-runthrough.t line 13.
BEGIN failed--compilation aborted at t/080-runthrough.t line 13.
# Looks like your test exited with 2 before it could output anything.
t/080-runthrough.t ....... 
Dubious, test returned 2 (wstat 512, 0x200)
Failed 15/15 subtests 
Perl v5.28.0 required--this is only v5.20.1, stopped at t/085-schedule-export.t line 3.
BEGIN failed--compilation aborted at t/085-schedule-export.t line 3.
t/085-schedule-export.t .. 
Dubious, test returned 255 (wstat 65280, 0xff00)
No subtests run 
Warning: could not find configuration file /etc/sreview/config.pm, falling back to defaults at /tmp/loop_over_bdir-2167-yQ7x1k/SReview-0.9.0-0/blib/lib/SReview/Config/Common.pm line 63.
t/090-talk.t ............. ok
Warning: could not find configuration file /etc/sreview/config.pm, falling back to defaults at /tmp/loop_over_bdir-2167-yQ7x1k/SReview-0.9.0-0/blib/lib/SReview/Config/Common.pm line 63.

#   Failed test 'use SReview::Files::Factory;'
#   at t/095-files.t line 19.
#     Tried to use 'SReview::Files::Factory'.
#     Error:  Can't locate Moose.pm in @INC (you may need to install the Moose module) (@INC contains: /tmp/loop_over_bdir-2167-yQ7x1k/SReview-0.9.0-0/blib/lib /tmp/loop_over_bdir-2167-yQ7x1k/SReview-0.9.0-0/blib/arch /home/sand/src/perl/repoperls/installed-perls/host/k93msid/v5.20.1/bb7f/lib/site_perl/5.20.1/x86_64-linux /home/sand/src/perl/repoperls/installed-perls/host/k93msid/v5.20.1/bb7f/lib/site_perl/5.20.1 /home/sand/src/perl/repoperls/installed-perls/host/k93msid/v5.20.1/bb7f/lib/5.20.1/x86_64-linux /home/sand/src/perl/repoperls/installed-perls/host/k93msid/v5.20.1/bb7f/lib/5.20.1 .) at /tmp/loop_over_bdir-2167-yQ7x1k/SReview-0.9.0-0/blib/lib/SReview/Files/Factory.pm line 3.
# BEGIN failed--compilation aborted at /tmp/loop_over_bdir-2167-yQ7x1k/SReview-0.9.0-0/blib/lib/SReview/Files/Factory.pm line 3.
# Compilation failed in require at t/095-files.t line 19.
# BEGIN failed--compilation aborted at t/095-files.t line 19.
Can't locate object method "create" via package "SReview::Files::Factory" (perhaps you forgot to load "SReview::Files::Factory"?) at t/095-files.t line 21.
# Looks like your test exited with 2 just after 1.
t/095-files.t ............ 
Dubious, test returned 2 (wstat 512, 0x200)
Failed 17/17 subtests 
Can't locate Moose.pm in @INC (you may need to install the Moose module) (@INC contains: /tmp/loop_over_bdir-2167-yQ7x1k/SReview-0.9.0-0/blib/lib /tmp/loop_over_bdir-2167-yQ7x1k/SReview-0.9.0-0/blib/arch /home/sand/src/perl/repoperls/installed-perls/host/k93msid/v5.20.1/bb7f/lib/site_perl/5.20.1/x86_64-linux /home/sand/src/perl/repoperls/installed-perls/host/k93msid/v5.20.1/bb7f/lib/site_perl/5.20.1 /home/sand/src/perl/repoperls/installed-perls/host/k93msid/v5.20.1/bb7f/lib/5.20.1/x86_64-linux /home/sand/src/perl/repoperls/installed-perls/host/k93msid/v5.20.1/bb7f/lib/5.20.1 .) at /tmp/loop_over_bdir-2167-yQ7x1k/SReview-0.9.0-0/blib/lib/SReview/Talk.pm line 3.
BEGIN failed--compilation aborted at /tmp/loop_over_bdir-2167-yQ7x1k/SReview-0.9.0-0/blib/lib/SReview/Talk.pm line 3.
Compilation failed in require at t/100-mojo.t line 22.
BEGIN failed--compilation aborted at t/100-mojo.t line 22.
# Looks like your test exited with 2 before it could output anything.
t/100-mojo.t ............. 
Dubious, test returned 2 (wstat 512, 0x200)
Failed 34/34 subtests 
Can't locate Mojo/Pg.pm in @INC (you may need to install the Mojo::Pg module) (@INC contains: /tmp/loop_over_bdir-2167-yQ7x1k/SReview-0.9.0-0/blib/lib /tmp/loop_over_bdir-2167-yQ7x1k/SReview-0.9.0-0/blib/arch /home/sand/src/perl/repoperls/installed-perls/host/k93msid/v5.20.1/bb7f/lib/site_perl/5.20.1/x86_64-linux /home/sand/src/perl/repoperls/installed-perls/host/k93msid/v5.20.1/bb7f/lib/site_perl/5.20.1 /home/sand/src/perl/repoperls/installed-perls/host/k93msid/v5.20.1/bb7f/lib/5.20.1/x86_64-linux /home/sand/src/perl/repoperls/installed-perls/host/k93msid/v5.20.1/bb7f/lib/5.20.1 .) at /tmp/loop_over_bdir-2167-yQ7x1k/SReview-0.9.0-0/blib/lib/SReview/Db.pm line 6.
BEGIN failed--compilation aborted at /tmp/loop_over_bdir-2167-yQ7x1k/SReview-0.9.0-0/blib/lib/SReview/Db.pm line 6.
Compilation failed in require at t/110-api.t line 8.
BEGIN failed--compilation aborted at t/110-api.t line 8.
t/110-api.t .............. 
Dubious, test returned 2 (wstat 512, 0x200)
No subtests run 
t/120-types.t ............ ok

#   Failed test 'use SReview::Schedule::Yaml;'
#   at t/130-schedule.t line 7.
#     Tried to use 'SReview::Schedule::Yaml'.
#     Error:  Can't locate Moose.pm in @INC (you may need to install the Moose module) (@INC contains: /tmp/loop_over_bdir-2167-yQ7x1k/SReview-0.9.0-0/blib/lib /tmp/loop_over_bdir-2167-yQ7x1k/SReview-0.9.0-0/blib/arch /home/sand/src/perl/repoperls/installed-perls/host/k93msid/v5.20.1/bb7f/lib/site_perl/5.20.1/x86_64-linux /home/sand/src/perl/repoperls/installed-perls/host/k93msid/v5.20.1/bb7f/lib/site_perl/5.20.1 /home/sand/src/perl/repoperls/installed-perls/host/k93msid/v5.20.1/bb7f/lib/5.20.1/x86_64-linux /home/sand/src/perl/repoperls/installed-perls/host/k93msid/v5.20.1/bb7f/lib/5.20.1 .) at /tmp/loop_over_bdir-2167-yQ7x1k/SReview-0.9.0-0/blib/lib/SReview/Schedule/Yaml.pm line 3.
# BEGIN failed--compilation aborted at /tmp/loop_over_bdir-2167-yQ7x1k/SReview-0.9.0-0/blib/lib/SReview/Schedule/Yaml.pm line 3.
# Compilation failed in require at t/130-schedule.t line 7.
# BEGIN failed--compilation aborted at t/130-schedule.t line 7.
Can't locate object method "new" via package "SReview::Schedule::Yaml" at t/130-schedule.t line 9.
# Tests were run but no plan was declared and done_testing() was not seen.
# Looks like your test exited with 255 just after 1.
t/130-schedule.t ......... 
Dubious, test returned 255 (wstat 65280, 0xff00)
Failed 1/1 subtests 

Test Summary Report
-------------------
t/040-db.t             (Wstat: 512 (exited 2) Tests: 0 Failed: 0)
  Non-zero exit status: 2
  Parse errors: Bad plan.  You planned 7 tests but ran 0.
t/080-runthrough.t     (Wstat: 512 (exited 2) Tests: 0 Failed: 0)
  Non-zero exit status: 2
  Parse errors: Bad plan.  You planned 15 tests but ran 0.
t/085-schedule-export.t (Wstat: 65280 (exited 255) Tests: 0 Failed: 0)
  Non-zero exit status: 255
  Parse errors: No plan found in TAP output
t/095-files.t          (Wstat: 512 (exited 2) Tests: 1 Failed: 1)
  Failed test:  1
  Non-zero exit status: 2
  Parse errors: Bad plan.  You planned 17 tests but ran 1.
t/100-mojo.t           (Wstat: 512 (exited 2) Tests: 0 Failed: 0)
  Non-zero exit status: 2
  Parse errors: Bad plan.  You planned 34 tests but ran 0.
t/110-api.t            (Wstat: 512 (exited 2) Tests: 0 Failed: 0)
  Non-zero exit status: 2
  Parse errors: No plan found in TAP output
t/130-schedule.t       (Wstat: 65280 (exited 255) Tests: 1 Failed: 1)
  Failed test:  1
  Non-zero exit status: 255
  Parse errors: No plan found in TAP output
Files=10, Tests=23,  2 wallclock secs ( 0.06 usr  0.00 sys +  1.36 cusr  0.23 csys =  1.65 CPU)
Result: FAIL
Failed 7/10 test programs. 2/23 subtests failed.
make: *** [Makefile:1110: test_dynamic] Error 255

------------------------------
PREREQUISITES
------------------------------

Prerequisite modules loaded:

requires:

    Module                       Need   Have    
    ---------------------------- ------ --------
    Class::Type::Enum            0      0.014   
    Crypt::PRNG                  0      0.077   
    DateTime                     0      1.58    
    DateTime::Format::ISO8601    0      0.16    
    DateTime::Format::Pg         0      0.16014 
  ! Media::Convert               v1.0.1 n/a     
    Mojo::JSON                   0      0       
  ! Mojo::Pg                     0      n/a     
    Mojolicious::Plugin::OpenAPI 4.03   5.07    
  ! Moose                        0      n/a     
  ! Net::Amazon::S3              0      n/a     
    Net::SSH::AuthorizedKeysFile 0      0.18    
    Text::Format                 0      0.62    

build_requires:

    Module                       Need   Have    
    ---------------------------- ------ --------
    ExtUtils::MakeMaker          0      7.64    
    Test::More                   0      1.302191
    YAML::XS                     0      0.85    

configure_requires:

    Module                       Need   Have    
    ---------------------------- ------ --------
    ExtUtils::Depends            0      0.8001  


------------------------------
ENVIRONMENT AND OTHER CONTEXT
------------------------------

Environment variables:

    AUTOMATED_TESTING = 1
    LANG = en_US.UTF-8
    LANGUAGE = en_US:en
    PATH = /home/sand/bin:/usr/local/bin:/usr/bin:/bin:/usr/games:/usr/local/perl/bin:/usr/X11/bin:/sbin:/usr/sbin
    PERL5LIB = 
    PERL5OPT = 
    PERL5_CPANPLUS_IS_RUNNING = 223624
    PERL5_CPAN_IS_RUNNING = 223624
    PERL_CANARY_STABILITY_NOPROMPT = 1
    PERL_MM_USE_DEFAULT = 1
    PERL_USE_UNSAFE_INC = 1
    SHELL = /usr/bin/zsh
    TERM = screen

Perl special variables (and OS-specific diagnostics, for MSWin32):

    $^X = /home/sand/src/perl/repoperls/installed-perls/host/k93msid/v5.20.1/bb7f/bin/perl
    $UID/$EUID = 1005 / 1005
    $GID = 1005 1005
    $EGID = 1005 1005

Perl module toolchain versions installed:

    Module              Have    
    ------------------- --------
    CPAN                2.34    
    CPAN::Meta          2.150010
    Cwd                 3.75    
    ExtUtils::CBuilder  0.280236
    ExtUtils::Command   7.64    
    ExtUtils::Install   2.06    
    ExtUtils::MakeMaker 7.64    
    ExtUtils::Manifest  1.70    
    ExtUtils::ParseXS   3.44    
    File::Spec          3.75    
    JSON                4.09    
    JSON::PP            4.12    
    Module::Build       0.4231  
    Module::Signature   0.88    
    Parse::CPAN::Meta   2.150010
    Test::Harness       3.44    
    Test::More          1.302191
    YAML                1.30    
    YAML::Syck          1.34    
    version             0.9929  


--

Summary of my perl5 (revision 5 version 20 subversion 1) configuration:
  Derived from: 4f732e9acf9b96a6e70ba729c7eae63906b663e5
  Platform:
    osname=linux, osvers=5.17.0-1-amd64, archname=x86_64-linux
    uname='linux k93msid 5.17.0-1-amd64 #1 smp preempt debian 5.17.3-1 (2022-04-18) x86_64 gnulinux '
    config_args='-Dprefix=/home/sand/src/perl/repoperls/installed-perls/host/k93msid/v5.20.1/bb7f -Dmyhostname=k93msid -Dinstallusrbinperl=n -Uversiononly -Dusedevel -des -Ui_db -Dlibswanted=cl pthread socket inet nsl gdbm dbm malloc dl ld sun m crypt sec util c cposix posix ucb BSD gdbm_compat -Uuseithreads -Uuselongdouble -DEBUGGING=both'
    hint=recommended, useposix=true, d_sigaction=define
    useithreads=undef, usemultiplicity=undef
    use64bitint=define, use64bitall=define, uselongdouble=undef
    usemymalloc=n, bincompat5005=undef
  Compiler:
    cc='cc', ccflags ='-fwrapv -DDEBUGGING -fno-strict-aliasing -pipe -fstack-protector -I/usr/local/include -D_LARGEFILE_SOURCE -D_FILE_OFFSET_BITS=64',
    optimize='-O2 -g',
    cppflags='-fwrapv -DDEBUGGING -fno-strict-aliasing -pipe -fstack-protector -I/usr/local/include'
    ccversion='', gccversion='11.3.0', gccosandvers=''
    intsize=4, longsize=8, ptrsize=8, doublesize=8, byteorder=12345678
    d_longlong=define, longlongsize=8, d_longdbl=define, longdblsize=16
    ivtype='long', ivsize=8, nvtype='double', nvsize=8, Off_t='off_t', lseeksize=8
    alignbytes=8, prototype=define
  Linker and Libraries:
    ld='cc', ldflags =' -fstack-protector -L/usr/local/lib'
    libpth=/usr/local/lib /usr/include/x86_64-linux-gnu /usr/lib /lib/x86_64-linux-gnu /lib/../lib /usr/lib/x86_64-linux-gnu /usr/lib/../lib /lib
    libs=-lpthread -lnsl -ldl -lm -lcrypt -lutil -lc
    perllibs=-lpthread -lnsl -ldl -lm -lcrypt -lutil -lc
    libc=libc-2.33.so, so=so, useshrplib=false, libperl=libperl.a
    gnulibc_version='2.33'
  Dynamic Linking:
    dlsrc=dl_dlopen.xs, dlext=so, d_dlsymun=undef, ccdlflags='-Wl,-E'
    cccdlflags='-fPIC', lddlflags='-shared -O2 -g -L/usr/local/lib -fstack-protector'


Characteristics of this binary (from libperl): 
  Compile-time options: DEBUGGING HAS_TIMES PERLIO_LAYERS
                        PERL_DONT_CREATE_GVSV
                        PERL_HASH_FUNC_ONE_AT_A_TIME_HARD PERL_MALLOC_WRAP
                        PERL_NEW_COPY_ON_WRITE PERL_PRESERVE_IVUV
                        PERL_USE_DEVEL USE_64_BIT_ALL USE_64_BIT_INT
                        USE_LARGE_FILES USE_LOCALE USE_LOCALE_COLLATE
                        USE_LOCALE_CTYPE USE_LOCALE_NUMERIC USE_PERLIO
                        USE_PERL_ATOF
  Locally applied patches:
	uncommitted-changes
  Built under linux
  Compiled at May 12 2022 14:19:56
  %ENV:
    PERL5LIB=""
    PERL5OPT=""
    PERL5_CPANPLUS_IS_RUNNING="223624"
    PERL5_CPAN_IS_RUNNING="223624"
    PERL_CANARY_STABILITY_NOPROMPT="1"
    PERL_MM_USE_DEFAULT="1"
    PERL_USE_UNSAFE_INC="1"
  @INC:
    /home/sand/src/perl/repoperls/installed-perls/host/k93msid/v5.20.1/bb7f/lib/site_perl/5.20.1/x86_64-linux
    /home/sand/src/perl/repoperls/installed-perls/host/k93msid/v5.20.1/bb7f/lib/site_perl/5.20.1
    /home/sand/src/perl/repoperls/installed-perls/host/k93msid/v5.20.1/bb7f/lib/5.20.1/x86_64-linux
    /home/sand/src/perl/repoperls/installed-perls/host/k93msid/v5.20.1/bb7f/lib/5.20.1
    .