MARC-XML v0.4 Perl 5 v5.20.3 x86_64-linux

Status
Fail
From
Slaven Rezić (SREZIC)
Dist
MARC-XML v0.4
Platform
Perl 5 v5.20.3 x86_64-linux
Date
2020-03-15 20:53:53
ID
14bca1ae-66ff-11ea-82e0-104f1f24ea8f
This distribution has been tested as part of the CPAN Testers
project, supporting the Perl programming language.  See
http://wiki.cpantesters.org/ for more information or email
questions to cpan-testers-discuss@perl.org


--
Dear Bill Birthisel,

This is a computer-generated report for MARC-XML-0.4
on perl 5.20.3, created by CPAN-Reporter-1.2018.

Thank you for uploading your work to CPAN.  However, there was a problem
testing your distribution.

If you think this report is invalid, please consult the CPAN Testers Wiki
for suggestions on how to avoid getting FAIL reports for missing library
or binary dependencies, unsupported operating systems, and so on:

http://wiki.cpantesters.org/wiki/CPANAuthorNotes

Sections of this report:

    * Tester comments
    * Program output
    * Prerequisites
    * Environment and other context

------------------------------
TESTER COMMENTS
------------------------------

Additional comments from tester:

none provided

------------------------------
PROGRAM OUTPUT
------------------------------

Output from '/usr/bin/make test':

PERL_DL_NONLAZY=1 "/opt/perl-5.20.3/bin/perl" "-MExtUtils::Command::MM" "-MTest::Harness" "-e" "undef *Test::Harness::Switches; test_harness(0, 'blib/lib', 'blib/arch')" t/*.t
Can't locate MARC.pm in @INC (you may need to install the MARC module) (@INC contains: ./blib/lib ../blib/lib ./lib ../lib .. . ./t /home/cpansand/.cpan/build/2020031519/MARC-XML-0.4-0/blib/lib /home/cpansand/.cpan/build/2020031519/MARC-XML-0.4-0/blib/arch /opt/perl-5.20.3/lib/site_perl/5.20.3/x86_64-linux /opt/perl-5.20.3/lib/site_perl/5.20.3 /opt/perl-5.20.3/lib/5.20.3/x86_64-linux /opt/perl-5.20.3/lib/5.20.3) at blib/lib/MARC/XML.pm line 10.
BEGIN failed--compilation aborted at blib/lib/MARC/XML.pm line 10.
Compilation failed in require at t/test1.t line 14.
BEGIN failed--compilation aborted at t/test1.t line 14.
t/test1.t .. 
Dubious, test returned 2 (wstat 512, 0x200)
Failed 178/178 subtests 
Can't locate MARC.pm in @INC (you may need to install the MARC module) (@INC contains: ./blib/lib ../blib/lib ./lib ../lib .. . ./t /home/cpansand/.cpan/build/2020031519/MARC-XML-0.4-0/blib/lib /home/cpansand/.cpan/build/2020031519/MARC-XML-0.4-0/blib/arch /opt/perl-5.20.3/lib/site_perl/5.20.3/x86_64-linux /opt/perl-5.20.3/lib/site_perl/5.20.3 /opt/perl-5.20.3/lib/5.20.3/x86_64-linux /opt/perl-5.20.3/lib/5.20.3) at blib/lib/MARC/XML.pm line 10.
BEGIN failed--compilation aborted at blib/lib/MARC/XML.pm line 10.
Compilation failed in require at t/test2.t line 14.
BEGIN failed--compilation aborted at t/test2.t line 14.
t/test2.t .. 
Dubious, test returned 2 (wstat 512, 0x200)
Failed 81/81 subtests 
Can't locate MARC.pm in @INC (you may need to install the MARC module) (@INC contains: ./blib/lib ../blib/lib ./lib ../lib .. . ./t /home/cpansand/.cpan/build/2020031519/MARC-XML-0.4-0/blib/lib /home/cpansand/.cpan/build/2020031519/MARC-XML-0.4-0/blib/arch /opt/perl-5.20.3/lib/site_perl/5.20.3/x86_64-linux /opt/perl-5.20.3/lib/site_perl/5.20.3 /opt/perl-5.20.3/lib/5.20.3/x86_64-linux /opt/perl-5.20.3/lib/5.20.3) at blib/lib/MARC/XML.pm line 10.
BEGIN failed--compilation aborted at blib/lib/MARC/XML.pm line 10.
Compilation failed in require at t/MARCopt.pm line 7.
BEGIN failed--compilation aborted at t/MARCopt.pm line 7.
Compilation failed in require at t/test3.t line 14.
BEGIN failed--compilation aborted at t/test3.t line 14.
t/test3.t .. 
Dubious, test returned 2 (wstat 512, 0x200)
Failed 79/79 subtests 
Can't locate MARC.pm in @INC (you may need to install the MARC module) (@INC contains: ./blib/lib ../blib/lib ./lib ../lib .. . ./t /home/cpansand/.cpan/build/2020031519/MARC-XML-0.4-0/blib/lib /home/cpansand/.cpan/build/2020031519/MARC-XML-0.4-0/blib/arch /opt/perl-5.20.3/lib/site_perl/5.20.3/x86_64-linux /opt/perl-5.20.3/lib/site_perl/5.20.3 /opt/perl-5.20.3/lib/5.20.3/x86_64-linux /opt/perl-5.20.3/lib/5.20.3) at blib/lib/MARC/XML.pm line 10.
BEGIN failed--compilation aborted at blib/lib/MARC/XML.pm line 10.
Compilation failed in require at t/test4.t line 14.
BEGIN failed--compilation aborted at t/test4.t line 14.
t/test4.t .. 
Dubious, test returned 2 (wstat 512, 0x200)
Failed 186/186 subtests 

Test Summary Report
-------------------
t/test1.t (Wstat: 512 Tests: 1 Failed: 1)
  Failed test:  1
  Non-zero exit status: 2
  Parse errors: Bad plan.  You planned 178 tests but ran 1.
t/test2.t (Wstat: 512 Tests: 1 Failed: 1)
  Failed test:  1
  Non-zero exit status: 2
  Parse errors: Bad plan.  You planned 81 tests but ran 1.
t/test3.t (Wstat: 512 Tests: 1 Failed: 1)
  Failed test:  1
  Non-zero exit status: 2
  Parse errors: Bad plan.  You planned 79 tests but ran 1.
t/test4.t (Wstat: 512 Tests: 1 Failed: 1)
  Failed test:  1
  Non-zero exit status: 2
  Parse errors: Bad plan.  You planned 186 tests but ran 1.
Files=4, Tests=4,  0 wallclock secs ( 0.02 usr  0.03 sys +  0.01 cusr  0.04 csys =  0.10 CPU)
Result: FAIL
Failed 4/4 test programs. 4/4 subtests failed.
Makefile:832: recipe for target 'test_dynamic' failed
make: *** [test_dynamic] Error 2

------------------------------
PREREQUISITES
------------------------------

Prerequisite modules loaded:

build_requires:

    Module              Need Have
    ------------------- ---- ----
    ExtUtils::MakeMaker 0    7.44


------------------------------
ENVIRONMENT AND OTHER CONTEXT
------------------------------

Environment variables:

    LANG = en_US.UTF-8
    PATH = /usr/local/bin:/usr/bin:/bin:/usr/local/sbin:/usr/sbin:/sbin:/home/cpansand/bin/linux-gnu:/home/cpansand/bin/sh:/home/cpansand/bin:/usr/games:/home/cpansand/devel:/home/eserte/src/srezic-misc/scripts
    PERL5LIB = 
    PERL5OPT = 
    PERL5_CPANPLUS_IS_RUNNING = 21155
    PERL5_CPAN_IS_RUNNING = 21155
    PERL5_CPAN_IS_RUNNING_IN_RECURSION = 21131,21155
    PERLDOC = -MPod::Perldoc::ToTextOverstrike
    PERL_BATCH = yes
    PERL_CANARY_STABILITY_NOPROMPT = 1
    PERL_CPAN_REPORTER_CONFIG = /var/tmp/cpansmoker-1023/2020031519/cpanreporter_002_config.ini
    PERL_EXTUTILS_AUTOINSTALL = --defaultdeps
    PERL_USE_UNSAFE_INC = 1
    SHELL = /usr/bin/zsh
    TERM = screen
    TMPDIR = /var/tmp/cpansmoker-1023/2020031519

Perl special variables (and OS-specific diagnostics, for MSWin32):

    $^X = /opt/perl-5.20.3/bin/perl
    $UID/$EUID = 1023 / 1023
    $GID = 1023 1023
    $EGID = 1023 1023

Perl module toolchain versions installed:

    Module              Have    
    ------------------- --------
    CPAN                2.27    
    CPAN::Meta          2.150010
    Cwd                 3.75    
    ExtUtils::CBuilder  0.280234
    ExtUtils::Command   7.44    
    ExtUtils::Install   2.06    
    ExtUtils::MakeMaker 7.44    
    ExtUtils::Manifest  1.70    
    ExtUtils::ParseXS   3.35    
    File::Spec          3.75    
    JSON                4.02    
    JSON::PP            4.04    
    Module::Build       0.4231  
    Module::Signature   n/a     
    Parse::CPAN::Meta   2.150010
    Test::Harness       3.42    
    Test::More          1.302172
    YAML                1.30    
    YAML::Syck          1.32    
    version             0.9924  


--

Summary of my perl5 (revision 5 version 20 subversion 3) configuration:
   
  Platform:
    osname=linux, osvers=4.15.0-55-generic, archname=x86_64-linux
    uname='linux ubuntu18 4.15.0-55-generic #60-ubuntu smp tue jul 2 18:22:20 utc 2019 x86_64 x86_64 x86_64 gnulinux '
    config_args='-ds -e -Dprefix=/opt/perl-5.20.3 -Dcf_email=srezic@cpan.org'
    hint=recommended, useposix=true, d_sigaction=define
    useithreads=undef, usemultiplicity=undef
    use64bitint=define, use64bitall=define, uselongdouble=undef
    usemymalloc=n, bincompat5005=undef
  Compiler:
    cc='cc', ccflags ='-fwrapv -fno-strict-aliasing -pipe -fstack-protector -I/usr/local/include -D_LARGEFILE_SOURCE -D_FILE_OFFSET_BITS=64',
    optimize='-O2',
    cppflags='-fwrapv -fno-strict-aliasing -pipe -fstack-protector -I/usr/local/include'
    ccversion='', gccversion='7.4.0', gccosandvers=''
    intsize=4, longsize=8, ptrsize=8, doublesize=8, byteorder=12345678
    d_longlong=define, longlongsize=8, d_longdbl=define, longdblsize=16
    ivtype='long', ivsize=8, nvtype='double', nvsize=8, Off_t='off_t', lseeksize=8
    alignbytes=8, prototype=define
  Linker and Libraries:
    ld='cc', ldflags =' -fstack-protector -L/usr/local/lib'
    libpth=/usr/local/lib /usr/lib/gcc/x86_64-linux-gnu/7/include-fixed /usr/include/x86_64-linux-gnu /usr/lib /lib/x86_64-linux-gnu /lib/../lib /usr/lib/x86_64-linux-gnu /usr/lib/../lib /lib
    libs=-lpthread -lnsl -lgdbm -ldb -ldl -lm -lcrypt -lutil -lc
    perllibs=-lpthread -lnsl -ldl -lm -lcrypt -lutil -lc
    libc=libc-2.27.so, so=so, useshrplib=false, libperl=libperl.a
    gnulibc_version='2.27'
  Dynamic Linking:
    dlsrc=dl_dlopen.xs, dlext=so, d_dlsymun=undef, ccdlflags='-Wl,-E'
    cccdlflags='-fPIC', lddlflags='-shared -O2 -L/usr/local/lib -fstack-protector'


Characteristics of this binary (from libperl): 
  Compile-time options: HAS_TIMES PERLIO_LAYERS PERL_DONT_CREATE_GVSV
                        PERL_HASH_FUNC_ONE_AT_A_TIME_HARD PERL_MALLOC_WRAP
                        PERL_NEW_COPY_ON_WRITE PERL_PRESERVE_IVUV
                        USE_64_BIT_ALL USE_64_BIT_INT USE_LARGE_FILES
                        USE_LOCALE USE_LOCALE_COLLATE USE_LOCALE_CTYPE
                        USE_LOCALE_NUMERIC USE_PERLIO USE_PERL_ATOF
  Built under linux
  Compiled at Aug  6 2019 20:48:38
  %ENV:
    PERL5LIB=""
    PERL5OPT=""
    PERL5_CPANPLUS_IS_RUNNING="21155"
    PERL5_CPAN_IS_RUNNING="21155"
    PERL5_CPAN_IS_RUNNING_IN_RECURSION="21131,21155"
    PERLDOC="-MPod::Perldoc::ToTextOverstrike"
    PERL_BATCH="yes"
    PERL_CANARY_STABILITY_NOPROMPT="1"
    PERL_CPAN_REPORTER_CONFIG="/var/tmp/cpansmoker-1023/2020031519/cpanreporter_002_config.ini"
    PERL_EXTUTILS_AUTOINSTALL="--defaultdeps"
    PERL_USE_UNSAFE_INC="1"
  @INC:
    /opt/perl-5.20.3/lib/site_perl/5.20.3/x86_64-linux
    /opt/perl-5.20.3/lib/site_perl/5.20.3
    /opt/perl-5.20.3/lib/5.20.3/x86_64-linux
    /opt/perl-5.20.3/lib/5.20.3
    .