Report for MojoX-CPAN-Uploader-0.01_6

Back
From: metabase:user:d2c9f356-b46f-11df-9a90-20a83c0b7757
Subject: FAIL MojoX-CPAN-Uploader-0.01_6 v5.15.0 SunOS/Solaris
Date: 2011-08-10T20:55:29Z

This distribution has been tested as part of the CPAN Testers
project, supporting the Perl programming language.  See
http://wiki.cpantesters.org/ for more information or email
questions to cpan-testers-discuss@perl.org


--
Dear Yaroslav Korshak,

This is a computer-generated report for MojoX-CPAN-Uploader-0.01_6
on perl 5.15.0, created by CPAN-Reporter-1.2001.

Thank you for uploading your work to CPAN.  However, there was a problem
testing your distribution.

If you think this report is invalid, please consult the CPAN Testers Wiki
for suggestions on how to avoid getting FAIL reports for missing library
or binary dependencies, unsupported operating systems, and so on:

http://wiki.cpantesters.org/wiki/CPANAuthorNotes

Sections of this report:

    * Tester comments
    * Program output
    * Prerequisites
    * Environment and other context

------------------------------
TESTER COMMENTS
------------------------------

Additional comments from tester:

this report is from an automated smoke testing program
and was not reviewed by a human for accuracy

------------------------------
PROGRAM OUTPUT
------------------------------

Output from './Build test':


#   Failed test 'use MojoX::CPAN::Uploader;'
#   at t/00.load.t line 4.
#     Tried to use 'MojoX::CPAN::Uploader'.
#     Error:  Can't locate Mojo/Client.pm in @INC (@INC contains: /export/home/cpant4/.cpan/build/MojoX-CPAN-Uploader-0.01_6-sHYXsr/blib/lib /export/home/cpant4/.cpan/build/MojoX-CPAN-Uploader-0.01_6-sHYXsr/blib/arch /export/home/cpant4/perl5/lib/site_perl/5.15.0/i86pc-solaris-64int /export/home/cpant4/perl5/lib/site_perl/5.15.0 /export/home/cpant4/perl5/lib/5.15.0/i86pc-solaris-64int /export/home/cpant4/perl5/lib/5.15.0 .) at /export/home/cpant4/.cpan/build/MojoX-CPAN-Uploader-0.01_6-sHYXsr/blib/lib/MojoX/CPAN/Uploader.pm line 12.
# Compilation failed in require at (eval 4) line 2.
# BEGIN failed--compilation aborted at (eval 4) line 2.
Use of uninitialized value $MojoX::CPAN::Uploader::VERSION in concatenation (.) or string at t/00.load.t line 7.
# Testing MojoX::CPAN::Uploader 
# Looks like you failed 1 test of 1.
t/00.load.t ................ 
Dubious, test returned 1 (wstat 256, 0x100)
Failed 1/1 subtests 

#   Failed test 'use MojoX::CPAN::Uploader;'
#   at t/01.mojo-cpan-uploader.t line 14.
#     Tried to use 'MojoX::CPAN::Uploader'.
#     Error:  Can't locate Mojo/Client.pm in @INC (@INC contains: /export/home/cpant4/.cpan/build/MojoX-CPAN-Uploader-0.01_6-sHYXsr/blib/lib /export/home/cpant4/.cpan/build/MojoX-CPAN-Uploader-0.01_6-sHYXsr/blib/arch /export/home/cpant4/perl5/lib/site_perl/5.15.0/i86pc-solaris-64int /export/home/cpant4/perl5/lib/site_perl/5.15.0 /export/home/cpant4/perl5/lib/5.15.0/i86pc-solaris-64int /export/home/cpant4/perl5/lib/5.15.0 .) at /export/home/cpant4/.cpan/build/MojoX-CPAN-Uploader-0.01_6-sHYXsr/blib/lib/MojoX/CPAN/Uploader.pm line 12.
# Compilation failed in require at (eval 271) line 2.
# BEGIN failed--compilation aborted at (eval 271) line 2.
# Building transaction with basic auth
Can't locate object method "url" via package "MojoX::CPAN::Uploader" at t/01.mojo-cpan-uploader.t line 63.
# Looks like you planned 17 tests but ran 4.
# Looks like you failed 1 test of 4 run.
# Looks like your test exited with 255 just after 4.
t/01.mojo-cpan-uploader.t .. 
Dubious, test returned 255 (wstat 65280, 0xff00)
Failed 14/17 subtests 
t/02.mojo-cpanup.t ......... ok
t/perlcritic.t ............. skipped: Test::Perl::Critic required for testing PBP compliance
t/pod-coverage.t ........... ok
t/pod.t .................... ok

Test Summary Report
-------------------
t/00.load.t              (Wstat: 256 Tests: 1 Failed: 1)
  Failed test:  1
  Non-zero exit status: 1
t/01.mojo-cpan-uploader.t (Wstat: 65280 Tests: 4 Failed: 1)
  Failed test:  1
  Non-zero exit status: 255
  Parse errors: Bad plan.  You planned 17 tests but ran 4.
Files=6, Tests=9,  1 wallclock secs ( 0.02 usr  0.01 sys +  0.36 cusr  0.04 csys =  0.43 CPU)
Result: FAIL
Failed 2/6 test programs. 2/9 subtests failed.

------------------------------
PREREQUISITES
------------------------------

Prerequisite modules loaded:

requires:

    Module              Need     Have
    ------------------- -------- ----
    File::Spec          0        3.33
    Getopt::Long        0        2.38
    IO::Socket::SSL     0        1.44
    IPC::Open3          0        1.11
    Mojolicious         0.999939 1.72
    Term::ReadKey       0        2.30
    Test::More          0        0.98
    version             0        0.93

configure_requires:

    Module              Need     Have
    ------------------- -------- ----
    ExtUtils::MakeMaker 0        6.59


------------------------------
ENVIRONMENT AND OTHER CONTEXT
------------------------------

Environment variables:

    AUTOMATED_TESTING = 1
    LANG = C
    LD_LIBRARY_PATH = /usr/local/lib:
    PATH = /export/home/cpant4/perl5/bin:/usr/local/bin:/usr/bin
    PERL5LIB = 
    PERL5OPT = 
    PERL5_CPANPLUS_IS_RUNNING = 20511
    PERL5_CPAN_IS_RUNNING = 20511
    PERL5_CPAN_IS_RUNNING_IN_RECURSION = 26522,20511
    PERL_CR_SMOKER_CURRENT = MojoX-CPAN-Uploader-0.01_6
    PERL_EXTUTILS_AUTOINSTALL = --defaultdeps
    PERL_MM_USE_DEFAULT = 1
    SHELL = /bin/bash
    TERM = xterm

Perl special variables (and OS-specific diagnostics, for MSWin32):

    $^X = /export/home/cpant4/perl5/bin/perl5.15.0
    $UID/$EUID = 104 / 104
    $GID = 1 1
    $EGID = 1 1

Perl module toolchain versions installed:

    Module              Have    
    ------------------- --------
    CPAN                1.9800  
    CPAN::Meta          2.112150
    Cwd                 3.36    
    ExtUtils::CBuilder  0.280204
    ExtUtils::Command   1.17    
    ExtUtils::Install   1.56    
    ExtUtils::MakeMaker 6.59    
    ExtUtils::Manifest  1.59    
    ExtUtils::ParseXS   3.02    
    File::Spec          3.33    
    JSON                2.53    
    JSON::PP            2.27200 
    Module::Build       0.3800  
    Module::Signature   n/a     
    Parse::CPAN::Meta   1.4401  
    Test::Harness       3.23    
    Test::More          0.98    
    YAML                0.73    
    YAML::Syck          n/a     
    version             0.93    


--

Summary of my perl5 (revision 5 version 15 subversion 0) configuration:
   
  Platform:
    osname=solaris, osvers=2.10, archname=i86pc-solaris-64int
    uname='sunos vmrz0046 5.10 generic_141445-09 i86pc i386 i86pc solaris '
    config_args='-Dcc=gcc -Dprefix=~/perl5 -Duse64bitint -Dusedevel -d'
    hint=recommended, useposix=true, d_sigaction=define
    useithreads=undef, usemultiplicity=undef
    useperlio=define, d_sfio=undef, uselargefiles=define, usesocks=undef
    use64bitint=define, use64bitall=undef, uselongdouble=undef
    usemymalloc=n, bincompat5005=undef
  Compiler:
    cc='gcc', ccflags ='-DPTR_IS_LONG -fno-strict-aliasing -pipe -I/usr/local/include -D_LARGEFILE_SOURCE -D_FILE_OFFSET_BITS=64 -DPERL_USE_SAFE_PUTENV',
    optimize='-O',
    cppflags='-DPTR_IS_LONG -fno-strict-aliasing -pipe -I/usr/local/include'
    ccversion='', gccversion='3.4.6', gccosandvers='solaris2.10'
    intsize=4, longsize=4, ptrsize=4, doublesize=8, byteorder=12345678
    d_longlong=define, longlongsize=8, d_longdbl=define, longdblsize=12
    ivtype='long long', ivsize=8, nvtype='double', nvsize=8, Off_t='off_t', lseeksize=8
    alignbytes=4, prototype=define
  Linker and Libraries:
    ld='gcc', ldflags =' -L/usr/local/lib '
    libpth=/usr/local/lib /usr/lib /usr/ccs/lib
    libs=-lsocket -lnsl -lgdbm -ldl -lm -lc
    perllibs=-lsocket -lnsl -ldl -lm -lc
    libc=/lib/libc.so, so=so, useshrplib=false, libperl=libperl.a
    gnulibc_version=''
  Dynamic Linking:
    dlsrc=dl_dlopen.xs, dlext=so, d_dlsymun=undef, ccdlflags=' '
    cccdlflags='-fPIC', lddlflags='-G -L/usr/local/lib'


Characteristics of this binary (from libperl): 
  Compile-time options: PERL_DONT_CREATE_GVSV PERL_MALLOC_WRAP
                        PERL_PRESERVE_IVUV PERL_USE_DEVEL
                        PERL_USE_SAFE_PUTENV USE_64_BIT_INT USE_LARGE_FILES
                        USE_LOCALE USE_LOCALE_COLLATE USE_LOCALE_CTYPE
                        USE_LOCALE_NUMERIC USE_PERLIO USE_PERL_ATOF
  Built under solaris
  Compiled at Jun 28 2011 12:19:09
  %ENV:
    PERL5LIB=""
    PERL5OPT=""
    PERL5_CPANPLUS_IS_RUNNING="20511"
    PERL5_CPAN_IS_RUNNING="20511"
    PERL5_CPAN_IS_RUNNING_IN_RECURSION="26522,20511"
    PERL_CR_SMOKER_CURRENT="MojoX-CPAN-Uploader-0.01_6"
    PERL_EXTUTILS_AUTOINSTALL="--defaultdeps"
    PERL_MM_USE_DEFAULT="1"
  @INC:
    /export/home/cpant4/perl5/lib/site_perl/5.15.0/i86pc-solaris-64int
    /export/home/cpant4/perl5/lib/site_perl/5.15.0
    /export/home/cpant4/perl5/lib/5.15.0/i86pc-solaris-64int
    /export/home/cpant4/perl5/lib/5.15.0
    .