Sys-PageCache v0.06 Perl 5 v5.24.4 amd64-freebsd

Status
Fail
From
Slaven Rezić (SREZIC)
Dist
Sys-PageCache v0.06
Platform
Perl 5 v5.24.4 amd64-freebsd
Date
2019-01-24 08:00:15
ID
154b1d4c-1fae-11e9-b12b-add3e672e18c
This distribution has been tested as part of the CPAN Testers
project, supporting the Perl programming language.  See
http://wiki.cpantesters.org/ for more information or email
questions to cpan-testers-discuss@perl.org


--
Dear HIROSE Masaaki,

This is a computer-generated report for Sys-PageCache-0.06
on perl 5.24.4, created by CPAN-Reporter-1.2018.

Thank you for uploading your work to CPAN.  However, there was a problem
testing your distribution.

If you think this report is invalid, please consult the CPAN Testers Wiki
for suggestions on how to avoid getting FAIL reports for missing library
or binary dependencies, unsupported operating systems, and so on:

http://wiki.cpantesters.org/wiki/CPANAuthorNotes

Sections of this report:

    * Tester comments
    * Program output
    * Prerequisites
    * Environment and other context

------------------------------
TESTER COMMENTS
------------------------------

Additional comments from tester:

none provided

------------------------------
PROGRAM OUTPUT
------------------------------

Output from '/usr/bin/make test':

"/usr/perl5.24.4p/bin/perl" -MExtUtils::Command::MM -e 'cp_nonempty' -- PageCache.bs blib/arch/auto/Sys/PageCache/PageCache.bs 644
PERL_DL_NONLAZY=1 "/usr/perl5.24.4p/bin/perl" "-MExtUtils::Command::MM" "-MTest::Harness" "-e" "undef *Test::Harness::Switches; test_harness(0, 'blib/lib', 'blib/arch')" t/*.t
t/00_compile.t .......... ok
# page_size: 4096
t/09_page_size.t ........ ok
# page_size: 4096
# tempfile: /var/tmp/cpansmoker-1023/2019012407/vQU6gJ_8Qi
t/10_fincore.t .......... ok
# page_size: 4096
# tempfile: /var/tmp/cpansmoker-1023/2019012407/_cFY3FkYSs

#   Failed test 'cached pages (0)'
#   at t/11_fadvise.t line 38.
#          got: '9'
#     expected: '0'
# Looks like you failed 1 test of 11.
t/11_fadvise.t .......... 
Dubious, test returned 1 (wstat 256, 0x100)
Failed 1/11 subtests 
# page_size: 4096
# tempfile: /var/tmp/cpansmoker-1023/2019012407/f1uR0vwEfo
t/15_too-long-length.t .. ok
# page_size: 4096
# tempfile: /var/tmp/cpansmoker-1023/2019012407/Jy6bs3bnYb

#   Failed test 'cached pages (0)'
#   at t/20_fincore-more.t line 23.
#          got: '9'
#     expected: '0'

#   Failed test 'cached pages 9 < 8 + 1'
#   at t/20_fincore-more.t line 32.
# offset: 40960

#   Failed test 'cached pages 9 < 8 + 1'
#   at t/20_fincore-more.t line 44.
# Looks like you failed 3 tests of 8.
t/20_fincore-more.t ..... 
Dubious, test returned 3 (wstat 768, 0x300)
Failed 3/8 subtests 
# page_size: 4096
# tempfile: /var/tmp/cpansmoker-1023/2019012407/MoIbxFdkIx

    #   Failed test 'cached pages 9 == 0'
    #   at t/21_fadvice-more.t line 46.
    # Looks like you failed 1 test of 5.

#   Failed test '1.0'
#   at t/21_fadvice-more.t line 47.

    #   Failed test 'cached pages 9 < 8+1'
    #   at t/21_fadvice-more.t line 61.
    # Looks like you failed 1 test of 6.

#   Failed test '0.6'
#   at t/21_fadvice-more.t line 62.
# Looks like you failed 2 tests of 10.
t/21_fadvice-more.t ..... 
Dubious, test returned 2 (wstat 512, 0x200)
Failed 2/10 subtests 

Test Summary Report
-------------------
t/11_fadvise.t        (Wstat: 256 Tests: 11 Failed: 1)
  Failed test:  11
  Non-zero exit status: 1
t/20_fincore-more.t   (Wstat: 768 Tests: 8 Failed: 3)
  Failed tests:  2, 4, 8
  Non-zero exit status: 3
t/21_fadvice-more.t   (Wstat: 512 Tests: 10 Failed: 2)
  Failed tests:  5, 10
  Non-zero exit status: 2
Files=7, Tests=38,  1 wallclock secs ( 0.00 usr  0.05 sys +  0.08 cusr  0.66 csys =  0.79 CPU)
Result: FAIL
Failed 3/7 test programs. 6/38 subtests failed.
*** Error code 2

Stop.
make: stopped in /home/cpansand/.cpan/build/2019012407/Sys-PageCache-0.06-E79cEy

------------------------------
PREREQUISITES
------------------------------

Prerequisite modules loaded:

requires:

    Module              Need Have    
    ------------------- ---- --------
    Pod::Usage          1.36 1.68    

build_requires:

    Module              Need Have    
    ------------------- ---- --------
    File::Temp          0    0.2304  
    Test::More          0    1.302160
    Test::Output        0    1.031   

configure_requires:

    Module              Need Have    
    ------------------- ---- --------
    ExtUtils::MakeMaker 6.30 7.34    


------------------------------
ENVIRONMENT AND OTHER CONTEXT
------------------------------

Environment variables:

    LC_ALL = de_DE.ISO8859-1
    PATH = /usr/local/bin:/usr/bin:/bin:/usr/local/sbin:/usr/sbin:/sbin:/home/cpansand/bin/freebsd10.3:/home/cpansand/bin/sh:/home/cpansand/bin:/usr/games:/home/cpansand/devel:/home/eserte/src/srezic-misc/scripts
    PERL5LIB = 
    PERL5OPT = 
    PERL5_CPANPLUS_IS_RUNNING = 2403
    PERL5_CPAN_IS_RUNNING = 2403
    PERL5_CPAN_IS_RUNNING_IN_RECURSION = 94379,2403
    PERLDOC = -MPod::Perldoc::ToTextOverstrike
    PERL_BATCH = yes
    PERL_CANARY_STABILITY_NOPROMPT = 1
    PERL_CPAN_REPORTER_CONFIG = /var/tmp/cpansmoker-1023/2019012407/cpanreporter_000_config.ini
    PERL_EXTUTILS_AUTOINSTALL = --defaultdeps
    SHELL = /usr/local/bin/zsh
    TERM = screen
    TMPDIR = /var/tmp/cpansmoker-1023/2019012407

Perl special variables (and OS-specific diagnostics, for MSWin32):

    $^X = /usr/perl5.24.4p/bin/perl
    $UID/$EUID = 1023 / 1023
    $GID = 1023 1023
    $EGID = 1023 1023

Perl module toolchain versions installed:

    Module              Have    
    ------------------- --------
    CPAN                2.11_01 
    CPAN::Meta          2.150010
    Cwd                 3.75    
    ExtUtils::CBuilder  0.280225
    ExtUtils::Command   7.34    
    ExtUtils::Install   2.06    
    ExtUtils::MakeMaker 7.34    
    ExtUtils::Manifest  1.70    
    ExtUtils::ParseXS   3.31    
    File::Spec          3.75    
    JSON                4.00    
    JSON::PP            4.00    
    Module::Build       0.4224  
    Module::Signature   n/a     
    Parse::CPAN::Meta   2.150010
    Test::Harness       3.36_01 
    Test::More          1.302160
    YAML                1.27    
    YAML::Syck          1.31    
    version             0.9916  


--

Summary of my perl5 (revision 5 version 24 subversion 4) configuration:
   
  Platform:
    osname=freebsd, osvers=10.3-release-p24, archname=amd64-freebsd
    uname='freebsd cvrsnica-freebsd-101.herceg.de 10.3-release-p24 freebsd 10.3-release-p24 #0: wed nov 15 04:57:40 utc 2017 root@amd64-builder.daemonology.net:usrobjusrsrcsysgeneric amd64 '
    config_args='-ds -e -Dprefix=/usr/perl5.24.4p -Dcf_email=srezic@cpan.org -Doptimize=-O2 -pipe'
    hint=recommended, useposix=true, d_sigaction=define
    useithreads=undef, usemultiplicity=undef
    use64bitint=define, use64bitall=define, uselongdouble=undef
    usemymalloc=n, bincompat5005=undef
  Compiler:
    cc='cc', ccflags ='-DHAS_FPSETMASK -DHAS_FLOATINGPOINT_H -fno-strict-aliasing -pipe -fstack-protector -I/usr/local/include -D_FORTIFY_SOURCE=2',
    optimize='-O2 -pipe',
    cppflags='-DHAS_FPSETMASK -DHAS_FLOATINGPOINT_H -fno-strict-aliasing -pipe -fstack-protector -I/usr/local/include'
    ccversion='', gccversion='4.2.1 Compatible FreeBSD Clang 3.4.1 (tags/RELEASE_34/dot1-final 208032)', gccosandvers=''
    intsize=4, longsize=8, ptrsize=8, doublesize=8, byteorder=12345678, doublekind=3
    d_longlong=define, longlongsize=8, d_longdbl=define, longdblsize=16, longdblkind=3
    ivtype='long', ivsize=8, nvtype='double', nvsize=8, Off_t='off_t', lseeksize=8
    alignbytes=8, prototype=define
  Linker and Libraries:
    ld='cc', ldflags ='-pthread -Wl,-E  -fstack-protector -L/usr/local/lib'
    libpth=/usr/lib /usr/local/lib /usr/include/clang/3.4.1 /usr/lib
    libs=-lpthread -lgdbm -lm -lcrypt -lutil -lc
    perllibs=-lpthread -lm -lcrypt -lutil -lc
    libc=, so=so, useshrplib=false, libperl=libperl.a
    gnulibc_version=''
  Dynamic Linking:
    dlsrc=dl_dlopen.xs, dlext=so, d_dlsymun=undef, ccdlflags=' '
    cccdlflags='-DPIC -fPIC', lddlflags='-shared  -L/usr/local/lib -fstack-protector'


Characteristics of this binary (from libperl): 
  Compile-time options: HAS_TIMES PERLIO_LAYERS PERL_COPY_ON_WRITE
                        PERL_DONT_CREATE_GVSV
                        PERL_HASH_FUNC_ONE_AT_A_TIME_HARD PERL_MALLOC_WRAP
                        PERL_PRESERVE_IVUV USE_64_BIT_ALL USE_64_BIT_INT
                        USE_LARGE_FILES USE_LOCALE USE_LOCALE_COLLATE
                        USE_LOCALE_CTYPE USE_LOCALE_NUMERIC USE_LOCALE_TIME
                        USE_PERLIO USE_PERL_ATOF
  Built under freebsd
  Compiled at Dec 11 2018 23:48:33
  %ENV:
    PERL5LIB=""
    PERL5OPT=""
    PERL5_CPANPLUS_IS_RUNNING="2403"
    PERL5_CPAN_IS_RUNNING="2403"
    PERL5_CPAN_IS_RUNNING_IN_RECURSION="94379,2403"
    PERLDOC="-MPod::Perldoc::ToTextOverstrike"
    PERL_BATCH="yes"
    PERL_CANARY_STABILITY_NOPROMPT="1"
    PERL_CPAN_REPORTER_CONFIG="/var/tmp/cpansmoker-1023/2019012407/cpanreporter_000_config.ini"
    PERL_EXTUTILS_AUTOINSTALL="--defaultdeps"
  @INC:
    /usr/perl5.24.4p/lib/site_perl/5.24.4/amd64-freebsd
    /usr/perl5.24.4p/lib/site_perl/5.24.4
    /usr/perl5.24.4p/lib/5.24.4/amd64-freebsd
    /usr/perl5.24.4p/lib/5.24.4
    .