Catalyst-Plugin-Authentication v0.10024 Perl 5 v5.40.2 OpenBSD.amd64-openbsd
- Status
- Fail
- From
- Chris Williams (BINGOS)
- Dist
-
Catalyst-Plugin-Authentication v0.10024
- Platform
- Perl 5 v5.40.2 OpenBSD.amd64-openbsd
- Date
- 2025-08-27 10:46:27
- ID
- 15556096-8333-11f0-b084-ad1bacb4f31a
This distribution has been tested as part of the CPAN Testers
project, supporting the Perl programming language. See
http://wiki.cpantesters.org/ for more information or email
questions to cpan-testers-discuss@perl.org
--
Dear John Napiorkowski,
This is a computer-generated error report created automatically by
CPANPLUS, version 0.9916. Testers personal comments may appear
at the end of this report.
Thank you for uploading your work to CPAN. However, it appears that
there were some problems testing your distribution.
TEST RESULTS:
Below is the error stack from stage 'make test':
PERL_DL_NONLAZY=1 "/home/cpan/pit/bare/perl-5.40.2/bin/perl" "-MExtUtils::Command::MM" "-MTest::Harness" "-e" "undef *Test::Harness::Switches; test_harness(0, 'blib/lib', 'blib/arch')" t/*.t
t/04_authentication.t ............ ok
t/05_password.t .................. ok
t/06_user.t ...................... ok
Use of uninitialized value $crypted in crypt at /home/cpan/pit/bare/conf/perl-5.40.2/.cpanplus/5.40.2/build/9hf4RBEWsU/Catalyst-Plugin-Authentication-0.10024/blib/lib/Catalyst/Plugin/Authentication/Credential/Password.pm line 80.
Use of uninitialized value $crypted in string eq at /home/cpan/pit/bare/conf/perl-5.40.2/.cpanplus/5.40.2/build/9hf4RBEWsU/Catalyst-Plugin-Authentication-0.10024/blib/lib/Catalyst/Plugin/Authentication/Credential/Password.pm line 80.
Use of uninitialized value in string eq at /home/cpan/pit/bare/conf/perl-5.40.2/.cpanplus/5.40.2/build/9hf4RBEWsU/Catalyst-Plugin-Authentication-0.10024/blib/lib/Catalyst/Plugin/Authentication/Credential/Password.pm line 80.
Use of uninitialized value $crypted in crypt at /home/cpan/pit/bare/conf/perl-5.40.2/.cpanplus/5.40.2/build/9hf4RBEWsU/Catalyst-Plugin-Authentication-0.10024/blib/lib/Catalyst/Plugin/Authentication/Credential/Password.pm line 80.
Use of uninitialized value $crypted in string eq at /home/cpan/pit/bare/conf/perl-5.40.2/.cpanplus/5.40.2/build/9hf4RBEWsU/Catalyst-Plugin-Authentication-0.10024/blib/lib/Catalyst/Plugin/Authentication/Credential/Password.pm line 80.
Use of uninitialized value in string eq at /home/cpan/pit/bare/conf/perl-5.40.2/.cpanplus/5.40.2/build/9hf4RBEWsU/Catalyst-Plugin-Authentication-0.10024/blib/lib/Catalyst/Plugin/Authentication/Credential/Password.pm line 80.
# Failed test 'can't login with bad password'
# at t/lib/AuthTestApp/Controller/Root.pm line 49.
# Failed test 'no user'
# at t/lib/AuthTestApp/Controller/Root.pm line 50.
# Looks like you failed 2 tests of 20.
t/live_app.t .....................
Dubious, test returned 2 (wstat 512, 0x200)
Failed 2/20 subtests
t/live_app_realms.t .............. ok
t/live_app_realms_compat.t ....... ok
t/live_app_realms_progressive.t .. ok
t/live_app_remote1.t ............. ok
t/live_app_remote2.t ............. ok
t/live_app_session.t ............. skipped: This test needs Catalyst::Plugin::Session and Catalyst::Plugin::Session::State::Cookie installed
Attempt to call undefined import method with arguments ("Catalyst::Authentication::Credential::NoPassword at right spot") via package "Catalyst::Authentication::Credential::NoPassword" (Perhaps you forgot to load the package?) at t/store_nopassord.t line 6.
t/store_nopassord.t .............. ok
Test Summary Report
-------------------
t/live_app.t (Wstat: 512 (exited 2) Tests: 20 Failed: 2)
Failed tests: 17-18
Non-zero exit status: 2
Files=11, Tests=87, 9 wallclock secs ( 0.09 usr 0.04 sys + 6.34 cusr 1.25 csys = 7.72 CPU)
Result: FAIL
Failed 1/11 test programs. 2/87 subtests failed.
*** Error 255 in /home/cpan/pit/bare/conf/perl-5.40.2/.cpanplus/5.40.2/build/9hf4RBEWsU/Catalyst-Plugin-Authentication-0.10024 (Makefile:876 'test_dynamic')
PREREQUISITES:
Here is a list of prerequisites you specified and versions we
managed to load:
Module Name Have Want
Catalyst::Runtime 5.90132 0
MRO::Compat 0.15 0
Moose 2.4000 0
MooseX::Emulate::Class::Accessor::Fast 0.009032 0
String::RewritePrefix 0.009 0
Test::Fatal 0.017 0
Test::More 1.302214 0.88
Try::Tiny 0.32 0
namespace::autoclean 0.31 0
Perl module toolchain versions installed:
Module Name Have
CPANPLUS 0.9916
CPANPLUS::Dist::Build 0.90
Cwd 3.91
ExtUtils::CBuilder 0.280240
ExtUtils::Command 7.76
ExtUtils::Install 2.22
ExtUtils::MakeMaker 7.76
ExtUtils::Manifest 1.75
ExtUtils::ParseXS 3.58
File::Spec 3.91
Module::Build 0.4234
Pod::Parser 0
Pod::Simple 3.45
Test2 1.302214
Test::Harness 3.52
Test::More 1.302214
version 0.9933
******************************** NOTE ********************************
The comments above are created mechanically, possibly without manual
checking by the sender. As there are many people performing automatic
tests on each upload to CPAN, it is likely that you will receive
identical messages about the same problem.
If you believe that the message is mistaken, please reply to the first
one with correction and/or additional informations, and do not take
it personally. We appreciate your patience. :)
**********************************************************************
Additional comments:
This report was machine-generated by CPANPLUS::Dist::YACSmoke 1.08.
Powered by minismokebox version 0.68
CPANPLUS is prefering Build.PL
------------------------------
ENVIRONMENT AND OTHER CONTEXT
------------------------------
Environment variables:
AUTOMATED_TESTING = 1
NONINTERACTIVE_TESTING = 1
PATH = /home/cpan/bin:/bin:/sbin:/usr/bin:/usr/sbin:/usr/X11R6/bin:/usr/local/bin:/usr/local/sbin
PERL5LIB = /home/cpan/pit/jail/VT_5961WWb/lib/perl5:/home/cpan/pit/bare/conf/perl-5.40.2/.cpanplus/5.40.2/build/9hf4RBEWsU/Catalyst-Plugin-Authentication-0.10024/blib/lib:/home/cpan/pit/bare/conf/perl-5.40.2/.cpanplus/5.40.2/build/9hf4RBEWsU/Catalyst-Plugin-Authentication-0.10024/blib/arch
PERL5_CPANPLUS_IS_RUNNING = 20547
PERL5_CPANPLUS_IS_VERSION = 0.9916
PERL5_MINISMOKEBOX = 0.68
PERL5_YACSMOKE_BASE = /home/cpan/pit/bare/conf/perl-5.40.2
PERL_EXTUTILS_AUTOINSTALL = --defaultdeps
PERL_LOCAL_LIB_ROOT = /home/cpan/pit/jail/VT_5961WWb
PERL_MB_OPT = --install_base "/home/cpan/pit/jail/VT_5961WWb"
PERL_MM_OPT = INSTALL_BASE=/home/cpan/pit/jail/VT_5961WWb
PERL_MM_USE_DEFAULT = 1
SHELL = /usr/local/bin/bash
TERM = screen.xterm-256color
Perl special variables (and OS-specific diagnostics, for MSWin32):
Perl: $^X = /home/cpan/pit/bare/perl-5.40.2/bin/perl
UID: $< = 1001
EUID: $> = 1001
GID: $( = 1001 1001
EGID: $) = 1001 1001
-------------------------------
--
Summary of my perl5 (revision 5 version 40 subversion 2) configuration:
Platform:
osname=openbsd
osvers=7.7
archname=OpenBSD.amd64-openbsd
uname='openbsd ouroboros.bingosnet.co.uk 7.7 generic#619 amd64 '
config_args='-des -Dprefix=/home/cpan/pit/bare/perl-5.40.2'
hint=recommended
useposix=true
d_sigaction=define
useithreads=undef
usemultiplicity=undef
use64bitint=define
use64bitall=define
uselongdouble=undef
usemymalloc=n
default_inc_excludes_dot=define
Compiler:
cc='cc'
ccflags ='-DNO_LOCALE_NUMERIC -DNO_LOCALE_COLLATE -DNO_LOCALE_MONETARY -DNO_LOCALE_TIME -DNO_LOCALE_MESSAGES -DLIBC_HANDLES_MISMATCHED_CTYPE -fno-strict-aliasing -pipe -fstack-protector-strong -I/usr/local/include'
optimize='-O2'
cppflags='-DNO_LOCALE_NUMERIC -DNO_LOCALE_COLLATE -DNO_LOCALE_MONETARY -DNO_LOCALE_TIME -DNO_LOCALE_MESSAGES -DLIBC_HANDLES_MISMATCHED_CTYPE -fno-strict-aliasing -pipe -fstack-protector-strong -I/usr/local/include'
ccversion=''
gccversion='OpenBSD Clang 16.0.6'
gccosandvers=''
intsize=4
longsize=8
ptrsize=8
doublesize=8
byteorder=12345678
doublekind=3
d_longlong=define
longlongsize=8
d_longdbl=define
longdblsize=16
longdblkind=3
ivtype='long'
ivsize=8
nvtype='double'
nvsize=8
Off_t='off_t'
lseeksize=8
alignbytes=8
prototype=define
Linker and Libraries:
ld='cc'
ldflags ='-Wl,-E -fstack-protector-strong -L/usr/local/lib'
libpth=/usr/lib/clang/16/lib /usr/lib /usr/local/lib
libs=-lpthread -lgdbm -lm -lutil -lc
perllibs=-lpthread -lm -lutil -lc
libc=/usr/lib/libc.so.100.3
so=so
useshrplib=false
libperl=libperl.a
gnulibc_version=''
Dynamic Linking:
dlsrc=dl_dlopen.xs
dlext=so
d_dlsymun=undef
ccdlflags=' '
cccdlflags='-DPIC -fPIC '
lddlflags='-shared -fPIC -L/usr/local/lib -fstack-protector-strong'
Characteristics of this binary (from libperl):
Compile-time options:
HAS_LONG_DOUBLE
HAS_STRTOLD
HAS_TIMES
PERLIO_LAYERS
PERL_COPY_ON_WRITE
PERL_DONT_CREATE_GVSV
PERL_HASH_FUNC_SIPHASH13
PERL_HASH_USE_SBOX32
PERL_MALLOC_WRAP
PERL_OP_PARENT
PERL_PRESERVE_IVUV
PERL_USE_SAFE_PUTENV
USE_64_BIT_ALL
USE_64_BIT_INT
USE_LARGE_FILES
USE_LOCALE
USE_LOCALE_CTYPE
USE_PERLIO
USE_PERL_ATOF
Built under openbsd
Compiled at Aug 24 2025 12:18:49
%ENV:
PERL5LIB="/home/cpan/pit/jail/VT_5961WWb/lib/perl5:/home/cpan/pit/bare/conf/perl-5.40.2/.cpanplus/5.40.2/build/9hf4RBEWsU/Catalyst-Plugin-Authentication-0.10024/blib/lib:/home/cpan/pit/bare/conf/perl-5.40.2/.cpanplus/5.40.2/build/9hf4RBEWsU/Catalyst-Plugin-Authentication-0.10024/blib/arch"
PERL5_CPANPLUS_IS_RUNNING="20547"
PERL5_CPANPLUS_IS_VERSION="0.9916"
PERL5_MINISMOKEBOX="0.68"
PERL5_YACSMOKE_BASE="/home/cpan/pit/bare/conf/perl-5.40.2"
PERL_EXTUTILS_AUTOINSTALL="--defaultdeps"
PERL_LOCAL_LIB_ROOT="/home/cpan/pit/jail/VT_5961WWb"
PERL_MB_OPT="--install_base "/home/cpan/pit/jail/VT_5961WWb""
PERL_MM_OPT="INSTALL_BASE=/home/cpan/pit/jail/VT_5961WWb"
PERL_MM_USE_DEFAULT="1"
@INC:
/home/cpan/pit/jail/VT_5961WWb/lib/perl5/5.40.2/OpenBSD.amd64-openbsd
/home/cpan/pit/jail/VT_5961WWb/lib/perl5/5.40.2
/home/cpan/pit/jail/VT_5961WWb/lib/perl5/OpenBSD.amd64-openbsd
/home/cpan/pit/jail/VT_5961WWb/lib/perl5
/home/cpan/pit/bare/conf/perl-5.40.2/.cpanplus/5.40.2/build/9hf4RBEWsU/Catalyst-Plugin-Authentication-0.10024/blib/lib
/home/cpan/pit/bare/conf/perl-5.40.2/.cpanplus/5.40.2/build/9hf4RBEWsU/Catalyst-Plugin-Authentication-0.10024/blib/arch
/home/cpan/pit/bare/perl-5.40.2/lib/site_perl/5.40.2/OpenBSD.amd64-openbsd
/home/cpan/pit/bare/perl-5.40.2/lib/site_perl/5.40.2
/home/cpan/pit/bare/perl-5.40.2/lib/5.40.2/OpenBSD.amd64-openbsd
/home/cpan/pit/bare/perl-5.40.2/lib/5.40.2