Report for UAV-Pilot-ARDrone-0.4

Back
From: metabase:user:314402c4-2aae-11df-837a-5e0a49663a4f
Subject: FAIL UAV-Pilot-ARDrone-0.4 v5.16.3 GNU/Linux
Date: 2014-06-04T05:21:29Z

This distribution has been tested as part of the CPAN Testers
project, supporting the Perl programming language.  See
http://wiki.cpantesters.org/ for more information or email
questions to cpan-testers-discuss@perl.org


--
Dear Timm Murray,

This is a computer-generated report for UAV-Pilot-ARDrone-0.4
on perl 5.16.3, created by CPAN-Reporter-1.2011.

Thank you for uploading your work to CPAN.  However, there was a problem
testing your distribution.

If you think this report is invalid, please consult the CPAN Testers Wiki
for suggestions on how to avoid getting FAIL reports for missing library
or binary dependencies, unsupported operating systems, and so on:

http://wiki.cpantesters.org/wiki/CPANAuthorNotes

Sections of this report:

    * Tester comments
    * Program output
    * Prerequisites
    * Environment and other context

------------------------------
TESTER COMMENTS
------------------------------

Additional comments from tester:

none provided

------------------------------
PROGRAM OUTPUT
------------------------------

Output from '/usr/bin/make test':

Skip blib/lib/auto/share/dist/UAV-Pilot-ARDrone/ARDrone.uav (unchanged)
Skip blib/lib/auto/share/dist/UAV-Pilot-ARDrone/typeone.ttf (unchanged)
PERL_DL_NONLAZY=1 /bbbike/perl-5.16.3/bin/perl5.16.3 "-MExtUtils::Command::MM" "-MTest::Harness" "-e" "undef *Test::Harness::Switches; test_harness(0, 'blib/lib', 'blib/arch')" t/*.t

#   Failed test 'use UAV::Pilot::ARDrone::Control::Event;'
#   at t/001_load.t line 31.
#     Tried to use 'UAV::Pilot::ARDrone::Control::Event'.
#     Error:  Can't locate UAV/Pilot/SDL/NavFeeder.pm in @INC (@INC contains: /tmpfs/.cpan-build/UAV-Pilot-ARDrone-0.4-OiuEBE/blib/lib /tmpfs/.cpan-build/UAV-Pilot-ARDrone-0.4-OiuEBE/blib/arch /opt/perl-5.16.3/lib/site_perl/5.16.3/x86_64-linux /opt/perl-5.16.3/lib/site_perl/5.16.3 /opt/perl-5.16.3/lib/5.16.3/x86_64-linux /opt/perl-5.16.3/lib/5.16.3 .) at /opt/perl-5.16.3/lib/site_perl/5.16.3/Module/Runtime.pm line 317.
# Compilation failed in require at t/001_load.t line 31.
# BEGIN failed--compilation aborted at t/001_load.t line 31.
# Looks like you failed 1 test of 12.
t/001_load.t ................. 
Dubious, test returned 1 (wstat 256, 0x100)
Failed 1/12 subtests 
t/002_pod.t .................. ok
t/010_driver_mock.t .......... ok
t/020_nav_packet.t ........... ok
t/100_control_ardrone.t ...... ok
Can't locate UAV/Pilot/SDL/NavFeeder.pm in @INC (@INC contains: /tmpfs/.cpan-build/UAV-Pilot-ARDrone-0.4-OiuEBE/blib/lib /tmpfs/.cpan-build/UAV-Pilot-ARDrone-0.4-OiuEBE/blib/arch /opt/perl-5.16.3/lib/site_perl/5.16.3/x86_64-linux /opt/perl-5.16.3/lib/site_perl/5.16.3 /opt/perl-5.16.3/lib/5.16.3/x86_64-linux /opt/perl-5.16.3/lib/5.16.3 .) at /opt/perl-5.16.3/lib/site_perl/5.16.3/Module/Runtime.pm line 317.
Compilation failed in require at t/110_event_loop.t line 28.
BEGIN failed--compilation aborted at t/110_event_loop.t line 28.
# Looks like your test exited with 2 before it could output anything.
t/110_event_loop.t ........... 
Dubious, test returned 2 (wstat 512, 0x200)
Failed 2/2 subtests 
Can't locate UAV/Pilot/SDL/NavFeeder.pm in @INC (@INC contains: /tmpfs/.cpan-build/UAV-Pilot-ARDrone-0.4-OiuEBE/blib/lib /tmpfs/.cpan-build/UAV-Pilot-ARDrone-0.4-OiuEBE/blib/arch /opt/perl-5.16.3/lib/site_perl/5.16.3/x86_64-linux /opt/perl-5.16.3/lib/site_perl/5.16.3 /opt/perl-5.16.3/lib/5.16.3/x86_64-linux /opt/perl-5.16.3/lib/5.16.3 .) at /opt/perl-5.16.3/lib/site_perl/5.16.3/Module/Runtime.pm line 317.
Compilation failed in require at t/120_event_loop_controls.t line 28.
BEGIN failed--compilation aborted at t/120_event_loop_controls.t line 28.
# Looks like your test exited with 2 before it could output anything.
t/120_event_loop_controls.t .. 
Dubious, test returned 2 (wstat 512, 0x200)
Failed 8/8 subtests 
t/150_video_pave.t ........... ok
t/152_video_pave_fh.t ........ ok
0    [N/A] ERROR UAV.Pilot.ARDrone.Video.Mock N/A - Bad PaVE header.  Got [AG], expected PaVE
t/155_video_pave_bad.t ....... ok
t/160_video_decode.t ......... skipped: UAV::Pilot::Video::Ffmepg not installed
t/170_video_stream.t ......... ok
t/175_video_fileno.t ......... ok
t/180_nav_processing.t ....... ok
t/190_control_nav_event.t .... ok
t/210_commands_ardrone.t ..... ok

Test Summary Report
-------------------
t/001_load.t               (Wstat: 256 Tests: 12 Failed: 1)
  Failed test:  5
  Non-zero exit status: 1
t/110_event_loop.t         (Wstat: 512 Tests: 0 Failed: 0)
  Non-zero exit status: 2
  Parse errors: Bad plan.  You planned 2 tests but ran 0.
t/120_event_loop_controls.t (Wstat: 512 Tests: 0 Failed: 0)
  Non-zero exit status: 2
  Parse errors: Bad plan.  You planned 8 tests but ran 0.
Files=16, Tests=223, 15 wallclock secs ( 0.06 usr  0.07 sys + 10.20 cusr  1.40 csys = 11.73 CPU)
Result: FAIL
Failed 3/16 test programs. 1/223 subtests failed.
make: *** [test_dynamic] Fehler 255

------------------------------
PREREQUISITES
------------------------------

Prerequisite modules loaded:

requires:

    Module                  Need Have    
    ----------------------- ---- --------
    AnyEvent                0    7.07    
    AnyEvent::ReadLine::Gnu 0    1.0     
    IO::Socket::Multicast   0    1.12    
    Math::Trig              0    1.23    
    Moose                   0    2.1208  
    MooseX::Event           0    v0.2.0  
    namespace::autoclean    0    0.15    
    String::CRC32           0    1.5     
    Test::More              0    1.001003
    Time::HiRes             0    1.9726  
    UAV::Pilot              0    0.11    

build_requires:

    Module                  Need Have    
    ----------------------- ---- --------
    ExtUtils::MakeMaker     0    6.98    
    Test::Pod               0    1.48    

configure_requires:

    Module                  Need Have    
    ----------------------- ---- --------
    Module::Build           0.42 0.4205  


------------------------------
ENVIRONMENT AND OTHER CONTEXT
------------------------------

Environment variables:

    DBIC_NO_WARN_BAD_PERL = 1
    LANG = C
    LC_ALL = de_DE.UTF-8
    PATH = /usr/local/bin:/usr/bin:/bin:/usr/local/sbin:/usr/sbin:/sbin:/home/eserte/bin/linux-gnu:/home/eserte/bin/sh:/home/eserte/bin:/usr/games:/home/eserte/devel:/home/eserte/src/srezic-misc/scripts
    PERL5LIB = 
    PERL5OPT = 
    PERL5_CPANPLUS_IS_RUNNING = 9549
    PERL5_CPAN_IS_RUNNING = 9549
    PERL5_CPAN_IS_RUNNING_IN_RECURSION = 9471,9549
    PERLDOC = -MPod::Perldoc::ToTextOverstrike
    PERL_BATCH = yes
    PERL_CPAN_REPORTER_CONFIG = /var/tmp/cpansmoker-1001/ROKk_hhFQX_config.ini
    PERL_EXTUTILS_AUTOINSTALL = --defaultdeps
    PERL_HTML_DISPLAY_CLASS = HTML::Display::Mozilla
    PERL_PARALLEL_SMOKER = yes
    SHELL = /bin/zsh
    TERM = screen
    TMPDIR = /var/tmp/cpansmoker-1001

Perl special variables (and OS-specific diagnostics, for MSWin32):

    $^X = /bbbike/perl-5.16.3/bin/perl5.16.3
    $UID/$EUID = 1001 / 1001
    $GID = 1001 109 1001
    $EGID = 1001 109 1001

Perl module toolchain versions installed:

    Module              Have    
    ------------------- --------
    CPAN                1.9800  
    CPAN::Meta          2.141520
    Cwd                 3.47    
    ExtUtils::CBuilder  0.280206
    ExtUtils::Command   1.17    
    ExtUtils::Install   1.58    
    ExtUtils::MakeMaker 6.98    
    ExtUtils::Manifest  1.61    
    ExtUtils::ParseXS   3.24    
    File::Spec          3.47    
    JSON                2.90    
    JSON::PP            2.27203 
    Module::Build       0.4205  
    Module::Signature   0.73    
    Parse::CPAN::Meta   1.4414  
    Test::Harness       3.30    
    Test::More          1.001003
    YAML                0.92    
    YAML::Syck          1.27    
    version             0.9908  


--

Summary of my perl5 (revision 5 version 16 subversion 3) configuration:
   
  Platform:
    osname=linux, osvers=3.2.0-4-amd64, archname=x86_64-linux
    uname='linux eserte 3.2.0-4-amd64 #1 smp debian 3.2.57-3 x86_64 gnulinux '
    config_args='-ds -e -Dprefix=/opt/perl-5.16.3'
    hint=recommended, useposix=true, d_sigaction=define
    useithreads=undef, usemultiplicity=undef
    useperlio=define, d_sfio=undef, uselargefiles=define, usesocks=undef
    use64bitint=define, use64bitall=define, uselongdouble=undef
    usemymalloc=n, bincompat5005=undef
  Compiler:
    cc='cc', ccflags ='-fno-strict-aliasing -pipe -fstack-protector -I/usr/local/include -D_LARGEFILE_SOURCE -D_FILE_OFFSET_BITS=64',
    optimize='-O2',
    cppflags='-fno-strict-aliasing -pipe -fstack-protector -I/usr/local/include'
    ccversion='', gccversion='4.7.2', gccosandvers=''
    intsize=4, longsize=8, ptrsize=8, doublesize=8, byteorder=12345678
    d_longlong=define, longlongsize=8, d_longdbl=define, longdblsize=16
    ivtype='long', ivsize=8, nvtype='double', nvsize=8, Off_t='off_t', lseeksize=8
    alignbytes=8, prototype=define
  Linker and Libraries:
    ld='cc', ldflags =' -fstack-protector -L/usr/local/lib'
    libpth=/usr/local/lib /lib/x86_64-linux-gnu /lib/../lib /usr/lib/x86_64-linux-gnu /usr/lib/../lib /lib /usr/lib
    libs=-lnsl -ldb -ldl -lm -lcrypt -lutil -lc
    perllibs=-lnsl -ldl -lm -lcrypt -lutil -lc
    libc=, so=so, useshrplib=false, libperl=libperl.a
    gnulibc_version='2.13'
  Dynamic Linking:
    dlsrc=dl_dlopen.xs, dlext=so, d_dlsymun=undef, ccdlflags='-Wl,-E'
    cccdlflags='-fPIC', lddlflags='-shared -O2 -L/usr/local/lib -fstack-protector'


Characteristics of this binary (from libperl): 
  Compile-time options: HAS_TIMES PERLIO_LAYERS PERL_DONT_CREATE_GVSV
                        PERL_MALLOC_WRAP PERL_PRESERVE_IVUV USE_64_BIT_ALL
                        USE_64_BIT_INT USE_LARGE_FILES USE_LOCALE
                        USE_LOCALE_COLLATE USE_LOCALE_CTYPE
                        USE_LOCALE_NUMERIC USE_PERLIO USE_PERL_ATOF
  Built under linux
  Compiled at May 15 2014 11:12:25
  %ENV:
    PERL5LIB=""
    PERL5OPT=""
    PERL5_CPANPLUS_IS_RUNNING="9549"
    PERL5_CPAN_IS_RUNNING="9549"
    PERL5_CPAN_IS_RUNNING_IN_RECURSION="9471,9549"
    PERLDOC="-MPod::Perldoc::ToTextOverstrike"
    PERL_BATCH="yes"
    PERL_CPAN_REPORTER_CONFIG="/var/tmp/cpansmoker-1001/ROKk_hhFQX_config.ini"
    PERL_EXTUTILS_AUTOINSTALL="--defaultdeps"
    PERL_HTML_DISPLAY_CLASS="HTML::Display::Mozilla"
    PERL_PARALLEL_SMOKER="yes"
  @INC:
    /opt/perl-5.16.3/lib/site_perl/5.16.3/x86_64-linux
    /opt/perl-5.16.3/lib/site_perl/5.16.3
    /opt/perl-5.16.3/lib/5.16.3/x86_64-linux
    /opt/perl-5.16.3/lib/5.16.3
    .