XML-LibXML-SAX-ChunkParser v0.00008 Perl 5 v5.16.3 x86_64-linux
- Status
- Fail
- From
- Slaven Rezić (SREZIC)
- Dist
-
XML-LibXML-SAX-ChunkParser v0.00008
- Platform
- Perl 5 v5.16.3 x86_64-linux
- Date
- 2017-12-13 19:23:23
- ID
- 15dab28a-e03b-11e7-bcc3-c53e19cb68e6
This distribution has been tested as part of the CPAN Testers
project, supporting the Perl programming language. See
http://wiki.cpantesters.org/ for more information or email
questions to cpan-testers-discuss@perl.org
--
Dear Daisuke Maki,
This is a computer-generated report for XML-LibXML-SAX-ChunkParser-0.00008
on perl 5.16.3, created by CPAN-Reporter-1.2018.
Thank you for uploading your work to CPAN. However, there was a problem
testing your distribution.
If you think this report is invalid, please consult the CPAN Testers Wiki
for suggestions on how to avoid getting FAIL reports for missing library
or binary dependencies, unsupported operating systems, and so on:
http://wiki.cpantesters.org/wiki/CPANAuthorNotes
Sections of this report:
* Tester comments
* Program output
* Prerequisites
* Environment and other context
------------------------------
TESTER COMMENTS
------------------------------
Additional comments from tester:
none provided
------------------------------
PROGRAM OUTPUT
------------------------------
Output from './Build test':
t/00_compile.t .. ok
# parsing chunk '<?xml v'
# parsing chunk 'ersion="1.0"?>'
# Failed test 'event should be start_document'
# at t/01_basic.t line 104.
# got: 'set_document_locator'
# expected: 'start_document'
# Failed test 'event should be xml_decl'
# at t/01_basic.t line 104.
# got: 'start_document'
# expected: 'xml_decl'
# Failed test at t/01_basic.t line 105.
# Structures begin differing at:
# $got->{Version} = Does not exist
# $expected->{Version} = '1.0'
# Failed test 'event should be start_prefix_mapping'
# at t/01_basic.t line 104.
# got: 'xml_decl'
# expected: 'start_prefix_mapping'
# Failed test at t/01_basic.t line 105.
# Structures begin differing at:
# $got->{Prefix} = Does not exist
# $expected->{Prefix} = ''
# parsing chunk '<foo xml'
# parsing chunk 'ns="http://foobar.com">'
# Failed test 'event should be start_element'
# at t/01_basic.t line 104.
# got: 'start_prefix_mapping'
# expected: 'start_element'
# Failed test at t/01_basic.t line 105.
# Structures begin differing at:
# $got->{LocalName} = Does not exist
# $expected->{LocalName} = 'foo'
# Failed test at t/01_basic.t line 105.
# Structures begin differing at:
# $got->{LocalName} = 'foo'
# $expected->{LocalName} = 'bar'
# parsing chunk '<'
# parsing chunk 'bar x="1"'
# parsing chunk '>'
# Failed test at t/01_basic.t line 105.
# Structures begin differing at:
# $got->{LocalName} = 'bar'
# $expected->{LocalName} = 'baz'
# parsing chunk '<baz>whoopla</b'
# Failed test 'event should be characters'
# at t/01_basic.t line 104.
# got: 'start_element'
# expected: 'characters'
# Failed test at t/01_basic.t line 105.
# Structures begin differing at:
# $got->{LocalName} = 'baz'
# $expected->{LocalName} = Does not exist
# Failed test 'event should be end_element'
# at t/01_basic.t line 104.
# got: 'characters'
# expected: 'end_element'
# Failed test at t/01_basic.t line 105.
# Structures begin differing at:
# $got->{Prefix} = Does not exist
# $expected->{Prefix} = ''
# parsing chunk 'az>'
# Failed test at t/01_basic.t line 105.
# Structures begin differing at:
# $got->{LocalName} = 'baz'
# $expected->{LocalName} = 'bar'
# parsing chunk '<'
# parsing chunk '/'
# parsing chunk 'bar>'
# Failed test at t/01_basic.t line 105.
# Structures begin differing at:
# $got->{LocalName} = 'bar'
# $expected->{LocalName} = 'foo'
# parsing chunk '</foo>'
# Failed test 'event should be end_prefix_mapping'
# at t/01_basic.t line 104.
# got: 'end_element'
# expected: 'end_prefix_mapping'
# Failed test at t/01_basic.t line 105.
# Structures begin differing at:
# $got->{LocalName} = 'foo'
# $expected->{LocalName} = Does not exist
# Failed test 'event should be '
# at t/01_basic.t line 104.
# got: 'end_prefix_mapping'
# expected: undef
# Failed test at t/01_basic.t line 105.
# Structures begin differing at:
# $got->{Prefix} = ''
# $expected->{Prefix} = Does not exist
# Looks like you planned 23 tests but ran 25.
# Looks like you failed 19 tests of 25 run.
t/01_basic.t ....
Dubious, test returned 19 (wstat 4864, 0x1300)
Failed 17/23 subtests
t/rt94173.t ..... ok
Test Summary Report
-------------------
t/01_basic.t (Wstat: 4864 Tests: 25 Failed: 19)
Failed tests: 2, 4-9, 11, 13-17, 19, 21-25
Non-zero exit status: 19
Parse errors: Bad plan. You planned 23 tests but ran 25.
Files=3, Tests=29, 0 wallclock secs ( 0.02 usr 0.01 sys + 0.15 cusr 0.04 csys = 0.22 CPU)
Result: FAIL
Failed 1/3 test programs. 19/29 subtests failed.
------------------------------
PREREQUISITES
------------------------------
Prerequisite modules loaded:
requires:
Module Need Have
------------------- ---- --------
XML::LibXML 1.66 2.0131
XML::SAX 0 0.99
build_requires:
Module Need Have
------------------- ---- --------
ExtUtils::CBuilder 0 0.280230
ExtUtils::MakeMaker 6.36 7.30
Test::Fatal 0 0.014
Test::More 0 1.302120
configure_requires:
Module Need Have
------------------- ---- --------
CPAN::Meta 0 2.150010
CPAN::Meta::Prereqs 0 2.150010
Module::Build 0.38 0.4224
------------------------------
ENVIRONMENT AND OTHER CONTEXT
------------------------------
Environment variables:
LANG = en_US.UTF-8
PATH = /usr/local/bin:/usr/bin:/bin:/usr/local/sbin:/usr/sbin:/sbin:/home/cpansand/bin/linux-gnu:/home/cpansand/bin/sh:/home/cpansand/bin:/usr/games:/home/cpansand/devel:/home/eserte/src/srezic-misc/scripts
PERL5LIB =
PERL5OPT =
PERL5_CPANPLUS_IS_RUNNING = 19246
PERL5_CPAN_IS_RUNNING = 19246
PERL5_CPAN_IS_RUNNING_IN_RECURSION = 11530,19246
PERLDOC = -MPod::Perldoc::ToTextOverstrike
PERL_BATCH = yes
PERL_CANARY_STABILITY_NOPROMPT = 1
PERL_CPAN_REPORTER_CONFIG = /var/tmp/cpansmoker-1023/2017121318/cpanreporter_000_config.ini
PERL_EXTUTILS_AUTOINSTALL = --defaultdeps
SHELL = /bin/zsh
TERM = screen
TMPDIR = /var/tmp/cpansmoker-1023/2017121318
Perl special variables (and OS-specific diagnostics, for MSWin32):
$^X = /opt/perl-5.16.3/bin/perl
$UID/$EUID = 1023 / 1023
$GID = 1023 1023
$EGID = 1023 1023
Perl module toolchain versions installed:
Module Have
------------------- --------
CPAN 2.16
CPAN::Meta 2.150010
Cwd 3.62
ExtUtils::CBuilder 0.280230
ExtUtils::Command 7.30
ExtUtils::Install 2.06
ExtUtils::MakeMaker 7.30
ExtUtils::Manifest 1.70
ExtUtils::ParseXS 3.30
File::Spec 3.62
JSON 2.94
JSON::PP 2.94
Module::Build 0.4224
Module::Signature 0.81
Parse::CPAN::Meta 2.150010
Test::Harness 3.39
Test::More 1.302120
YAML 1.23
YAML::Syck 1.30
version 0.9918
--
Summary of my perl5 (revision 5 version 16 subversion 3) configuration:
Platform:
osname=linux, osvers=2.6.32-696.3.1.el6.x86_64, archname=x86_64-linux
uname='linux centos6 2.6.32-696.3.1.el6.x86_64 #1 smp tue may 30 19:52:55 utc 2017 x86_64 x86_64 x86_64 gnulinux '
config_args='-ds -e -Dprefix=/opt/perl-5.16.3 -Dcf_email=srezic@cpan.org'
hint=recommended, useposix=true, d_sigaction=define
useithreads=undef, usemultiplicity=undef
useperlio=define, d_sfio=undef, uselargefiles=define, usesocks=undef
use64bitint=define, use64bitall=define, uselongdouble=undef
usemymalloc=n, bincompat5005=undef
Compiler:
cc='cc', ccflags ='-fno-strict-aliasing -pipe -fstack-protector -I/usr/local/include -D_LARGEFILE_SOURCE -D_FILE_OFFSET_BITS=64',
optimize='-O2',
cppflags='-fno-strict-aliasing -pipe -fstack-protector -I/usr/local/include'
ccversion='', gccversion='4.4.7 20120313 (Red Hat 4.4.7-18)', gccosandvers=''
intsize=4, longsize=8, ptrsize=8, doublesize=8, byteorder=12345678
d_longlong=define, longlongsize=8, d_longdbl=define, longdblsize=16
ivtype='long', ivsize=8, nvtype='double', nvsize=8, Off_t='off_t', lseeksize=8
alignbytes=8, prototype=define
Linker and Libraries:
ld='cc', ldflags =' -fstack-protector -L/usr/local/lib'
libpth=/usr/local/lib /lib/../lib64 /usr/lib/../lib64 /lib /usr/lib /lib64 /usr/lib64 /usr/local/lib64
libs=-lnsl -lgdbm -ldb -ldl -lm -lcrypt -lutil -lc
perllibs=-lnsl -ldl -lm -lcrypt -lutil -lc
libc=, so=so, useshrplib=false, libperl=libperl.a
gnulibc_version='2.12'
Dynamic Linking:
dlsrc=dl_dlopen.xs, dlext=so, d_dlsymun=undef, ccdlflags='-Wl,-E'
cccdlflags='-fPIC', lddlflags='-shared -O2 -L/usr/local/lib -fstack-protector'
Characteristics of this binary (from libperl):
Compile-time options: HAS_TIMES PERLIO_LAYERS PERL_DONT_CREATE_GVSV
PERL_MALLOC_WRAP PERL_PRESERVE_IVUV USE_64_BIT_ALL
USE_64_BIT_INT USE_LARGE_FILES USE_LOCALE
USE_LOCALE_COLLATE USE_LOCALE_CTYPE
USE_LOCALE_NUMERIC USE_PERLIO USE_PERL_ATOF
Built under linux
Compiled at Jun 24 2017 09:37:57
%ENV:
PERL5LIB=""
PERL5OPT=""
PERL5_CPANPLUS_IS_RUNNING="19246"
PERL5_CPAN_IS_RUNNING="19246"
PERL5_CPAN_IS_RUNNING_IN_RECURSION="11530,19246"
PERLDOC="-MPod::Perldoc::ToTextOverstrike"
PERL_BATCH="yes"
PERL_CANARY_STABILITY_NOPROMPT="1"
PERL_CPAN_REPORTER_CONFIG="/var/tmp/cpansmoker-1023/2017121318/cpanreporter_000_config.ini"
PERL_EXTUTILS_AUTOINSTALL="--defaultdeps"
@INC:
/opt/perl-5.16.3/lib/site_perl/5.16.3/x86_64-linux
/opt/perl-5.16.3/lib/site_perl/5.16.3
/opt/perl-5.16.3/lib/5.16.3/x86_64-linux
/opt/perl-5.16.3/lib/5.16.3
.