App-GitHubWebhooks2Ikachan v0.10 Perl 5 v5.28.1 x86_64-linux-ld

Status
Fail
From
Andreas J. König (ANDK)
Dist
App-GitHubWebhooks2Ikachan v0.10
Platform
Perl 5 v5.28.1 x86_64-linux-ld
Date
2019-01-13 02:29:43
ID
15f8f9e8-16db-11e9-b522-cbc90c7b05fa
This distribution has been tested as part of the CPAN Testers
project, supporting the Perl programming language.  See
http://wiki.cpantesters.org/ for more information or email
questions to cpan-testers-discuss@perl.org


--
Dear Taiki Kawakami,

This is a computer-generated report for App-GitHubWebhooks2Ikachan-0.10
on perl 5.28.1, created by CPAN-Reporter-1.2018.

Thank you for uploading your work to CPAN.  However, there was a problem
testing your distribution.

If you think this report is invalid, please consult the CPAN Testers Wiki
for suggestions on how to avoid getting FAIL reports for missing library
or binary dependencies, unsupported operating systems, and so on:

http://wiki.cpantesters.org/wiki/CPANAuthorNotes

Sections of this report:

    * Tester comments
    * Program output
    * Prerequisites
    * Environment and other context

------------------------------
TESTER COMMENTS
------------------------------

Additional comments from tester:

this report is from an automated smoke testing program
and was not reviewed by a human for accuracy

------------------------------
PROGRAM OUTPUT
------------------------------

Output from './Build test':

t/00_compile.t ......... ok

    #   Failed test at t/01_issues.t line 36.
    #                   ''
    #     doesn't match '(?^:\[INFO\] POST foo, \00303\[issue opened \(#13\)\] This is new issue \(\@moznion\)\17 https://github.com/moznion/sandbox/issues/13)'
    # Looks like you failed 1 test of 1.

#   Failed test 'issue opened'
#   at t/01_issues.t line 37.

    #   Failed test at t/01_issues.t line 54.
    #                   ''
    #     doesn't match '(?^:\[INFO\] POST foo, \00303\[issue closed \(#13\)\] This is new issue \(\@moznion\)\17 https://github.com/moznion/sandbox/issues/13)'
    # Looks like you failed 1 test of 1.

#   Failed test 'issue closed'
#   at t/01_issues.t line 55.

    #   Failed test at t/01_issues.t line 72.
    #                   ''
    #     doesn't match '(?^:\[INFO\] POST foo, \00303\[issue reopened \(#13\)\] This is new issue \(\@moznion\)\17 https://github.com/moznion/sandbox/issues/13)'
    # Looks like you failed 1 test of 1.

#   Failed test 'issue reopened'
#   at t/01_issues.t line 73.

    #   Failed test at t/01_issues.t line 89.
    #                   ''
    #     doesn't match '(?^:\[INFO\] POST foo, \00303\[issue opened \(#13\)\] This is new issue \(\@moznion\)\17 https://github.com/moznion/sandbox/issues/13)'
    # Looks like you failed 1 test of 1.

#   Failed test 'subscribe all actions'
#   at t/01_issues.t line 90.
# Looks like you failed 4 tests of 5.
t/01_issues.t .......... 
Dubious, test returned 4 (wstat 1024, 0x400)
Failed 4/5 subtests 

    #   Failed test at t/02_issue_comment.t line 35.
    #                   ''
    #     doesn't match '(?^:POST foo, \00303\[comment \(#13\)\] foobar \(\@moznion\)\17 https://github\.com/moznion/sandbox/issues/13#issuecomment-37093289)'
    # Looks like you failed 1 test of 1.

#   Failed test 'comment created'
#   at t/02_issue_comment.t line 36.
# Looks like you failed 1 test of 1.
t/02_issue_comment.t ... 
Dubious, test returned 1 (wstat 256, 0x100)
Failed 1/1 subtests 

    #   Failed test at t/03_pull_request.t line 36.
    #                   ''
    #     doesn't match '(?^:\[INFO\] POST foo, \00303\[pull request opened \(#15\)\] New Pull Request \(\@moznion\)\17 https://github.com/moznion/sandbox/pull/15)'
    # Looks like you failed 1 test of 1.

#   Failed test 'pull request opened'
#   at t/03_pull_request.t line 37.

    #   Failed test at t/03_pull_request.t line 54.
    #                   ''
    #     doesn't match '(?^:\[INFO\] POST foo, \00303\[pull request closed \(#15\)\] New Pull Request \(\@moznion\)\17 https://github.com/moznion/sandbox/pull/15)'
    # Looks like you failed 1 test of 1.

#   Failed test 'pull request closed'
#   at t/03_pull_request.t line 55.

    #   Failed test at t/03_pull_request.t line 72.
    #                   ''
    #     doesn't match '(?^:\[INFO\] POST foo, \00303\[pull request reopened \(#15\)\] New Pull Request \(\@moznion\)\17 https://github.com/moznion/sandbox/pull/15)'
    # Looks like you failed 1 test of 1.

#   Failed test 'issue reopened'
#   at t/03_pull_request.t line 73.

    #   Failed test at t/03_pull_request.t line 90.
    #                   ''
    #     doesn't match '(?^:\[INFO\] POST foo, \00303\[pull request synchronize \(#15\)\] New Pull Request \(\@moznion\)\17 https://github.com/moznion/sandbox/pull/15)'
    # Looks like you failed 1 test of 1.

#   Failed test 'issue synchronize'
#   at t/03_pull_request.t line 91.

    #   Failed test at t/03_pull_request.t line 106.
    #                   ''
    #     doesn't match '(?^:\[INFO\] POST foo, \00303\[pull request opened \(#15\)\] New Pull Request \(\@moznion\)\17 https://github.com/moznion/sandbox/pull/15)'
    # Looks like you failed 1 test of 1.

#   Failed test 'subscribe all actions'
#   at t/03_pull_request.t line 107.
# Looks like you failed 5 tests of 6.
t/03_pull_request.t .... 
Dubious, test returned 5 (wstat 1280, 0x500)
Failed 5/6 subtests 

    #   Failed test at t/04_push.t line 37.
    #                   undef
    #     doesn't match '(?^:POST foo, \00303\[push to master\] Commit1 \(\@moznion\)\17 https://github\.com/moznion/sandbox/commit/b4da12df1bc19d2b20d7ab8a11fe9a4413ddf509)'

    #   Failed test at t/04_push.t line 38.
    #                   undef
    #     doesn't match '(?^:POST foo, \00303\[push to master\] Commit2 \(\@moznion\)\17 https://github\.com/moznion/sandbox/commit/e2e64cea713dbfb574f1ace80a4be6c55f98433d)'
    # Looks like you failed 2 tests of 2.

#   Failed test 'commits'
#   at t/04_push.t line 39.

    #   Failed test at t/04_push.t line 55.
    #                   ''
    #     doesn't match '(?^:POST foo, \00303\[push to master\] Merge pull request #15 from moznion/new_pull_request \(\@moznion\)\17 https://github\.com/moznion/sandbox/commit/d2427a9b4ffbf5277cfe4229f22b0337146b77d3)'
    # Looks like you failed 1 test of 1.

#   Failed test 'merge commit'
#   at t/04_push.t line 56.
# Looks like you failed 2 tests of 2.
t/04_push.t ............ 
Dubious, test returned 2 (wstat 512, 0x200)
Failed 2/2 subtests 

    #   Failed test at t/05_commit_comment.t line 37.
    #                   undef
    #     doesn't match '(?^:POST foo, \00303\[comment \(adfb4f5\)\] Hello! \(\@moznion\)\17 https://github\.com/moznion/sandbox/commit/adfb4f5fa983e4fc5d5559d6b653284ca03f296d#commitcomment-5920929)'
    # Looks like you failed 1 test of 1.

#   Failed test 'commit comment'
#   at t/05_commit_comment.t line 38.
# Looks like you failed 1 test of 1.
t/05_commit_comment.t .. 
Dubious, test returned 1 (wstat 256, 0x100)
Failed 1/1 subtests 

    #   Failed test at t/06_review_comment.t line 37.
    #                   undef
    #     doesn't match '(?^:POST foo, \00303\[review comment \(#18\)\] Hello \(\@moznion\)\17 https://github\.com/moznion/sandbox/pull/18#discussion_r11326210)'
    # Looks like you failed 1 test of 1.

#   Failed test 'commit comment'
#   at t/06_review_comment.t line 38.
# Looks like you failed 1 test of 1.
t/06_review_comment.t .. 
Dubious, test returned 1 (wstat 256, 0x100)
Failed 1/1 subtests 

    #   Failed test at t/10_subscribe.t line 34.
    #                   ''
    #     doesn't match '(?^:\[INFO\] POST foo, \00303\[issue opened \(#13\)\] This is new issue \(\@moznion\)\17 https://github\.com/moznion/sandbox/issues/13)'
    # Looks like you failed 1 test of 1.

#   Failed test 'subscribe all events'
#   at t/10_subscribe.t line 35.
# Looks like you failed 1 test of 2.
t/10_subscribe.t ....... 
Dubious, test returned 1 (wstat 256, 0x100)
Failed 1/2 subtests 
t/20_error_handling.t .. ok

Test Summary Report
-------------------
t/01_issues.t        (Wstat: 1024 Tests: 5 Failed: 4)
  Failed tests:  1-4
  Non-zero exit status: 4
t/02_issue_comment.t (Wstat: 256 Tests: 1 Failed: 1)
  Failed test:  1
  Non-zero exit status: 1
t/03_pull_request.t  (Wstat: 1280 Tests: 6 Failed: 5)
  Failed tests:  1-5
  Non-zero exit status: 5
t/04_push.t          (Wstat: 512 Tests: 2 Failed: 2)
  Failed tests:  1-2
  Non-zero exit status: 2
t/05_commit_comment.t (Wstat: 256 Tests: 1 Failed: 1)
  Failed test:  1
  Non-zero exit status: 1
t/06_review_comment.t (Wstat: 256 Tests: 1 Failed: 1)
  Failed test:  1
  Non-zero exit status: 1
t/10_subscribe.t     (Wstat: 256 Tests: 2 Failed: 1)
  Failed test:  1
  Non-zero exit status: 1
Files=9, Tests=26,  4 wallclock secs ( 0.03 usr  0.06 sys +  1.36 cusr  0.44 csys =  1.89 CPU)
Result: FAIL
Failed 7/9 test programs. 15/26 subtests failed.

------------------------------
PREREQUISITES
------------------------------

Prerequisite modules loaded:

requires:

    Module                Need     Have    
    --------------------- -------- --------
    Class::Accessor::Lite 0        0.08    
    Encode                0        2.97    
    Getopt::Long          2.42     2.5     
    JSON                  0        4.00    
    Log::Minimal          0        0.19    
    LWP::UserAgent        0        6.36    
    perl                  5.008005 5.028001
    Plack                 0        1.0047  
    Pod::Usage            0        1.69    
    String::IRC           0        0.04    

build_requires:

    Module                Need     Have    
    --------------------- -------- --------
    Capture::Tiny         0        0.48    
    ExtUtils::CBuilder    0        0.280230
    Hash::MultiValue      0        0.16    
    Test::More            0.98     1.302159

configure_requires:

    Module                Need     Have    
    --------------------- -------- --------
    CPAN::Meta            0        2.150010
    CPAN::Meta::Prereqs   0        2.150010
    Module::Build         0.38     0.4224  


------------------------------
ENVIRONMENT AND OTHER CONTEXT
------------------------------

Environment variables:

    AUTOMATED_TESTING = 1
    LANG = en_US.UTF-8
    PATH = /home/sand/bin:/usr/local/bin:/usr/bin:/bin:/usr/games:/usr/local/perl/bin:/usr/X11/bin:/sbin:/usr/sbin
    PERL5LIB = /tmp/loop_over_bdir-16596-hV1XUD/String-IRC-0.04-0/blib/arch:/tmp/loop_over_bdir-16596-hV1XUD/String-IRC-0.04-0/blib/lib
    PERL5OPT = 
    PERL5_CPANPLUS_IS_RUNNING = 16598
    PERL5_CPAN_IS_RUNNING = 16598
    PERL5_CPAN_IS_RUNNING_IN_RECURSION = 3943,16598
    PERL_CANARY_STABILITY_NOPROMPT = 1
    PERL_MM_USE_DEFAULT = 1
    PERL_USE_UNSAFE_INC = 1
    SHELL = /usr/bin/zsh
    TERM = screen

Perl special variables (and OS-specific diagnostics, for MSWin32):

    $^X = /home/sand/src/perl/repoperls/installed-perls/host/k93msid/v5.28.1/af11/bin/perl
    $UID/$EUID = 1005 / 1005
    $GID = 1005 1005
    $EGID = 1005 1005

Perl module toolchain versions installed:

    Module              Have    
    ------------------- --------
    CPAN                2.21    
    CPAN::Meta          2.150010
    Cwd                 3.75    
    ExtUtils::CBuilder  0.280230
    ExtUtils::Command   7.34    
    ExtUtils::Install   2.14    
    ExtUtils::MakeMaker 7.34    
    ExtUtils::Manifest  1.70    
    ExtUtils::ParseXS   3.39    
    File::Spec          3.75    
    JSON                4.00    
    JSON::PP            2.97001 
    Module::Build       0.4224  
    Module::Signature   0.83    
    Parse::CPAN::Meta   2.150010
    Test::Harness       3.42    
    Test::More          1.302159
    YAML                1.27    
    YAML::Syck          1.31    
    version             0.9923  


--

Summary of my perl5 (revision 5 version 28 subversion 1) configuration:
  Commit id: 63afdf6c0f65af480aa5bb9ccba9f46dae52f6fc
  Platform:
    osname=linux
    osvers=4.18.0-2-amd64
    archname=x86_64-linux-ld
    uname='linux k93msid 4.18.0-2-amd64 #1 smp debian 4.18.10-2 (2018-10-07) x86_64 gnulinux '
    config_args='-Dprefix=/home/sand/src/perl/repoperls/installed-perls/host/k93msid/v5.28.1/af11 -Dmyhostname=k93msid -Dinstallusrbinperl=n -Uversiononly -Dusedevel -des -Ui_db -Dlibswanted=cl pthread socket inet nsl gdbm dbm malloc dl ld sun m crypt sec util c cposix posix ucb BSD gdbm_compat -Uuseithreads -Duselongdouble -DEBUGGING=-g'
    hint=recommended
    useposix=true
    d_sigaction=define
    useithreads=undef
    usemultiplicity=undef
    use64bitint=define
    use64bitall=define
    uselongdouble=define
    usemymalloc=n
    default_inc_excludes_dot=define
    bincompat5005=undef
  Compiler:
    cc='cc'
    ccflags ='-fwrapv -fno-strict-aliasing -pipe -fstack-protector-strong -I/usr/local/include -D_LARGEFILE_SOURCE -D_FILE_OFFSET_BITS=64'
    optimize='-O2 -g'
    cppflags='-fwrapv -fno-strict-aliasing -pipe -fstack-protector-strong -I/usr/local/include'
    ccversion=''
    gccversion='8.2.0'
    gccosandvers=''
    intsize=4
    longsize=8
    ptrsize=8
    doublesize=8
    byteorder=12345678
    doublekind=3
    d_longlong=define
    longlongsize=8
    d_longdbl=define
    longdblsize=16
    longdblkind=3
    ivtype='long'
    ivsize=8
    nvtype='long double'
    nvsize=16
    Off_t='off_t'
    lseeksize=8
    alignbytes=16
    prototype=define
  Linker and Libraries:
    ld='cc'
    ldflags =' -fstack-protector-strong -L/usr/local/lib'
    libpth=/usr/local/lib /usr/lib/gcc/x86_64-linux-gnu/8/include-fixed /usr/include/x86_64-linux-gnu /usr/lib /lib/x86_64-linux-gnu /lib/../lib /usr/lib/x86_64-linux-gnu /usr/lib/../lib /lib
    libs=-lpthread -lnsl -ldl -lm -lcrypt -lutil -lc
    perllibs=-lpthread -lnsl -ldl -lm -lcrypt -lutil -lc
    libc=libc-2.27.so
    so=so
    useshrplib=false
    libperl=libperl.a
    gnulibc_version='2.27'
  Dynamic Linking:
    dlsrc=dl_dlopen.xs
    dlext=so
    d_dlsymun=undef
    ccdlflags='-Wl,-E'
    cccdlflags='-fPIC'
    lddlflags='-shared -O2 -g -L/usr/local/lib -fstack-protector-strong'


Characteristics of this binary (from libperl): 
  Compile-time options:
    HAS_TIMES
    PERLIO_LAYERS
    PERL_COPY_ON_WRITE
    PERL_DONT_CREATE_GVSV
    PERL_MALLOC_WRAP
    PERL_OP_PARENT
    PERL_PRESERVE_IVUV
    PERL_USE_DEVEL
    USE_64_BIT_ALL
    USE_64_BIT_INT
    USE_LARGE_FILES
    USE_LOCALE
    USE_LOCALE_COLLATE
    USE_LOCALE_CTYPE
    USE_LOCALE_NUMERIC
    USE_LOCALE_TIME
    USE_LONG_DOUBLE
    USE_PERLIO
    USE_PERL_ATOF
  Built under linux
  Compiled at Nov 30 2018 21:52:41
  %ENV:
    PERL5LIB="/tmp/loop_over_bdir-16596-hV1XUD/String-IRC-0.04-0/blib/arch:/tmp/loop_over_bdir-16596-hV1XUD/String-IRC-0.04-0/blib/lib"
    PERL5OPT=""
    PERL5_CPANPLUS_IS_RUNNING="16598"
    PERL5_CPAN_IS_RUNNING="16598"
    PERL5_CPAN_IS_RUNNING_IN_RECURSION="3943,16598"
    PERL_CANARY_STABILITY_NOPROMPT="1"
    PERL_MM_USE_DEFAULT="1"
    PERL_USE_UNSAFE_INC="1"
  @INC:
    /tmp/loop_over_bdir-16596-hV1XUD/String-IRC-0.04-0/blib/arch
    /tmp/loop_over_bdir-16596-hV1XUD/String-IRC-0.04-0/blib/lib
    /home/sand/src/perl/repoperls/installed-perls/host/k93msid/v5.28.1/af11/lib/site_perl/5.28.1/x86_64-linux-ld
    /home/sand/src/perl/repoperls/installed-perls/host/k93msid/v5.28.1/af11/lib/site_perl/5.28.1
    /home/sand/src/perl/repoperls/installed-perls/host/k93msid/v5.28.1/af11/lib/5.28.1/x86_64-linux-ld
    /home/sand/src/perl/repoperls/installed-perls/host/k93msid/v5.28.1/af11/lib/5.28.1
    .