Report for Test-HTML-Content-0.09

Back
From: metabase:user:314402c4-2aae-11df-837a-5e0a49663a4f
Subject: FAIL Test-HTML-Content-0.09 v5.21.8 GNU/Linux
Date: 2015-01-21T18:55:37Z

This distribution has been tested as part of the CPAN Testers
project, supporting the Perl programming language.  See
http://wiki.cpantesters.org/ for more information or email
questions to cpan-testers-discuss@perl.org


--
Dear Max Maischein,

This is a computer-generated report for Test-HTML-Content-0.09
on perl 5.21.8, created by CPAN-Reporter-1.2011.

Thank you for uploading your work to CPAN.  However, there was a problem
testing your distribution.

If you think this report is invalid, please consult the CPAN Testers Wiki
for suggestions on how to avoid getting FAIL reports for missing library
or binary dependencies, unsupported operating systems, and so on:

http://wiki.cpantesters.org/wiki/CPANAuthorNotes

Sections of this report:

    * Tester comments
    * Program output
    * Prerequisites
    * Environment and other context

------------------------------
TESTER COMMENTS
------------------------------

Additional comments from tester:

none provided

------------------------------
PROGRAM OUTPUT
------------------------------

Output from '/usr/bin/make test':

PERL_DL_NONLAZY=1 "/bbbike/perl-5.21.8/bin/perl5.21.8" "-MExtUtils::Command::MM" "-MTest::Harness" "-e" "undef *Test::Harness::Switches; test_harness(0, 'blib/lib', 'blib/arch')" t/*.t
t/00-prerequisites.t ............................ ok
t/01-fallback-libxml.t .......................... ok
t/01-fallback-pureperl.t ........................ ok
t/01-fallback-xpath.t ........................... ok
t/01-internal-api.t ............................. ok
t/01-libxml-xpath-abstraction.t ................. ok
t/01-xpath-query-builder.t ...................... ok
HTML parser error : Unexpected end tag : a
<html><!-- <A href="http://www.perl.com"> -->Title</A></html>
                                                      ^
HTML parser error : Unexpected end tag : a
<html><!-- <A href="http://www.perl.com"> -->Title</A></html>
                                                      ^
HTML parser error : Unexpected end tag : a
<html><!-- <A href="http://www.perl.com"> -->Title</A></html>
                                                      ^
HTML parser error : Unexpected end tag : a
<html><!-- <A href="http://www.perl.com"> -->Title</A></html>
                                                      ^
t/02-tags.t ..................................... ok
t/03-links.t .................................... ok
t/04-comments.t ................................. ok
t/05-doctype.t .................................. ok
t/06-text.t ..................................... ok

#   Failed test 'Finding no link works'
#   at t/07-errors.link.t line 33.
# STDERR is:
# #   Failed test 'Link failure (no links)'
# #   at t/07-errors.link.t line 32.
# # Invalid HTML:
# # 
# 
# not:
# /#\s+Failed\ test.*?\n?.*?at\ t\/07\-errors\.link\.t line 32.*\n?/
# # Invalid HTML:
# 
# 
# as expected
t/07-errors.link.t .............................. 
Failed 1/16 subtests 

#   Failed test 'Finding no comment works'
#   at t/08-errors.comment.t line 32.
# STDERR is:
# #   Failed test 'Comment failure (no comments)'
# #   at t/08-errors.comment.t line 31.
# # Invalid HTML:
# # 
# 
# not:
# /#\s+Failed\ test.*?\n?.*?at\ t\/08\-errors\.comment\.t line 31.*\n?/
# # Invalid HTML:
# 
# 
# as expected
t/08-errors.comment.t ........................... 
Failed 1/16 subtests 
t/09-errors.declaration.t ....................... ok
t/09-errors.xpath.t ............................. ok

#   Failed test 'Empty document gets reported'
#   at t/10-errors.text.t line 31.
# STDERR is:
# #   Failed test 'Text failure (empty document)'
# #   at t/10-errors.text.t line 22.
# # Invalid HTML:
# # 
# 
# not:
# /#\s+Failed\ test.*?\n?.*?at\ t\/10\-errors\.text\.t line 22.*\n?/
# # Invalid HTML:
# 
# 
# as expected
t/10-errors.text.t .............................. 
Failed 1/3 subtests 
t/12-title-fallback.t ........................... ok
t/12-title.t .................................... ok
t/13-xpath-gracefull-errors.t ................... ok
# Checking for version 0.09
t/99-changes.t .................................. ok
t/99-manifest.t ................................. ok
t/99-Pod.t ...................................... ok
t/99-todo.t ..................................... ok
t/99-unix-text.t ................................ ok
# Checking for $VERSION = '0.09';
t/99-versions.t ................................. ok
t/embedded-Test-HTML-Content-NoXPath.t .......... ok
t/embedded-Test-HTML-Content-XPathExtensions.t .. ok
t/embedded-Test-HTML-Content.t .................. ok

Test Summary Report
-------------------
t/07-errors.link.t                            (Wstat: 0 Tests: 16 Failed: 1)
  Failed test:  2
t/08-errors.comment.t                         (Wstat: 0 Tests: 16 Failed: 1)
  Failed test:  2
t/10-errors.text.t                            (Wstat: 0 Tests: 3 Failed: 1)
  Failed test:  2
Files=29, Tests=650,  3 wallclock secs ( 0.09 usr  0.13 sys +  2.00 cusr  0.48 csys =  2.70 CPU)
Result: FAIL
Failed 3/29 test programs. 3/650 subtests failed.
make: *** [test_dynamic] Fehler 255

------------------------------
PREREQUISITES
------------------------------

Prerequisite modules loaded:

requires:

    Module              Need Have        
    ------------------- ---- ------------
    HTML::TokeParser    0    3.69        
    Test::Builder       0    1.301001_097
    Test::More          0    1.301001_097

build_requires:

    Module              Need Have        
    ------------------- ---- ------------
    ExtUtils::MakeMaker 0    7.04        

configure_requires:

    Module              Need Have        
    ------------------- ---- ------------
    ExtUtils::MakeMaker 0    7.04        


------------------------------
ENVIRONMENT AND OTHER CONTEXT
------------------------------

Environment variables:

    DBIC_NO_WARN_BAD_PERL = 1
    LANG = C
    LC_ALL = de_DE.UTF-8
    PATH = /usr/local/bin:/usr/bin:/bin:/usr/local/sbin:/usr/sbin:/sbin:/home/eserte/bin/linux-gnu:/home/eserte/bin/sh:/home/eserte/bin:/usr/games:/home/eserte/devel:/home/eserte/src/srezic-misc/scripts
    PERL5LIB = 
    PERL5OPT = 
    PERL5_CPANPLUS_IS_RUNNING = 16540
    PERL5_CPAN_IS_RUNNING = 16540
    PERL5_CPAN_IS_RUNNING_IN_RECURSION = 25538,16540
    PERLDOC = -MPod::Perldoc::ToTextOverstrike
    PERL_BATCH = yes
    PERL_CPAN_REPORTER_CONFIG = /var/tmp/cpansmoker-1001/Z0XYRweKIP_config.ini
    PERL_EXTUTILS_AUTOINSTALL = --defaultdeps
    PERL_HTML_DISPLAY_CLASS = HTML::Display::Mozilla
    PERL_PARALLEL_SMOKER = yes
    SHELL = /bin/zsh
    TERM = screen
    TMPDIR = /var/tmp/cpansmoker-1001

Perl special variables (and OS-specific diagnostics, for MSWin32):

    $^X = /bbbike/perl-5.21.8/bin/perl5.21.8
    $UID/$EUID = 1001 / 1001
    $GID = 1001 109 1001
    $EGID = 1001 109 1001

Perl module toolchain versions installed:

    Module              Have        
    ------------------- ------------
    CPAN                2.05        
    CPAN::Meta          2.143240    
    Cwd                 3.54        
    ExtUtils::CBuilder  0.280221    
    ExtUtils::Command   1.20        
    ExtUtils::Install   2.04        
    ExtUtils::MakeMaker 7.04        
    ExtUtils::Manifest  1.70        
    ExtUtils::ParseXS   3.27        
    File::Spec          3.53        
    JSON                2.90        
    JSON::PP            2.27300     
    Module::Build       0.4211      
    Module::Signature   n/a         
    Parse::CPAN::Meta   1.4414      
    Test::Harness       3.35        
    Test::More          1.301001_097
    YAML                1.14        
    YAML::Syck          1.29        
    version             0.9909      


--

Summary of my perl5 (revision 5 version 21 subversion 8) configuration:
   
  Platform:
    osname=linux, osvers=3.2.0-4-amd64, archname=x86_64-linux
    uname='linux eserte 3.2.0-4-amd64 #1 smp debian 3.2.65-1+deb7u1 x86_64 gnulinux '
    config_args='-ds -e -Dprefix=/opt/perl-5.21.8 -Dusedevel -Dusemallocwrap=no'
    hint=recommended, useposix=true, d_sigaction=define
    useithreads=undef, usemultiplicity=undef
    use64bitint=define, use64bitall=define, uselongdouble=undef
    usemymalloc=n, bincompat5005=undef
  Compiler:
    cc='cc', ccflags ='-fwrapv -fno-strict-aliasing -pipe -fstack-protector -I/usr/local/include -D_LARGEFILE_SOURCE -D_FILE_OFFSET_BITS=64 -D_FORTIFY_SOURCE=2',
    optimize='-O2',
    cppflags='-fwrapv -fno-strict-aliasing -pipe -fstack-protector -I/usr/local/include'
    ccversion='', gccversion='4.7.2', gccosandvers=''
    intsize=4, longsize=8, ptrsize=8, doublesize=8, byteorder=12345678, doublekind=3
    d_longlong=define, longlongsize=8, d_longdbl=define, longdblsize=16, longdblkind=3
    ivtype='long', ivsize=8, nvtype='double', nvsize=8, Off_t='off_t', lseeksize=8
    alignbytes=8, prototype=define
  Linker and Libraries:
    ld='cc', ldflags =' -fstack-protector -L/usr/local/lib'
    libpth=/usr/local/lib /usr/lib/gcc/x86_64-linux-gnu/4.7/include-fixed /usr/include/x86_64-linux-gnu /usr/lib /lib/x86_64-linux-gnu /lib/../lib /usr/lib/x86_64-linux-gnu /usr/lib/../lib /lib
    libs=-lpthread -lnsl -ldb -ldl -lm -lcrypt -lutil -lc
    perllibs=-lpthread -lnsl -ldl -lm -lcrypt -lutil -lc
    libc=libc-2.13.so, so=so, useshrplib=false, libperl=libperl.a
    gnulibc_version='2.13'
  Dynamic Linking:
    dlsrc=dl_dlopen.xs, dlext=so, d_dlsymun=undef, ccdlflags='-Wl,-E'
    cccdlflags='-fPIC', lddlflags='-shared -O2 -L/usr/local/lib -fstack-protector'


Characteristics of this binary (from libperl): 
  Compile-time options: HAS_TIMES PERLIO_LAYERS PERL_DONT_CREATE_GVSV
                        PERL_HASH_FUNC_ONE_AT_A_TIME_HARD
                        PERL_NEW_COPY_ON_WRITE PERL_PRESERVE_IVUV
                        PERL_USE_DEVEL USE_64_BIT_ALL USE_64_BIT_INT
                        USE_LARGE_FILES USE_LOCALE USE_LOCALE_COLLATE
                        USE_LOCALE_CTYPE USE_LOCALE_NUMERIC USE_LOCALE_TIME
                        USE_PERLIO USE_PERL_ATOF
  Built under linux
  Compiled at Jan 20 2015 20:35:26
  %ENV:
    PERL5LIB=""
    PERL5OPT=""
    PERL5_CPANPLUS_IS_RUNNING="16540"
    PERL5_CPAN_IS_RUNNING="16540"
    PERL5_CPAN_IS_RUNNING_IN_RECURSION="25538,16540"
    PERLDOC="-MPod::Perldoc::ToTextOverstrike"
    PERL_BATCH="yes"
    PERL_CPAN_REPORTER_CONFIG="/var/tmp/cpansmoker-1001/Z0XYRweKIP_config.ini"
    PERL_EXTUTILS_AUTOINSTALL="--defaultdeps"
    PERL_HTML_DISPLAY_CLASS="HTML::Display::Mozilla"
    PERL_PARALLEL_SMOKER="yes"
  @INC:
    /opt/perl-5.21.8/lib/site_perl/5.21.8/x86_64-linux
    /opt/perl-5.21.8/lib/site_perl/5.21.8
    /opt/perl-5.21.8/lib/5.21.8/x86_64-linux
    /opt/perl-5.21.8/lib/5.21.8
    .