Report for Test-AutoBuild-1.2.4

Back
From: metabase:user:314402c4-2aae-11df-837a-5e0a49663a4f
Subject: FAIL Test-AutoBuild-1.2.4 v5.20.1 FreeBSD
Date: 2015-02-08T09:15:55Z

This distribution has been tested as part of the CPAN Testers
project, supporting the Perl programming language.  See
http://wiki.cpantesters.org/ for more information or email
questions to cpan-testers-discuss@perl.org


--
Dear Daniel P. Berrange,

This is a computer-generated report for Test-AutoBuild-1.2.4
on perl 5.20.1, created by CPAN-Reporter-1.2011.

Thank you for uploading your work to CPAN.  However, there was a problem
testing your distribution.

If you think this report is invalid, please consult the CPAN Testers Wiki
for suggestions on how to avoid getting FAIL reports for missing library
or binary dependencies, unsupported operating systems, and so on:

http://wiki.cpantesters.org/wiki/CPANAuthorNotes

Sections of this report:

    * Tester comments
    * Program output
    * Prerequisites
    * Environment and other context

------------------------------
TESTER COMMENTS
------------------------------

Additional comments from tester:

none provided

------------------------------
PROGRAM OUTPUT
------------------------------

Output from '/usr/bin/make test':

if [ -d "/usr/share/selinux/devel" -a "0" = "1" ] ; then make -C conf/selinux ; fi
PERL_DL_NONLAZY=1 "/usr/perl5.20.1p/bin/perl5.20.1" "-MExtUtils::Command::MM" "-MTest::Harness" "-e" "undef *Test::Harness::Switches; test_harness(0, 'blib/lib', 'blib/arch')" t/*.t

#   Failed test 'POD test for blib/script/auto-build'
#   at /usr/perl5.20.1p/lib/site_perl/5.20.1/Test/Pod.pm line 186.
# blib/script/auto-build (283): Expected text after =item, not a number
# blib/script/auto-build (288): Expected text after =item, not a number
# blib/script/auto-build (293): Expected text after =item, not a number
# blib/script/auto-build (297): Expected text after =item, not a number
# Looks like you failed 1 test of 70.
t/005-pod.t .................... 
Dubious, test returned 1 (wstat 256, 0x100)
Failed 1/70 subtests 
t/008-meta.t ................... ok
t/010-pod-coverage.t ........... skipped: Disable coverage testing until POD is more complete
t/030-Platform.t ............... ok
t/040-Monitor.t ................ ok
t/050-Runtime.t ................ ok
t/060-Result.t ................. ok
t/061-Archive.t ................ ok
t/062-ArchiveManager.t ......... ok
t/063-Archive-File.t ........... ok
t/064-ArchiveManager-File.t .... ok
t/070-Lib.t .................... ok
t/080-PackageType.t ............ ok
t/090-Package.t ................ ok
t/100-Module.t ................. ok
t/105-Module-Archiving.t ....... ok

#   Failed test 'status is success'
#   at t/107-Module-Build.t line 293.
#          got: 'failed'
#     expected: 'success'
# Looks like you failed 1 test of 42.
t/107-Module-Build.t ........... 
Dubious, test returned 1 (wstat 256, 0x100)
Failed 1/42 subtests 
t/110-Repository-Bzr.t ......... ok
t/110-Repository-CVS.t ......... ok
t/110-Repository-Darcs.t ....... ok
t/110-Repository-Disk.t ........ ok
t/110-Repository-Git.t ......... ok
t/110-Repository-GNUArch.t ..... ok
t/110-Repository-Mercurial.t ... ok
t/110-Repository-Monotone.t .... ok
t/110-Repository-Perforce.t .... ok
cannot extract revision metadata from log output 'r2 | dan | 2005-03-03 11:06:40 +0100 (Do, 03. Mär 2005) | 1 Zeile' at /home/cpansand/.cpan/build/Test-AutoBuild-1.2.4-XTGoHJ/blib/lib/Test/AutoBuild/Repository/Subversion.pm line 221.
# Looks like you planned 48 tests but ran 8.
# Looks like your test exited with 29 just after 8.
t/110-Repository-SVN.t ......... 
Dubious, test returned 29 (wstat 7424, 0x1d00)
Failed 40/48 subtests 
t/110-Repository.t ............. ok
t/120-Monitor-Command.t ........ ok
t/120-Monitor-Log4perl.t ....... ok
t/120-Monitor-Pipe.t ........... ok
t/130-Publisher.t .............. ok
t/131-Publisher-Copy.t ......... ok
t/140-Lock.t ................... ok
t/145-Stage.t .................. ok
t/150-Stage-Apt.t .............. ok
t/150-Stage-ArtifactCopier.t ... ok
t/150-Stage-Build.t ............ ok
t/150-Stage-CleanBuildRoots.t .. ok
t/150-Stage-CleanPackages.t .... ok
# Test zero
# Global one
# Global two
# Global three
# Global four
# Global five
# Global six
# Global seven
# Module one
# Module two
# Module three
# Module four
# Module five
# Module six
# Module seven
t/150-Stage-EmailAlert.t ....... ok
t/150-Stage-GetSource.t ........ ok
t/150-Stage-Group.t ............ ok
t/150-Stage-HTMLStatus.t ....... ok
t/150-Stage-ISOBuilder.t ....... ok
t/150-Stage-Iterator.t ......... ok
t/150-Stage-LogCopier.t ........ ok
t/150-Stage-PackageCopier.t .... ok
t/150-Stage-SetNice.t .......... ok
t/150-Stage-Test.t ............. ok
t/200-AutoBuild.t .............. ok

Test Summary Report
-------------------
t/005-pod.t                  (Wstat: 256 Tests: 70 Failed: 1)
  Failed test:  70
  Non-zero exit status: 1
t/107-Module-Build.t         (Wstat: 256 Tests: 42 Failed: 1)
  Failed test:  38
  Non-zero exit status: 1
t/110-Repository-SVN.t       (Wstat: 7424 Tests: 8 Failed: 0)
  Non-zero exit status: 29
  Parse errors: Bad plan.  You planned 48 tests but ran 8.
Files=51, Tests=916, 26 wallclock secs ( 0.25 usr  0.20 sys + 10.59 cusr  5.30 csys = 16.34 CPU)
Result: FAIL
Failed 3/51 test programs. 2/916 subtests failed.
*** Error code 255

Stop.
make: stopped in /home/cpansand/.cpan/build/Test-AutoBuild-1.2.4-XTGoHJ

------------------------------
PREREQUISITES
------------------------------

Prerequisite modules loaded:

requires:

    Module              Need   Have    
    ------------------- ------ --------
    BSD::Resource       1.10   1.2907  
    Carp                0      1.3301  
    Class::MethodMaker  0      2.22    
    Config              0      5.020001
    Config::Record      v1.1.0 1.1.2   
    Cwd                 0      3.48    
    Data::Dumper        0      2.151   
    Date::Manip         0      6.48    
    Digest::MD5         0      2.53    
    Fcntl               0      1.11    
    File::Copy          0      2.30    
    File::Find          0      1.27    
    File::Glob          0      1.23    
    File::Path          0      2.09    
    File::ReadBackwards 0      1.05    
    File::Spec          0      3.48    
    File::stat          0      1.07    
    IO::File            0      1.16    
    IO::Scalar          0      2.110   
    List::Util          0      1.41    
    Log::Log4perl       0      1.46    
    Net::SMTP           2.15   2.33    
    POSIX               0      1.38_03 
    Storable            0      2.49    
    Symbol              0      1.07    
    Sys::Hostname       0      1.18    
    Template            0      2.26    
    Test::More          0      1.001014
    XML::Simple         0      2.20    

build_requires:

    Module              Need   Have    
    ------------------- ------ --------
    ExtUtils::MakeMaker 0      7.04    


------------------------------
ENVIRONMENT AND OTHER CONTEXT
------------------------------

Environment variables:

    DBIC_NO_WARN_BAD_PERL = 1
    LC_ALL = de_DE.ISO8859-1
    PATH = /usr/local/bin:/usr/bin:/bin:/usr/local/sbin:/usr/sbin:/sbin:/home/cpansand/bin/freebsd10.0:/home/cpansand/bin/sh:/home/cpansand/bin:/usr/games:/home/cpansand/devel:/home/eserte/src/srezic-misc/scripts
    PERL5LIB = /home/cpansand/.cpan/build/Config-Record-1.1.2-FchhLe/blib/arch:/home/cpansand/.cpan/build/Config-Record-1.1.2-FchhLe/blib/lib:/home/cpansand/.cpan/build/ObjectDB-3.11-WygTte/blib/arch:/home/cpansand/.cpan/build/ObjectDB-3.11-WygTte/blib/lib:/home/cpansand/.cpan/build/SQL-Composer-0.09-ICRn0l/blib/arch:/home/cpansand/.cpan/build/SQL-Composer-0.09-ICRn0l/blib/lib:/home/cpansand/.cpan/build/POE-Loop-IO_Async-0.004-mBq5Tq/blib/arch:/home/cpansand/.cpan/build/POE-Loop-IO_Async-0.004-mBq5Tq/blib/lib:/home/cpansand/.cpan/build/File-Util-4.132140-nRXcM3/blib/arch:/home/cpansand/.cpan/build/File-Util-4.132140-nRXcM3/blib/lib:/home/cpansand/.cpan/build/String-TT-0.03-6Bohhg/blib/arch:/home/cpansand/.cpan/build/String-TT-0.03-6Bohhg/blib/lib:/home/cpansand/.cpan/build/Test-TableDriven-0.02-1bUnJk/blib/arch:/home/cpansand/.cpan/build/Test-TableDriven-0.02-1bUnJk/blib/lib:/home/cpansand/.cpan/build/Array-Unique-0.08-f85kuM/blib/arch:/home/cpansand/.cpan/build/Array-Unique-0.08-f85kuM/blib/lib:/home/cpansand/.cpan/build/Object-Tiny-1.08-OoV8QJ/blib/arch:/home/cpansand/.cpan/build/Object-Tiny-1.08-OoV8QJ/blib/lib:/home/cpansand/.cpan/build/HTTP-Online-0.02-wrp1nO/blib/arch:/home/cpansand/.cpan/build/HTTP-Online-0.02-wrp1nO/blib/lib
    PERL5OPT = 
    PERL5_CPANPLUS_IS_RUNNING = 12072
    PERL5_CPAN_IS_RUNNING = 12072
    PERL5_CPAN_IS_RUNNING_IN_RECURSION = 20651,12072
    PERLDOC = -MPod::Perldoc::ToTextOverstrike
    PERL_BATCH = yes
    PERL_CPAN_REPORTER_CONFIG = /var/tmp/cpansmoker-1023/XeqzDNc1VT_config.ini
    PERL_EXTUTILS_AUTOINSTALL = --defaultdeps
    PERL_HTML_DISPLAY_CLASS = HTML::Display::Mozilla
    SHELL = /usr/local/bin/zsh
    TERM = screen
    TMPDIR = /var/tmp/cpansmoker-1023

Perl special variables (and OS-specific diagnostics, for MSWin32):

    $^X = /usr/perl5.20.1p/bin/perl5.20.1
    $UID/$EUID = 1023 / 1023
    $GID = 1023 1023
    $EGID = 1023 1023

Perl module toolchain versions installed:

    Module              Have    
    ------------------- --------
    CPAN                2.05    
    CPAN::Meta          2.143240
    Cwd                 3.48    
    ExtUtils::CBuilder  0.280217
    ExtUtils::Command   1.18    
    ExtUtils::Install   1.67    
    ExtUtils::MakeMaker 7.04    
    ExtUtils::Manifest  1.70    
    ExtUtils::ParseXS   3.24    
    File::Spec          3.48    
    JSON                2.90    
    JSON::PP            2.27203 
    Module::Build       0.4211  
    Module::Signature   n/a     
    Parse::CPAN::Meta   1.4414  
    Test::Harness       3.30    
    Test::More          1.001014
    YAML                1.14    
    YAML::Syck          1.29    
    version             0.9909  


--

Summary of my perl5 (revision 5 version 20 subversion 1) configuration:
   
  Platform:
    osname=freebsd, osvers=10.1-release, archname=amd64-freebsd
    uname='freebsd cvrsnica-freebsd-101.herceg.de 10.1-release freebsd 10.1-release #0 r274401: tue nov 11 21:02:49 utc 2014 root@releng1.nyi.freebsd.org:usrobjusrsrcsysgeneric amd64 '
    config_args='-ds -e -Dprefix=/usr/perl5.20.1p'
    hint=recommended, useposix=true, d_sigaction=define
    useithreads=undef, usemultiplicity=undef
    use64bitint=define, use64bitall=define, uselongdouble=undef
    usemymalloc=n, bincompat5005=undef
  Compiler:
    cc='cc', ccflags ='-DHAS_FPSETMASK -DHAS_FLOATINGPOINT_H -fno-strict-aliasing -pipe -fstack-protector -I/usr/local/include',
    optimize='-O',
    cppflags='-DHAS_FPSETMASK -DHAS_FLOATINGPOINT_H -fno-strict-aliasing -pipe -fstack-protector -I/usr/local/include'
    ccversion='', gccversion='4.2.1 Compatible FreeBSD Clang 3.4.1 (tags/RELEASE_34/dot1-final 208032)', gccosandvers=''
    intsize=4, longsize=8, ptrsize=8, doublesize=8, byteorder=12345678
    d_longlong=define, longlongsize=8, d_longdbl=define, longdblsize=16
    ivtype='long', ivsize=8, nvtype='double', nvsize=8, Off_t='off_t', lseeksize=8
    alignbytes=8, prototype=define
  Linker and Libraries:
    ld='cc', ldflags ='-pthread -Wl,-E  -fstack-protector -L/usr/local/lib'
    libpth=/usr/lib /usr/local/lib /usr/include/clang/3.4.1 /usr/lib
    libs=-lm -lcrypt -lutil -lc
    perllibs=-lm -lcrypt -lutil -lc
    libc=, so=so, useshrplib=false, libperl=libperl.a
    gnulibc_version=''
  Dynamic Linking:
    dlsrc=dl_dlopen.xs, dlext=so, d_dlsymun=undef, ccdlflags=' '
    cccdlflags='-DPIC -fPIC', lddlflags='-shared  -L/usr/local/lib -fstack-protector'


Characteristics of this binary (from libperl): 
  Compile-time options: HAS_TIMES PERLIO_LAYERS PERL_DONT_CREATE_GVSV
                        PERL_HASH_FUNC_ONE_AT_A_TIME_HARD PERL_MALLOC_WRAP
                        PERL_NEW_COPY_ON_WRITE PERL_PRESERVE_IVUV
                        USE_64_BIT_ALL USE_64_BIT_INT USE_LARGE_FILES
                        USE_LOCALE USE_LOCALE_COLLATE USE_LOCALE_CTYPE
                        USE_LOCALE_NUMERIC USE_PERLIO USE_PERL_ATOF
  Built under freebsd
  Compiled at Jan 29 2015 08:45:50
  %ENV:
    PERL5LIB="/home/cpansand/.cpan/build/Config-Record-1.1.2-FchhLe/blib/arch:/home/cpansand/.cpan/build/Config-Record-1.1.2-FchhLe/blib/lib:/home/cpansand/.cpan/build/ObjectDB-3.11-WygTte/blib/arch:/home/cpansand/.cpan/build/ObjectDB-3.11-WygTte/blib/lib:/home/cpansand/.cpan/build/SQL-Composer-0.09-ICRn0l/blib/arch:/home/cpansand/.cpan/build/SQL-Composer-0.09-ICRn0l/blib/lib:/home/cpansand/.cpan/build/POE-Loop-IO_Async-0.004-mBq5Tq/blib/arch:/home/cpansand/.cpan/build/POE-Loop-IO_Async-0.004-mBq5Tq/blib/lib:/home/cpansand/.cpan/build/File-Util-4.132140-nRXcM3/blib/arch:/home/cpansand/.cpan/build/File-Util-4.132140-nRXcM3/blib/lib:/home/cpansand/.cpan/build/String-TT-0.03-6Bohhg/blib/arch:/home/cpansand/.cpan/build/String-TT-0.03-6Bohhg/blib/lib:/home/cpansand/.cpan/build/Test-TableDriven-0.02-1bUnJk/blib/arch:/home/cpansand/.cpan/build/Test-TableDriven-0.02-1bUnJk/blib/lib:/home/cpansand/.cpan/build/Array-Unique-0.08-f85kuM/blib/arch:/home/cpansand/.cpan/build/Array-Unique-0.08-f85kuM/blib/lib:/home/cpansand/.cpan/build/Object-Tiny-1.08-OoV8QJ/blib/arch:/home/cpansand/.cpan/build/Object-Tiny-1.08-OoV8QJ/blib/lib:/home/cpansand/.cpan/build/HTTP-Online-0.02-wrp1nO/blib/arch:/home/cpansand/.cpan/build/HTTP-Online-0.02-wrp1nO/blib/lib"
    PERL5OPT=""
    PERL5_CPANPLUS_IS_RUNNING="12072"
    PERL5_CPAN_IS_RUNNING="12072"
    PERL5_CPAN_IS_RUNNING_IN_RECURSION="20651,12072"
    PERLDOC="-MPod::Perldoc::ToTextOverstrike"
    PERL_BATCH="yes"
    PERL_CPAN_REPORTER_CONFIG="/var/tmp/cpansmoker-1023/XeqzDNc1VT_config.ini"
    PERL_EXTUTILS_AUTOINSTALL="--defaultdeps"
    PERL_HTML_DISPLAY_CLASS="HTML::Display::Mozilla"
  @INC:
    /home/cpansand/.cpan/build/Config-Record-1.1.2-FchhLe/blib/arch
    /home/cpansand/.cpan/build/Config-Record-1.1.2-FchhLe/blib/lib
    /home/cpansand/.cpan/build/ObjectDB-3.11-WygTte/blib/arch
    /home/cpansand/.cpan/build/ObjectDB-3.11-WygTte/blib/lib
    /home/cpansand/.cpan/build/SQL-Composer-0.09-ICRn0l/blib/arch
    /home/cpansand/.cpan/build/SQL-Composer-0.09-ICRn0l/blib/lib
    /home/cpansand/.cpan/build/POE-Loop-IO_Async-0.004-mBq5Tq/blib/arch
    /home/cpansand/.cpan/build/POE-Loop-IO_Async-0.004-mBq5Tq/blib/lib
    /home/cpansand/.cpan/build/File-Util-4.132140-nRXcM3/blib/arch
    /home/cpansand/.cpan/build/File-Util-4.132140-nRXcM3/blib/lib
    /home/cpansand/.cpan/build/String-TT-0.03-6Bohhg/blib/arch
    /home/cpansand/.cpan/build/String-TT-0.03-6Bohhg/blib/lib
    /home/cpansand/.cpan/build/Test-TableDriven-0.02-1bUnJk/blib/arch
    /home/cpansand/.cpan/build/Test-TableDriven-0.02-1bUnJk/blib/lib
    /home/cpansand/.cpan/build/Array-Unique-0.08-f85kuM/blib/arch
    /home/cpansand/.cpan/build/Array-Unique-0.08-f85kuM/blib/lib
    /home/cpansand/.cpan/build/Object-Tiny-1.08-OoV8QJ/blib/arch
    /home/cpansand/.cpan/build/Object-Tiny-1.08-OoV8QJ/blib/lib
    /home/cpansand/.cpan/build/HTTP-Online-0.02-wrp1nO/blib/arch
    /home/cpansand/.cpan/build/HTTP-Online-0.02-wrp1nO/blib/lib
    /usr/perl5.20.1p/lib/site_perl/5.20.1/amd64-freebsd
    /usr/perl5.20.1p/lib/site_perl/5.20.1
    /usr/perl5.20.1p/lib/5.20.1/amd64-freebsd
    /usr/perl5.20.1p/lib/5.20.1
    .