libservlet v0.9.2 Perl 5 v5.8.9 x86_64-linux
- Status
- Fail
- From
- Andreas J. König (ANDK)
- Dist
-
libservlet v0.9.2
- Platform
- Perl 5 v5.8.9 x86_64-linux
- Date
- 2017-11-25 10:19:15
- ID
- 16f2353c-d1ca-11e7-b4d2-cdf2026af31d
This distribution has been tested as part of the CPAN Testers
project, supporting the Perl programming language. See
http://wiki.cpantesters.org/ for more information or email
questions to cpan-testers-discuss@perl.org
--
Dear Brian Moseley,
This is a computer-generated report for libservlet-0.9.2
on perl 5.8.9, created by CPAN-Reporter-1.2018.
Thank you for uploading your work to CPAN. However, there was a problem
testing your distribution.
If you think this report is invalid, please consult the CPAN Testers Wiki
for suggestions on how to avoid getting FAIL reports for missing library
or binary dependencies, unsupported operating systems, and so on:
http://wiki.cpantesters.org/wiki/CPANAuthorNotes
Sections of this report:
* Tester comments
* Program output
* Prerequisites
* Environment and other context
------------------------------
TESTER COMMENTS
------------------------------
Additional comments from tester:
this report is from an automated smoke testing program
and was not reviewed by a human for accuracy
------------------------------
PROGRAM OUTPUT
------------------------------
Output from '/usr/bin/make test':
PERL_DL_NONLAZY=1 "/home/sand/src/perl/repoperls/installed-perls/host/k93msid/perl-5.8.9/89ad/bin/perl" "-MExtUtils::Command::MM" "-MTest::Harness" "-e" "undef *Test::Harness::Switches; test_harness(0, 'blib/lib', 'blib/arch')" t/*.t
t/core_event.t ............. ok
Can't locate object method "do_trace" via package "Servlet::Util::Exception" at /tmp/loop_over_bdir-2687-B7AhaH/libservlet-0.9.2-0/blib/lib/Servlet/Util/Exception.pm line 15.
Compilation failed in require at /home/sand/src/perl/repoperls/installed-perls/host/k93msid/perl-5.8.9/89ad/lib/5.8.9/base.pm line 100.
...propagated at /home/sand/src/perl/repoperls/installed-perls/host/k93msid/perl-5.8.9/89ad/lib/5.8.9/base.pm line 109.
BEGIN failed--compilation aborted at /tmp/loop_over_bdir-2687-B7AhaH/libservlet-0.9.2-0/blib/lib/Servlet/ServletException.pm line 5.
Compilation failed in require at t/core_exception.t line 10.
BEGIN failed--compilation aborted at t/core_exception.t line 10.
t/core_exception.t .........
Dubious, test returned 9 (wstat 2304, 0x900)
Failed 25/25 subtests
t/core_request_wrapper.t ... ok
t/core_response_wrapper.t .. ok
Can't locate object method "do_trace" via package "Servlet::Util::Exception" at /tmp/loop_over_bdir-2687-B7AhaH/libservlet-0.9.2-0/blib/lib/Servlet/Util/Exception.pm line 15.
Compilation failed in require at t/core_servlet.t line 16.
BEGIN failed--compilation aborted at t/core_servlet.t line 16.
t/core_servlet.t ...........
Dubious, test returned 9 (wstat 2304, 0x900)
Failed 10/10 subtests
Can't locate object method "do_trace" via package "Servlet::Util::Exception" at /tmp/loop_over_bdir-2687-B7AhaH/libservlet-0.9.2-0/blib/lib/Servlet/Util/Exception.pm line 15.
Compilation failed in require at /tmp/loop_over_bdir-2687-B7AhaH/libservlet-0.9.2-0/blib/lib/Servlet/Http/Cookie.pm line 9.
BEGIN failed--compilation aborted at /tmp/loop_over_bdir-2687-B7AhaH/libservlet-0.9.2-0/blib/lib/Servlet/Http/Cookie.pm line 9.
Compilation failed in require at t/http_cookie.t line 11.
BEGIN failed--compilation aborted at t/http_cookie.t line 11.
t/http_cookie.t ............
Dubious, test returned 9 (wstat 2304, 0x900)
Failed 21/21 subtests
t/http_event.t ............. ok
t/http_request_wrapper.t ... ok
t/http_response_wrapper.t .. ok
Can't locate object method "do_trace" via package "Servlet::Util::Exception" at /tmp/loop_over_bdir-2687-B7AhaH/libservlet-0.9.2-0/blib/lib/Servlet/Util/Exception.pm line 15.
Compilation failed in require at /home/sand/src/perl/repoperls/installed-perls/host/k93msid/perl-5.8.9/89ad/lib/5.8.9/base.pm line 100.
...propagated at /home/sand/src/perl/repoperls/installed-perls/host/k93msid/perl-5.8.9/89ad/lib/5.8.9/base.pm line 109.
BEGIN failed--compilation aborted at /tmp/loop_over_bdir-2687-B7AhaH/libservlet-0.9.2-0/blib/lib/Servlet/ServletException.pm line 5.
Compilation failed in require at /tmp/loop_over_bdir-2687-B7AhaH/libservlet-0.9.2-0/blib/lib/Servlet/Http/HttpServlet.pm line 9.
BEGIN failed--compilation aborted at /tmp/loop_over_bdir-2687-B7AhaH/libservlet-0.9.2-0/blib/lib/Servlet/Http/HttpServlet.pm line 9.
Compilation failed in require at t/http_servlet.t line 11.
BEGIN failed--compilation aborted at t/http_servlet.t line 11.
t/http_servlet.t ...........
Dubious, test returned 9 (wstat 2304, 0x900)
Failed 25/25 subtests
Test Summary Report
-------------------
t/core_exception.t (Wstat: 2304 Tests: 0 Failed: 0)
Non-zero exit status: 9
Parse errors: Bad plan. You planned 25 tests but ran 0.
t/core_servlet.t (Wstat: 2304 Tests: 0 Failed: 0)
Non-zero exit status: 9
Parse errors: Bad plan. You planned 10 tests but ran 0.
t/http_cookie.t (Wstat: 2304 Tests: 0 Failed: 0)
Non-zero exit status: 9
Parse errors: Bad plan. You planned 21 tests but ran 0.
t/http_servlet.t (Wstat: 2304 Tests: 0 Failed: 0)
Non-zero exit status: 9
Parse errors: Bad plan. You planned 25 tests but ran 0.
Files=10, Tests=156, 2 wallclock secs ( 0.03 usr 0.05 sys + 0.15 cusr 0.05 csys = 0.28 CPU)
Result: FAIL
Failed 4/10 test programs. 0/156 subtests failed.
Makefile:993: recipe for target 'test_dynamic' failed
make: *** [test_dynamic] Error 9
------------------------------
PREREQUISITES
------------------------------
Prerequisite modules loaded:
requires:
Module Need Have
------------------- ---- ----
Exception::Class 0 1.43
IO::Handle 0 1.28
build_requires:
Module Need Have
------------------- ---- ----
ExtUtils::MakeMaker 0 7.30
------------------------------
ENVIRONMENT AND OTHER CONTEXT
------------------------------
Environment variables:
AUTOMATED_TESTING = 1
LANG = en_US.UTF-8
PATH = /home/sand/bin:/usr/local/bin:/usr/bin:/bin:/usr/games:/usr/local/perl/bin:/usr/X11/bin:/sbin:/usr/sbin
PERL5LIB =
PERL5OPT =
PERL5_CPANPLUS_IS_RUNNING = 2702
PERL5_CPAN_IS_RUNNING = 2702
PERL5_CPAN_IS_RUNNING_IN_RECURSION = 1978,2702
PERL_CANARY_STABILITY_NOPROMPT = 1
PERL_MM_USE_DEFAULT = 1
PERL_USE_UNSAFE_INC = 1
SHELL = /usr/bin/zsh
TERM = screen
Perl special variables (and OS-specific diagnostics, for MSWin32):
$^X = /home/sand/src/perl/repoperls/installed-perls/host/k93msid/perl-5.8.9/89ad/bin/perl
$UID/$EUID = 1005 / 1005
$GID = 1005 1005
$EGID = 1005 1005
Perl module toolchain versions installed:
Module Have
------------------- --------
CPAN 2.19
CPAN::Meta 2.150010
Cwd 3.62
ExtUtils::CBuilder 0.280230
ExtUtils::Command 7.30
ExtUtils::Install 2.06
ExtUtils::MakeMaker 7.30
ExtUtils::Manifest 1.70
ExtUtils::ParseXS 3.35
File::Spec 3.62
JSON 2.94
JSON::PP 2.94
Module::Build 0.4224
Module::Signature 0.81
Parse::CPAN::Meta 2.150010
Test::Harness 3.39
Test::More 1.302115
YAML 1.24
YAML::Syck 1.30
version 0.9918
--
Summary of my perl5 (revision 5 version 8 subversion 9) configuration:
Platform:
osname=linux, osvers=4.12.0-2-amd64, archname=x86_64-linux
uname='linux k93msid 4.12.0-2-amd64 #1 smp debian 4.12.13-1 (2017-09-19) x86_64 gnulinux '
config_args='-Dprefix=/home/sand/src/perl/repoperls/installed-perls/host/k93msid/perl-5.8.9/89ad -Dmyhostname=k93msid -Dinstallusrbinperl=n -Uversiononly -Dusedevel -des -Ui_db -Dlibswanted=cl pthread socket inet nsl gdbm dbm malloc dl ld sun m crypt sec util c cposix posix ucb BSD gdbm_compat -Uuseithreads -Uuselongdouble -DDEBUGGING=-g'
hint=recommended, useposix=true, d_sigaction=define
usethreads=undef use5005threads=undef useithreads=undef usemultiplicity=undef
useperlio=define d_sfio=undef uselargefiles=define usesocks=undef
use64bitint=define use64bitall=define uselongdouble=undef
usemymalloc=n, bincompat5005=undef
Compiler:
cc='cc', ccflags ='-fno-strict-aliasing -pipe -I/usr/local/include -D_LARGEFILE_SOURCE -D_FILE_OFFSET_BITS=64',
optimize='-O2 -g',
cppflags='-fno-strict-aliasing -pipe -I/usr/local/include'
ccversion='', gccversion='7.2.0', gccosandvers=''
intsize=4, longsize=8, ptrsize=8, doublesize=8, byteorder=12345678
d_longlong=define, longlongsize=8, d_longdbl=define, longdblsize=16
ivtype='long', ivsize=8, nvtype='double', nvsize=8, Off_t='off_t', lseeksize=8
alignbytes=8, prototype=define
Linker and Libraries:
ld='cc', ldflags =' -L/usr/local/lib'
libpth=/usr/local/lib /lib/x86_64-linux-gnu /lib/../lib /usr/lib/x86_64-linux-gnu /usr/lib/../lib /lib /usr/lib
libs=-lpthread -lnsl -ldl -lm -lcrypt -lutil -lc
perllibs=-lpthread -lnsl -ldl -lm -lcrypt -lutil -lc
libc=libc-2.24.so, so=so, useshrplib=false, libperl=libperl.a
gnulibc_version='2.24'
Dynamic Linking:
dlsrc=dl_dlopen.xs, dlext=so, d_dlsymun=undef, ccdlflags='-Wl,-E'
cccdlflags='-fPIC', lddlflags='-shared -O2 -g -L/usr/local/lib'
Characteristics of this binary (from libperl):
Compile-time options: PERL_MALLOC_WRAP USE_64_BIT_ALL USE_64_BIT_INT
USE_FAST_STDIO USE_LARGE_FILES USE_PERLIO
Built under linux
Compiled at Oct 3 2017 21:29:46
%ENV:
PERL5LIB=""
PERL5OPT=""
PERL5_CPANPLUS_IS_RUNNING="2702"
PERL5_CPAN_IS_RUNNING="2702"
PERL5_CPAN_IS_RUNNING_IN_RECURSION="1978,2702"
PERL_CANARY_STABILITY_NOPROMPT="1"
PERL_MM_USE_DEFAULT="1"
PERL_USE_UNSAFE_INC="1"
@INC:
/home/sand/src/perl/repoperls/installed-perls/host/k93msid/perl-5.8.9/89ad/lib/5.8.9/x86_64-linux
/home/sand/src/perl/repoperls/installed-perls/host/k93msid/perl-5.8.9/89ad/lib/5.8.9
/home/sand/src/perl/repoperls/installed-perls/host/k93msid/perl-5.8.9/89ad/lib/site_perl/5.8.9/x86_64-linux
/home/sand/src/perl/repoperls/installed-perls/host/k93msid/perl-5.8.9/89ad/lib/site_perl/5.8.9
.