Report for Data-Domain-Net-1.100840

Back
From: metabase:user:9820532a-708b-1014-9a05-b18a96298da1
Subject: FAIL Data-Domain-Net-1.100840 v5.15.5 GNU/Linux
Date: 2011-12-10T12:40:06Z

This distribution has been tested as part of the CPAN Testers
project, supporting the Perl programming language.  See
http://wiki.cpantesters.org/ for more information or email
questions to cpan-testers-discuss@perl.org


--
Dear Marcel Gruenauer,

This is a computer-generated report for Data-Domain-Net-1.100840
on perl 5.15.5, created by CPAN-Reporter-1.2003.

Thank you for uploading your work to CPAN.  However, there was a problem
testing your distribution.

If you think this report is invalid, please consult the CPAN Testers Wiki
for suggestions on how to avoid getting FAIL reports for missing library
or binary dependencies, unsupported operating systems, and so on:

http://wiki.cpantesters.org/wiki/CPANAuthorNotes

Sections of this report:

    * Tester comments
    * Program output
    * Prerequisites
    * Environment and other context

------------------------------
TESTER COMMENTS
------------------------------

Additional comments from tester:

this report is from an automated smoke testing program
and was not reviewed by a human for accuracy

------------------------------
PROGRAM OUTPUT
------------------------------

Output from '/usr/bin/make test':

PERL_DL_NONLAZY=1 /home/bri/perl5/perlbrew/perls/perl-5.15.5-th/bin/perl5.15.5 "-MExtUtils::Command::MM" "-e" "test_harness(0, 'blib/lib', 'blib/arch')" t/*.t
t/00-compile.t ............... ok
# Testing with Perl 5.015005, /home/bri/perl5/perlbrew/perls/perl-5.15.5-th/bin/perl5.15.5
#     Carp version is 1.23
#     Data::Domain::SemanticAdapter version is 1.100840
#     Data::Domain::SemanticAdapter::Test version is 1.100840
#     Data::Semantic::Net::IPAddress::TestData::IPv4 version is 1.101760
#     Data::Semantic::Net::IPAddress::TestData::IPv6 version is 1.101760
#     English version is 1.04
#     Exporter version is 5.65
#     ExtUtils::MakeMaker version is 6.6302
#     File::Find version is 1.20
#     File::Temp version is 0.22
#     Scalar::Util version is 1.2303
#     Test::CompanionClasses version is 1.101370
#     Test::More version is 0.98
#     constant version is 1.23
#     parent version is 0.225
t/000-report-versions.t ...... ok
Can't locate object method "normalize" via package "Data::Domain::Net::IPAddress::IPv6" at /home/bri/perl5/perlbrew/perls/perl-5.15.5-th/lib/site_perl/5.15.5/Data/Semantic/Test.pm line 44.
    # Child (Data::Domain::Net::IPAddress::IPv6_TEST) exited without calling finalize()

#   Failed test 'Data::Domain::Net::IPAddress::IPv6_TEST'
#   at /home/bri/perl5/perlbrew/perls/perl-5.15.5-th/lib/5.15.5/Test/Builder.pm line 252.
# Looks like you planned 2 tests but ran 1.
# Looks like you failed 1 test of 1 run.
# Looks like your test exited with 255 just after 1.
t/01_companion_classes.t ..... 
Dubious, test returned 255 (wstat 65280, 0xff00)
Failed 2/2 subtests 
t/author-critic.t ............ skipped: these tests are for testing by the author
t/release-check-changes.t .... skipped: these tests are for release candidate testing
t/release-dist-manifest.t .... skipped: these tests are for release candidate testing
t/release-has-version.t ...... skipped: these tests are for release candidate testing
t/release-kwalitee.t ......... skipped: these tests are for release candidate testing
t/release-meta-yaml.t ........ skipped: these tests are for release candidate testing
t/release-minimum-version.t .. skipped: these tests are for release candidate testing
t/release-pod-coverage.t ..... skipped: these tests are for release candidate testing
t/release-pod-spell.t ........ skipped: these tests are for release candidate testing
t/release-pod-syntax.t ....... skipped: these tests are for release candidate testing
t/release-portability.t ...... skipped: these tests are for release candidate testing
t/release-synopsis.t ......... skipped: these tests are for release candidate testing

Test Summary Report
-------------------
t/01_companion_classes.t   (Wstat: 65280 Tests: 1 Failed: 1)
  Failed test:  1
  Non-zero exit status: 255
  Parse errors: Bad plan.  You planned 2 tests but ran 1.
Files=15, Tests=22,  2 wallclock secs ( 0.08 usr  0.01 sys +  1.31 cusr  0.16 csys =  1.56 CPU)
Result: FAIL
Failed 1/15 test programs. 1/22 subtests failed.
make: *** [test_dynamic] Error 255

------------------------------
PREREQUISITES
------------------------------

Prerequisite modules loaded:

requires:

    Module                                         Need Have    
    ---------------------------------------------- ---- --------
    Carp                                           0    1.23    
    constant                                       0    1.23    
    Data::Domain::SemanticAdapter                  0    1.100840
    Data::Domain::SemanticAdapter::Test            0    1.100840
    Data::Semantic::Net::IPAddress::TestData::IPv4 0    1.101760
    Data::Semantic::Net::IPAddress::TestData::IPv6 0    1.101760
    English                                        0    1.04    
    Exporter                                       0    5.65    
    File::Find                                     0    1.20    
    File::Temp                                     0    0.22    
    parent                                         0    0.225   
    Scalar::Util                                   0    1.23_03 
    Test::CompanionClasses                         0    1.101370
    Test::More                                     0.88 0.98    

configure_requires:

    Module                                         Need Have    
    ---------------------------------------------- ---- --------
    ExtUtils::MakeMaker                            6.11 6.63_02 


------------------------------
ENVIRONMENT AND OTHER CONTEXT
------------------------------

Environment variables:

    AUTOMATED_TESTING = 1
    LANG = C
    LANGUAGE = en_GB:en
    LC_ALL = C
    PATH = /home/bri/bin:/home/bri/perl5/perlbrew/bin:/home/bri/perl5/perlbrew/perls/perl-5.15.5-th/bin:~/bin:/usr/local/sbin:/usr/local/bin:/usr/sbin:/usr/bin:/sbin:/bin:/usr/games
    PATH_WITHOUT_PERLBREW = ~/bin:/usr/local/sbin:/usr/local/bin:/usr/sbin:/usr/bin:/sbin:/bin:/usr/games
    PERL5LIB = 
    PERL5OPT = 
    PERL5_CPANPLUS_IS_RUNNING = 18407
    PERL5_CPAN_IS_RUNNING = 18407
    PERL5_CPAN_IS_RUNNING_IN_RECURSION = 2108,18407
    PERLBREW_BASHRC_VERSION = 0.33
    PERLBREW_HOME = /home/bri/.perlbrew
    PERLBREW_PATH = /home/bri/perl5/perlbrew/bin:/home/bri/perl5/perlbrew/perls/perl-5.15.5-th/bin
    PERLBREW_PERL = perl-5.15.5-th
    PERLBREW_ROOT = /home/bri/perl5/perlbrew
    PERLBREW_VERSION = 0.33
    PERL_CPANM_OPT = --prompt --mirror http://172.16.1.3/cpan/
    PERL_CR_SMOKER_CURRENT = Data-Domain-Net-1.100840
    PERL_EXTUTILS_AUTOINSTALL = --defaultdeps
    PERL_MM_USE_DEFAULT = 1
    SHELL = /bin/bash
    TERM = linux

Perl special variables (and OS-specific diagnostics, for MSWin32):

    $^X = /home/bri/perl5/perlbrew/perls/perl-5.15.5-th/bin/perl5.15.5
    $UID/$EUID = 1000 / 1000
    $GID = 1000 4 20 24 46 112 120 122 1000
    $EGID = 1000 4 20 24 46 112 120 122 1000

Perl module toolchain versions installed:

    Module              Have    
    ------------------- --------
    CPAN                1.9800  
    CPAN::Meta          2.112621
    Cwd                 3.33    
    ExtUtils::CBuilder  0.280202
    ExtUtils::Command   1.17    
    ExtUtils::Install   1.57    
    ExtUtils::MakeMaker 6.63_02 
    ExtUtils::Manifest  1.60    
    ExtUtils::ParseXS   3.07    
    File::Spec          3.33    
    JSON                2.53    
    JSON::PP            2.27008 
    Module::Build       0.3800  
    Module::Signature   n/a     
    Parse::CPAN::Meta   1.4401  
    Test::Harness       3.23    
    Test::More          0.98    
    YAML                0.73    
    YAML::Syck          1.19    
    version             0.95    


--

Summary of my perl5 (revision 5 version 15 subversion 5) configuration:
   
  Platform:
    osname=linux, osvers=2.6.38-11-generic, archname=i686-linux-thread-multi
    uname='linux lappy 2.6.38-11-generic #48-ubuntu smp fri jul 29 19:05:14 utc 2011 i686 i686 i386 gnulinux '
    config_args='-de -Dprefix=/home/bri/perl5/perlbrew/perls/perl-5.15.5-th -Dusethreads -Dusedevel'
    hint=recommended, useposix=true, d_sigaction=define
    useithreads=define, usemultiplicity=define
    useperlio=define, d_sfio=undef, uselargefiles=define, usesocks=undef
    use64bitint=undef, use64bitall=undef, uselongdouble=undef
    usemymalloc=n, bincompat5005=undef
  Compiler:
    cc='cc', ccflags ='-D_REENTRANT -D_GNU_SOURCE -fno-strict-aliasing -pipe -fstack-protector -I/usr/local/include -D_LARGEFILE_SOURCE -D_FILE_OFFSET_BITS=64',
    optimize='-O2',
    cppflags='-D_REENTRANT -D_GNU_SOURCE -fno-strict-aliasing -pipe -fstack-protector -I/usr/local/include'
    ccversion='', gccversion='4.5.2', gccosandvers=''
    intsize=4, longsize=4, ptrsize=4, doublesize=8, byteorder=1234
    d_longlong=define, longlongsize=8, d_longdbl=define, longdblsize=12
    ivtype='long', ivsize=4, nvtype='double', nvsize=8, Off_t='off_t', lseeksize=8
    alignbytes=4, prototype=define
  Linker and Libraries:
    ld='cc', ldflags =' -fstack-protector -L/usr/local/lib'
    libpth=/usr/local/lib /lib /usr/lib /usr/lib/i386-linux-gnu /usr/lib64
    libs=-lnsl -ldl -lm -lcrypt -lutil -lpthread -lc
    perllibs=-lnsl -ldl -lm -lcrypt -lutil -lpthread -lc
    libc=, so=so, useshrplib=false, libperl=libperl.a
    gnulibc_version='2.13'
  Dynamic Linking:
    dlsrc=dl_dlopen.xs, dlext=so, d_dlsymun=undef, ccdlflags='-Wl,-E'
    cccdlflags='-fPIC', lddlflags='-shared -O2 -L/usr/local/lib -fstack-protector'


Characteristics of this binary (from libperl): 
  Compile-time options: HAS_TIMES MULTIPLICITY PERLIO_LAYERS
                        PERL_DONT_CREATE_GVSV PERL_IMPLICIT_CONTEXT
                        PERL_MALLOC_WRAP PERL_PRESERVE_IVUV PERL_USE_DEVEL
                        USE_ITHREADS USE_LARGE_FILES USE_LOCALE
                        USE_LOCALE_COLLATE USE_LOCALE_CTYPE
                        USE_LOCALE_NUMERIC USE_PERLIO USE_PERL_ATOF
                        USE_REENTRANT_API
  Built under linux
  Compiled at Dec  5 2011 21:58:55
  %ENV:
    PERL5LIB=""
    PERL5OPT=""
    PERL5_CPANPLUS_IS_RUNNING="18407"
    PERL5_CPAN_IS_RUNNING="18407"
    PERL5_CPAN_IS_RUNNING_IN_RECURSION="2108,18407"
    PERLBREW_BASHRC_VERSION="0.33"
    PERLBREW_HOME="/home/bri/.perlbrew"
    PERLBREW_PATH="/home/bri/perl5/perlbrew/bin:/home/bri/perl5/perlbrew/perls/perl-5.15.5-th/bin"
    PERLBREW_PERL="perl-5.15.5-th"
    PERLBREW_ROOT="/home/bri/perl5/perlbrew"
    PERLBREW_VERSION="0.33"
    PERL_CPANM_OPT="--prompt --mirror http://172.16.1.3/cpan/"
    PERL_CR_SMOKER_CURRENT="Data-Domain-Net-1.100840"
    PERL_EXTUTILS_AUTOINSTALL="--defaultdeps"
    PERL_MM_USE_DEFAULT="1"
  @INC:
    /home/bri/perl5/perlbrew/perls/perl-5.15.5-th/lib/site_perl/5.15.5/i686-linux-thread-multi
    /home/bri/perl5/perlbrew/perls/perl-5.15.5-th/lib/site_perl/5.15.5
    /home/bri/perl5/perlbrew/perls/perl-5.15.5-th/lib/5.15.5/i686-linux-thread-multi
    /home/bri/perl5/perlbrew/perls/perl-5.15.5-th/lib/5.15.5
    .