Report for XML-RSS-Feed-2.32

Back
From: metabase:user:320bfe00-2aae-11df-837a-5e0a49663a4f
Subject: FAIL XML-RSS-Feed-2.32 v5.17.12 GNU/Linux
Date: 2013-04-27T18:55:55Z

This distribution has been tested as part of the CPAN Testers
project, supporting the Perl programming language.  See
http://wiki.cpantesters.org/ for more information or email
questions to cpan-testers-discuss@perl.org


--
Dear Jeff Bisbee,

This is a computer-generated report for XML-RSS-Feed-2.32
on perl 5.17.12, created by CPAN-Reporter-1.2010.

Thank you for uploading your work to CPAN.  However, there was a problem
testing your distribution.

If you think this report is invalid, please consult the CPAN Testers Wiki
for suggestions on how to avoid getting FAIL reports for missing library
or binary dependencies, unsupported operating systems, and so on:

http://wiki.cpantesters.org/wiki/CPANAuthorNotes

Sections of this report:

    * Tester comments
    * Program output
    * Prerequisites
    * Environment and other context

------------------------------
TESTER COMMENTS
------------------------------

Additional comments from tester:

this report is from an automated smoke testing program
and was not reviewed by a human for accuracy

------------------------------
PROGRAM OUTPUT
------------------------------

Output from '/usr/bin/make test':

PERL_DL_NONLAZY=1 /tmp/basesmoker-reloperl-owln/bin/perl "-MExtUtils::Command::MM" "-e" "test_harness(0, 'blib/lib', 'blib/arch')" t/*.t
t/001_load.t .................... ok
t/002_parse.t ................... ok
t/003_process.t ................. ok
t/004_process_items.t ........... ok
t/005_create_headline.t ......... ok
t/006_first_seen.t .............. ok
t/007_fetch_feed.t .............. ok
t/008_store_retrieve.t .......... ok
t/009_max_headlines.t ........... ok
XML::RSS::Feed::failed_to_fetch has been deprecated at t/010_deprecated_methods.t line 14.
Use of uninitialized value $got in string eq at (eval in cmp_ok) t/010_deprecated_methods.t line 14.
XML::RSS::Feed::failed_to_parse has been deprecated at t/010_deprecated_methods.t line 16.
Use of uninitialized value $got in string eq at (eval in cmp_ok) t/010_deprecated_methods.t line 16.
t/010_deprecated_methods.t ...... ok

#   Failed test 'POD test for blib/lib/XML/RSS/Feed.pm'
#   at /home/src/perl/repoperls/installed-perls/perl/v5.17.11-29-g8b3945e/9980/lib/site_perl/5.17.12/Test/Pod.pm line 186.
# blib/lib/XML/RSS/Feed.pm (677): Non-ASCII character seen before =encoding in 'Fürstenberg'. Assuming UTF-8
# Looks like you failed 1 test of 5.
t/011_pod.t ..................... 
Dubious, test returned 1 (wstat 256, 0x100)
Failed 1/5 subtests 
t/012_pod_coverage.t ............ ok
t/013_legacy.t .................. ok
t/014_last_updated.t ............ ok
t/015_feed_exceptions.t ......... ok
t/016_title_from_description.t .. ok
t/017_perljobs.t ................ ok
t/018_debug.t ................... ok
t/019_fark.t .................... ok
t/020_useperljournals.t ......... ok

Test Summary Report
-------------------
t/011_pod.t                   (Wstat: 256 Tests: 5 Failed: 1)
  Failed test:  2
  Non-zero exit status: 1
Files=20, Tests=566,  3 wallclock secs ( 0.08 usr  0.02 sys +  2.59 cusr  0.23 csys =  2.92 CPU)
Result: FAIL
Failed 1/20 test programs. 1/566 subtests failed.
make: *** [test_dynamic] Error 255

------------------------------
PREREQUISITES
------------------------------

Prerequisite modules loaded:

requires:

    Module              Need Have  
    ------------------- ---- ------
    Carp                0    1.28  
    Clone               0    0.34  
    Digest::MD5         0    2.52  
    Encode              0    2.50  
    HTML::Entities      0    3.69  
    Storable            0    2.41  
    Test::More          0    0.98  
    Time::HiRes         0    1.9725
    URI                 0    1.60  
    URI::Escape         0    3.31  
    XML::RSS            0    1.50  

build_requires:

    Module              Need Have  
    ------------------- ---- ------
    ExtUtils::MakeMaker 0    6.66  


------------------------------
ENVIRONMENT AND OTHER CONTEXT
------------------------------

Environment variables:

    AUTOMATED_TESTING = 1
    LANG = en_US.UTF-8
    LANGUAGE = en_US:en
    PATH = /usr/lib/ccache:/home/sand/bin:/usr/local/bin:/usr/bin:/bin:/usr/bin/X11:/usr/games:/usr/local/perl/bin:/usr/X11/bin:/sbin:/usr/sbin
    PERL5LIB = /tmp/loop_over_bdir-29618-snjref/Helios-2.60-ZJVOuS/blib/arch:/tmp/loop_over_bdir-29618-snjref/Helios-2.60-ZJVOuS/blib/lib:/tmp/loop_over_bdir-29618-snjref/Encode-IBM-0.11-5F4LV7/blib/arch:/tmp/loop_over_bdir-29618-snjref/Encode-IBM-0.11-5F4LV7/blib/lib
    PERL5OPT = 
    PERL5_CPANPLUS_IS_RUNNING = 4827
    PERL5_CPAN_IS_RUNNING = 4827
    PERL_MM_USE_DEFAULT = 1
    SHELL = /usr/bin/zsh
    TERM = screen

Perl special variables (and OS-specific diagnostics, for MSWin32):

    $^X = /tmp/basesmoker-reloperl-owln/bin/perl
    $UID/$EUID = 1005 / 1005
    $GID = 1005 1005
    $EGID = 1005 1005

Perl module toolchain versions installed:

    Module              Have    
    ------------------- --------
    CPAN                2.00    
    CPAN::Meta          2.130880
    Cwd                 3.40    
    ExtUtils::CBuilder  0.280210
    ExtUtils::Command   1.17    
    ExtUtils::Install   1.59    
    ExtUtils::MakeMaker 6.66    
    ExtUtils::Manifest  1.63    
    ExtUtils::ParseXS   3.18    
    File::Spec          3.40    
    JSON                2.57    
    JSON::PP            2.27202 
    Module::Build       0.4005  
    Module::Signature   0.70    
    Parse::CPAN::Meta   1.4404  
    Test::Harness       3.26    
    Test::More          0.98    
    YAML                0.84    
    YAML::Syck          1.25    
    version             0.9902  


--

Summary of my perl5 (revision 5 version 17 subversion 12) configuration:
  Commit id: 8b3945e7b7b7ae6fd2369864ebe169bd9a91cf4e
  Platform:
    osname=linux, osvers=3.2.0-4-amd64, archname=x86_64-linux-thread-multi
    uname='linux k83 3.2.0-4-amd64 #1 smp debian 3.2.41-2 x86_64 gnulinux '
    config_args='-Dprefix=/home/src/perl/repoperls/installed-perls/perl/v5.17.11-29-g8b3945e/9980 -Dmyhostname=k83 -Dinstallusrbinperl=n -Uversiononly -Dusedevel -des -Ui_db -Duseithreads -Uuselongdouble -DDEBUGGING=-g'
    hint=recommended, useposix=true, d_sigaction=define
    useithreads=define, usemultiplicity=define
    useperlio=define, d_sfio=undef, uselargefiles=define, usesocks=undef
    use64bitint=define, use64bitall=define, uselongdouble=undef
    usemymalloc=n, bincompat5005=undef
  Compiler:
    cc='cc', ccflags ='-D_REENTRANT -D_GNU_SOURCE -fno-strict-aliasing -pipe -fstack-protector -I/usr/local/include -D_LARGEFILE_SOURCE -D_FILE_OFFSET_BITS=64',
    optimize='-O2 -g',
    cppflags='-D_REENTRANT -D_GNU_SOURCE -fno-strict-aliasing -pipe -fstack-protector -I/usr/local/include'
    ccversion='', gccversion='4.7.2', gccosandvers=''
    intsize=4, longsize=8, ptrsize=8, doublesize=8, byteorder=12345678
    d_longlong=define, longlongsize=8, d_longdbl=define, longdblsize=16
    ivtype='long', ivsize=8, nvtype='double', nvsize=8, Off_t='off_t', lseeksize=8
    alignbytes=8, prototype=define
  Linker and Libraries:
    ld='cc', ldflags =' -fstack-protector -L/usr/local/lib'
    libpth=/usr/local/lib /lib/x86_64-linux-gnu /lib/../lib /usr/lib/x86_64-linux-gnu /usr/lib/../lib /lib /usr/lib
    libs=-lnsl -lgdbm -ldb -ldl -lm -lcrypt -lutil -lpthread -lc -lgdbm_compat
    perllibs=-lnsl -ldl -lm -lcrypt -lutil -lpthread -lc
    libc=, so=so, useshrplib=false, libperl=libperl.a
    gnulibc_version='2.13'
  Dynamic Linking:
    dlsrc=dl_dlopen.xs, dlext=so, d_dlsymun=undef, ccdlflags='-Wl,-E'
    cccdlflags='-fPIC', lddlflags='-shared -O2 -g -L/usr/local/lib -fstack-protector'


Characteristics of this binary (from libperl): 
  Compile-time options: HAS_TIMES MULTIPLICITY PERLIO_LAYERS
                        PERL_DONT_CREATE_GVSV PERL_IMPLICIT_CONTEXT
                        PERL_MALLOC_WRAP PERL_PRESERVE_IVUV PERL_SAWAMPERSAND
                        PERL_USE_DEVEL USE_64_BIT_ALL USE_64_BIT_INT
                        USE_ITHREADS USE_LARGE_FILES USE_LOCALE
                        USE_LOCALE_COLLATE USE_LOCALE_CTYPE
                        USE_LOCALE_NUMERIC USE_PERLIO USE_PERL_ATOF
                        USE_REENTRANT_API
  Built under linux
  Compiled at Apr 26 2013 07:31:23
  %ENV:
    PERL5LIB="/tmp/loop_over_bdir-29618-snjref/Helios-2.60-ZJVOuS/blib/arch:/tmp/loop_over_bdir-29618-snjref/Helios-2.60-ZJVOuS/blib/lib:/tmp/loop_over_bdir-29618-snjref/Encode-IBM-0.11-5F4LV7/blib/arch:/tmp/loop_over_bdir-29618-snjref/Encode-IBM-0.11-5F4LV7/blib/lib"
    PERL5OPT=""
    PERL5_CPANPLUS_IS_RUNNING="4827"
    PERL5_CPAN_IS_RUNNING="4827"
    PERL_MM_USE_DEFAULT="1"
  @INC:
    /tmp/loop_over_bdir-29618-snjref/Helios-2.60-ZJVOuS/blib/arch
    /tmp/loop_over_bdir-29618-snjref/Helios-2.60-ZJVOuS/blib/lib
    /tmp/loop_over_bdir-29618-snjref/Encode-IBM-0.11-5F4LV7/blib/arch
    /tmp/loop_over_bdir-29618-snjref/Encode-IBM-0.11-5F4LV7/blib/lib
    /home/src/perl/repoperls/installed-perls/perl/v5.17.11-29-g8b3945e/9980/lib/site_perl/5.17.12/x86_64-linux-thread-multi
    /home/src/perl/repoperls/installed-perls/perl/v5.17.11-29-g8b3945e/9980/lib/site_perl/5.17.12
    /home/src/perl/repoperls/installed-perls/perl/v5.17.11-29-g8b3945e/9980/lib/5.17.12/x86_64-linux-thread-multi
    /home/src/perl/repoperls/installed-perls/perl/v5.17.11-29-g8b3945e/9980/lib/5.17.12
    .