Report for ParallelUserAgent-2.57

Back
From: metabase:user:30f4dfbe-2aae-11df-837a-5e0a49663a4f
Subject: FAIL ParallelUserAgent-2.57 v5.12.4 GNU/Linux
Date: 2012-01-19T10:55:24Z

This distribution has been tested as part of the CPAN Testers
project, supporting the Perl programming language.  See
http://wiki.cpantesters.org/ for more information or email
questions to cpan-testers-discuss@perl.org


--
Dear Marc Langheinrich,

This is a computer-generated report for ParallelUserAgent-2.57
on perl 5.12.4, created by CPAN-Reporter-1.2003.

Thank you for uploading your work to CPAN.  However, there was a problem
testing your distribution.

If you think this report is invalid, please consult the CPAN Testers Wiki
for suggestions on how to avoid getting FAIL reports for missing library
or binary dependencies, unsupported operating systems, and so on:

http://wiki.cpantesters.org/wiki/CPANAuthorNotes

Sections of this report:

    * Tester comments
    * Program output
    * Prerequisites
    * Environment and other context

------------------------------
TESTER COMMENTS
------------------------------

Additional comments from tester:

none provided

------------------------------
PROGRAM OUTPUT
------------------------------

Output from '/usr/bin/make test':

/home/njh/perl5/perlbrew/perls/perl-5.12.4/bin/perl t/TEST 
UNIVERSAL->import is deprecated and will be removed in a future perl at ../blib/lib/LWP/Parallel/UserAgent.pm line 10
defined(%hash) is deprecated at ../blib/lib/LWP/Parallel/UserAgent.pm line 1327, <DAEMON> line 1.
	(Maybe you should just omit the defined()?)
Can't locate object method "parse_head" via package "LWP::Parallel::Protocol::ftp" at ../blib/lib/LWP/Parallel/UserAgent.pm line 1497.
defined(%hash) is deprecated at ../blib/lib/LWP/Parallel/UserAgent.pm line 1327.
	(Maybe you should just omit the defined()?)
Missing base argument at local/compatibility.t line 57
local/compatibility.t .. 
Dubious, test returned 2 (wstat 512, 0x200)
Failed 19/20 subtests 
UNIVERSAL->import is deprecated and will be removed in a future perl at ../blib/lib/LWP/Parallel/UserAgent.pm line 10
defined(%hash) is deprecated at ../blib/lib/LWP/Parallel/UserAgent.pm line 1327.
	(Maybe you should just omit the defined()?)
Can't locate object method "parse_head" via package "LWP::Parallel::Protocol::file" at ../blib/lib/LWP/Parallel/UserAgent.pm line 1497.
local/file.t ........... 
Dubious, test returned 255 (wstat 65280, 0xff00)
Failed 3/4 subtests 
UNIVERSAL->import is deprecated and will be removed in a future perl at ../blib/lib/LWP/Parallel/UserAgent.pm line 10
defined(%hash) is deprecated at ../blib/lib/LWP/Parallel/UserAgent.pm line 1327.
	(Maybe you should just omit the defined()?)
defined(%hash) is deprecated at ../blib/lib/LWP/Parallel/UserAgent.pm line 1327.
	(Maybe you should just omit the defined()?)
Oops: Answer (0) for 'http://gateway:54616/page1' was 
	501: Attempt to reload LWP/Parallel/Protocol/http.pm aborted.
Compilation failed in require at (eval 36) line 2, <DAEMON> line 1.

 ""
Missing base argument at local/http.t line 85
local/http.t ........... 
Failed 8/15 subtests 
UNIVERSAL->import is deprecated and will be removed in a future perl at ../blib/lib/LWP/Parallel/UserAgent.pm line 10
defined(%hash) is deprecated at ../blib/lib/LWP/Parallel/UserAgent.pm line 1327, <DAEMON> line 1.
	(Maybe you should just omit the defined()?)
local/timeouts.t ....... 
Failed 21/25 subtests 

Test Summary Report
-------------------
local/compatibility.t (Wstat: 512 Tests: 13 Failed: 12)
  Failed tests:  1-6, 8-11, 14-15
  Non-zero exit status: 2
  Parse errors: Tests out of sequence.  Found (14) but expected (12)
                Tests out of sequence.  Found (15) but expected (13)
                Bad plan.  You planned 20 tests but ran 13.
local/file.t         (Wstat: 65280 Tests: 1 Failed: 0)
  Non-zero exit status: 255
  Parse errors: Bad plan.  You planned 4 tests but ran 1.
local/http.t         (Wstat: 0 Tests: 15 Failed: 8)
  Failed tests:  2-3, 5, 7-9, 11, 15
local/timeouts.t     (Wstat: 0 Tests: 25 Failed: 21)
  Failed tests:  2, 4, 6-23, 25
Files=4, Tests=54, 30 wallclock secs ( 0.02 usr  0.01 sys +  0.36 cusr  0.02 csys =  0.41 CPU)
Result: FAIL
Failed 4/4 test programs. 41/54 subtests failed.
make: *** [test] Error 255

------------------------------
PREREQUISITES
------------------------------

Prerequisite modules loaded:

build_requires:

    Module              Need Have
    ------------------- ---- ----
    ExtUtils::MakeMaker 0    6.62


------------------------------
ENVIRONMENT AND OTHER CONTEXT
------------------------------

Environment variables:

    LANG = 
    LANGUAGE = en_GB:en
    LD_LIBRARY_PATH = :/usr/local/lib:/usr/lib/qt-3.3/lib:/usr/X11R6/lib
    PATH = /home/njh/perl5/perlbrew/bin:/home/njh/perl5/perlbrew/perls/perl-5.12.4/bin:/home/njh/perl5/perlbrew/bin:/usr/local/bin:/usr/bin:/bin:/usr/local/games:/usr/games:/home/njh/bin:/usr/perl5/bin
    PATH_WITHOUT_PERLBREW = /usr/local/bin:/usr/bin:/bin:/usr/local/games:/usr/games:/home/njh/bin
    PERL5LIB = 
    PERL5OPT = 
    PERL5_CPANPLUS_IS_RUNNING = 24598
    PERL5_CPAN_IS_RUNNING = 24598
    PERLBREW_HOME = /home/njh/.perlbrew
    PERLBREW_PATH = /home/njh/perl5/perlbrew/bin:/home/njh/perl5/perlbrew/perls/perl-5.12.4/bin
    PERLBREW_ROOT = /home/njh/perl5/perlbrew
    PERLBREW_VERSION = 0.25
    SHELL = /bin/bash
    TERM = linux
    TMPDIR = /var/tmp

Perl special variables (and OS-specific diagnostics, for MSWin32):

    $^X = /home/njh/perl5/perlbrew/perls/perl-5.12.4/bin/perl
    $UID/$EUID = 1000 / 1000
    $GID = 1000 24 25 29 30 44 46 108 112 1000
    $EGID = 1000 24 25 29 30 44 46 108 112 1000

Perl module toolchain versions installed:

    Module              Have    
    ------------------- --------
    CPAN                1.9800  
    CPAN::Meta          2.113640
    Cwd                 3.33    
    ExtUtils::CBuilder  0.280202
    ExtUtils::Command   1.17    
    ExtUtils::Install   1.55    
    ExtUtils::MakeMaker 6.62    
    ExtUtils::Manifest  1.60    
    ExtUtils::ParseXS   3.11    
    File::Spec          3.33    
    JSON                2.53    
    JSON::PP            2.27200 
    Module::Build       0.3800  
    Module::Signature   n/a     
    Parse::CPAN::Meta   1.4401  
    Test::Harness       3.23    
    Test::More          0.98    
    YAML                0.78    
    YAML::Syck          n/a     
    version             0.95    


--

Summary of my perl5 (revision 5 version 12 subversion 4) configuration:
   
  Platform:
    osname=linux, osvers=3.1.0-1-amd64, archname=x86_64-linux
    uname='linux gateway 3.1.0-1-amd64 #1 smp tue jan 10 05:01:58 utc 2012 x86_64 gnulinux '
    config_args='-de -Dprefix=/home/njh/perl5/perlbrew/perls/perl-5.12.4 -D_FORTIFY_SOURCE=2 -Accflags=-O2'
    hint=recommended, useposix=true, d_sigaction=define
    useithreads=undef, usemultiplicity=undef
    useperlio=define, d_sfio=undef, uselargefiles=define, usesocks=undef
    use64bitint=define, use64bitall=define, uselongdouble=undef
    usemymalloc=n, bincompat5005=undef
  Compiler:
    cc='cc', ccflags ='-O2 -fno-strict-aliasing -pipe -fstack-protector -I/usr/local/include -D_LARGEFILE_SOURCE -D_FILE_OFFSET_BITS=64',
    optimize='-O2',
    cppflags='-O2 -fno-strict-aliasing -pipe -fstack-protector -I/usr/local/include'
    ccversion='', gccversion='4.6.2', gccosandvers=''
    intsize=4, longsize=8, ptrsize=8, doublesize=8, byteorder=12345678
    d_longlong=define, longlongsize=8, d_longdbl=define, longdblsize=16
    ivtype='long', ivsize=8, nvtype='double', nvsize=8, Off_t='off_t', lseeksize=8
    alignbytes=8, prototype=define
  Linker and Libraries:
    ld='cc', ldflags =' -fstack-protector -L/usr/local/lib'
    libpth=/usr/local/lib /lib/x86_64-linux-gnu /lib/../lib /usr/lib/x86_64-linux-gnu /usr/lib/../lib /lib /usr/lib
    libs=-lnsl -ldb -ldl -lm -lcrypt -lutil -lc
    perllibs=-lnsl -ldl -lm -lcrypt -lutil -lc
    libc=, so=so, useshrplib=false, libperl=libperl.a
    gnulibc_version='2.13'
  Dynamic Linking:
    dlsrc=dl_dlopen.xs, dlext=so, d_dlsymun=undef, ccdlflags='-Wl,-E'
    cccdlflags='-fPIC', lddlflags='-shared -O2 -L/usr/local/lib -fstack-protector'


Characteristics of this binary (from libperl): 
  Compile-time options: PERL_DONT_CREATE_GVSV PERL_MALLOC_WRAP USE_64_BIT_ALL
                        USE_64_BIT_INT USE_LARGE_FILES USE_PERLIO
                        USE_PERL_ATOF
  Built under linux
  Compiled at Jan 16 2012 13:33:08
  %ENV:
    PERL5LIB=""
    PERL5OPT=""
    PERL5_CPANPLUS_IS_RUNNING="24598"
    PERL5_CPAN_IS_RUNNING="24598"
    PERLBREW_HOME="/home/njh/.perlbrew"
    PERLBREW_PATH="/home/njh/perl5/perlbrew/bin:/home/njh/perl5/perlbrew/perls/perl-5.12.4/bin"
    PERLBREW_ROOT="/home/njh/perl5/perlbrew"
    PERLBREW_VERSION="0.25"
  @INC:
    /home/njh/perl5/perlbrew/perls/perl-5.12.4/lib/site_perl/5.12.4/x86_64-linux
    /home/njh/perl5/perlbrew/perls/perl-5.12.4/lib/site_perl/5.12.4
    /home/njh/perl5/perlbrew/perls/perl-5.12.4/lib/5.12.4/x86_64-linux
    /home/njh/perl5/perlbrew/perls/perl-5.12.4/lib/5.12.4
    .