Report for URI-Escape-JavaScript-0.04

Back
From: metabase:user:3215efbe-2aae-11df-837a-5e0a49663a4f
Subject: FAIL URI-Escape-JavaScript-0.04 v5.14.1 GNU/Linux
Date: 2011-12-03T14:07:10Z

This distribution has been tested as part of the CPAN Testers
project, supporting the Perl programming language.  See
http://wiki.cpantesters.org/ for more information or email
questions to cpan-testers-discuss@perl.org


--
Dear Koichi Taniguchi,

This is a computer-generated report for URI-Escape-JavaScript-0.04
on perl 5.14.1, created by CPAN-Reporter-1.2002.

Thank you for uploading your work to CPAN.  However, there was a problem
testing your distribution.

If you think this report is invalid, please consult the CPAN Testers Wiki
for suggestions on how to avoid getting FAIL reports for missing library
or binary dependencies, unsupported operating systems, and so on:

http://wiki.cpantesters.org/wiki/CPANAuthorNotes

Sections of this report:

    * Tester comments
    * Program output
    * Prerequisites
    * Environment and other context

------------------------------
TESTER COMMENTS
------------------------------

Additional comments from tester:

this report is from an automated smoke testing program
and was not reviewed by a human for accuracy

------------------------------
PROGRAM OUTPUT
------------------------------

Output from '/usr/bin/make test':

PERL_DL_NONLAZY=1 /opt/perls/nothreads/perl-5.14.1/bin/perl "-MExtUtils::Command::MM" "-e" "test_harness(0, 'inc', 'blib/lib', 'blib/arch')" t/*.t
t/00_compile.t .. ok
t/escape.t ...... ok

#   Failed test 'Test::Perl::Critic for "lib/URI/Escape/JavaScript.pm"'
#   at /opt/perls/nothreads/perl-5.14.1/lib/site_perl/5.14.1/Test/Perl/Critic.pm line 110.
# 
# Perl::Critic found these violations in "lib/URI/Escape/JavaScript.pm":
# Modules have to return a true value ("1;") at line 1, column 1.  Use "1;" as the last statement of the module.  (Severity: 5)
# Variable, subroutine, and package names have to be in CamelCase at line 10, column 5.  (no explanation).  (Severity: 5)
# Variable, subroutine, and package names have to be in CamelCase at line 12, column 1.  (no explanation).  (Severity: 5)
# Variable, subroutine, and package names have to be in CamelCase at line 13, column 8.  (no explanation).  (Severity: 5)
# Variable, subroutine, and package names have to be in CamelCase at line 14, column 5.  (no explanation).  (Severity: 5)
# Variable, subroutine, and package names have to be in CamelCase at line 16, column 5.  (no explanation).  (Severity: 5)
# Variable, subroutine, and package names have to be in CamelCase at line 16, column 31.  (no explanation).  (Severity: 5)
# Variable, subroutine, and package names have to be in CamelCase at line 17, column 12.  (no explanation).  (Severity: 5)
# Variable, subroutine, and package names have to be in CamelCase at line 20, column 1.  (no explanation).  (Severity: 5)
# Variable, subroutine, and package names have to be in CamelCase at line 21, column 8.  (no explanation).  (Severity: 5)
# Variable, subroutine, and package names have to be in CamelCase at line 22, column 5.  (no explanation).  (Severity: 5)
# Variable, subroutine, and package names have to be in CamelCase at line 23, column 5.  (no explanation).  (Severity: 5)
# Variable, subroutine, and package names have to be in CamelCase at line 24, column 12.  (no explanation).  (Severity: 5)
# Variable, subroutine, and package names have to be in CamelCase at line 27, column 1.  (no explanation).  (Severity: 5)
# Variable, subroutine, and package names have to be in CamelCase at line 27, column 17.  (no explanation).  (Severity: 5)
# Variable, subroutine, and package names have to be in CamelCase at line 28, column 1.  (no explanation).  (Severity: 5)
# Variable, subroutine, and package names have to be in CamelCase at line 28, column 17.  (no explanation).  (Severity: 5)
# 1 test of 1 failed.
t/perlcritic.t .. 
Dubious, test returned 1 (wstat 256, 0x100)
Failed 1/1 subtests 
t/pod.t ......... ok
t/unescape.t .... ok

Test Summary Report
-------------------
t/perlcritic.t (Wstat: 256 Tests: 1 Failed: 1)
  Failed test:  1
  Non-zero exit status: 1
Files=5, Tests=13, 20 wallclock secs ( 0.50 usr  0.04 sys + 17.23 cusr  0.39 csys = 18.16 CPU)
Result: FAIL
Failed 1/5 test programs. 1/13 subtests failed.
make: *** [test_dynamic] Error 255

------------------------------
PREREQUISITES
------------------------------

Prerequisite modules loaded:

requires:

    Module              Need     Have        
    ------------------- -------- ------------
    Encode              2.12     2.44        
    perl                5.008001 5.014001    

build_requires:

    Module              Need     Have        
    ------------------- -------- ------------
    ExtUtils::MakeMaker 6.42     6.63_02     
    Test::More          0        1.005000_002

configure_requires:

    Module              Need     Have        
    ------------------- -------- ------------
    ExtUtils::MakeMaker 6.42     6.63_02     


------------------------------
ENVIRONMENT AND OTHER CONTEXT
------------------------------

Environment variables:

    AUTOMATED_TESTING = 1
    LANG = C
    PATH = /opt/perls/nothreads/perl-5.14.1/bin:/usr/local/bin:/usr/bin:/bin:/usr/local/games:/usr/games
    PERL5LIB = 
    PERL5OPT = 
    PERL5_CPANPLUS_IS_RUNNING = 30511
    PERL5_CPAN_IS_RUNNING = 30511
    PERL5_CPAN_IS_RUNNING_IN_RECURSION = 936,30511
    PERL_CR_SMOKER_CURRENT = URI-Escape-JavaScript-0.04
    PERL_EXTUTILS_AUTOINSTALL = --defaultdeps
    PERL_MM_USE_DEFAULT = 1
    SHELL = /bin/bash
    TERM = xterm

Perl special variables (and OS-specific diagnostics, for MSWin32):

    $^X = /opt/perls/nothreads/perl-5.14.1/bin/perl
    $UID/$EUID = 1000 / 1000
    $GID = 1000 24 25 27 29 30 44 46 1000
    $EGID = 1000 24 25 27 29 30 44 46 1000

Perl module toolchain versions installed:

    Module              Have        
    ------------------- ------------
    CPAN                1.9800      
    CPAN::Meta          2.112621    
    Cwd                 3.33        
    ExtUtils::CBuilder  0.280202    
    ExtUtils::Command   1.17        
    ExtUtils::Install   1.56        
    ExtUtils::MakeMaker 6.63_02     
    ExtUtils::Manifest  1.60        
    ExtUtils::ParseXS   3.05        
    File::Spec          3.33        
    JSON                2.53        
    JSON::PP            2.27008     
    Module::Build       0.39_01     
    Module::Signature   0.68        
    Parse::CPAN::Meta   1.4401      
    Test::Harness       3.23        
    Test::More          1.005000_002
    YAML                0.73        
    YAML::Syck          1.19        
    version             0.95        


--

Summary of my perl5 (revision 5 version 14 subversion 1) configuration:
   
  Platform:
    osname=linux, osvers=2.6.32-5-kirkwood, archname=armv5tel-linux
    uname='linux plugpc 2.6.32-5-kirkwood #1 tue mar 8 10:56:14 utc 2011 armv5tel gnulinux '
    config_args='-des -Dprefix=/opt/perls/nothreads/perl-5.14.1'
    hint=recommended, useposix=true, d_sigaction=define
    useithreads=undef, usemultiplicity=undef
    useperlio=define, d_sfio=undef, uselargefiles=define, usesocks=undef
    use64bitint=undef, use64bitall=undef, uselongdouble=undef
    usemymalloc=n, bincompat5005=undef
  Compiler:
    cc='cc', ccflags ='-fno-strict-aliasing -pipe -fstack-protector -I/usr/local/include -D_LARGEFILE_SOURCE -D_FILE_OFFSET_BITS=64',
    optimize='-O2',
    cppflags='-fno-strict-aliasing -pipe -fstack-protector -I/usr/local/include'
    ccversion='', gccversion='4.4.5', gccosandvers=''
    intsize=4, longsize=4, ptrsize=4, doublesize=8, byteorder=1234
    d_longlong=define, longlongsize=8, d_longdbl=define, longdblsize=8
    ivtype='long', ivsize=4, nvtype='double', nvsize=8, Off_t='off_t', lseeksize=8
    alignbytes=8, prototype=define
  Linker and Libraries:
    ld='cc', ldflags =' -fstack-protector -L/usr/local/lib'
    libpth=/usr/local/lib /lib /usr/lib /usr/lib/arm-linux-gnueabi
    libs=-lnsl -lgdbm -ldb -ldl -lm -lcrypt -lutil -lc -lgdbm_compat
    perllibs=-lnsl -ldl -lm -lcrypt -lutil -lc
    libc=/lib/libc-2.11.2.so, so=so, useshrplib=false, libperl=libperl.a
    gnulibc_version='2.11.2'
  Dynamic Linking:
    dlsrc=dl_dlopen.xs, dlext=so, d_dlsymun=undef, ccdlflags='-Wl,-E'
    cccdlflags='-fPIC', lddlflags='-shared -O2 -L/usr/local/lib -fstack-protector'


Characteristics of this binary (from libperl): 
  Compile-time options: PERL_DONT_CREATE_GVSV PERL_MALLOC_WRAP
                        PERL_PRESERVE_IVUV USE_LARGE_FILES USE_PERLIO
                        USE_PERL_ATOF
  Built under linux
  Compiled at Aug 15 2011 20:41:16
  %ENV:
    PERL5LIB=""
    PERL5OPT=""
    PERL5_CPANPLUS_IS_RUNNING="30511"
    PERL5_CPAN_IS_RUNNING="30511"
    PERL5_CPAN_IS_RUNNING_IN_RECURSION="936,30511"
    PERL_CR_SMOKER_CURRENT="URI-Escape-JavaScript-0.04"
    PERL_EXTUTILS_AUTOINSTALL="--defaultdeps"
    PERL_MM_USE_DEFAULT="1"
  @INC:
    /opt/perls/nothreads/perl-5.14.1/lib/site_perl/5.14.1/armv5tel-linux
    /opt/perls/nothreads/perl-5.14.1/lib/site_perl/5.14.1
    /opt/perls/nothreads/perl-5.14.1/lib/5.14.1/armv5tel-linux
    /opt/perls/nothreads/perl-5.14.1/lib/5.14.1
    .