Event-RPC v1.10 Perl 5 v5.18.4 amd64-freebsd

Status
Fail
From
Nigel Horne
Dist
Event-RPC v1.10
Platform
Perl 5 v5.18.4 amd64-freebsd
Date
2018-06-28 14:11:04
ID
17edab44-7add-11e8-85d4-c153b8d57a06
This distribution has been tested as part of the CPAN Testers
project, supporting the Perl programming language.  See
http://wiki.cpantesters.org/ for more information or email
questions to cpan-testers-discuss@perl.org


--
Dear Joern Reder,

This is a computer-generated report for Event-RPC-1.10
on perl 5.18.4, created by CPAN-Reporter-1.2018.

Thank you for uploading your work to CPAN.  However, there was a problem
testing your distribution.

If you think this report is invalid, please consult the CPAN Testers Wiki
for suggestions on how to avoid getting FAIL reports for missing library
or binary dependencies, unsupported operating systems, and so on:

http://wiki.cpantesters.org/wiki/CPANAuthorNotes

Sections of this report:

    * Tester comments
    * Program output
    * Prerequisites
    * Environment and other context

------------------------------
TESTER COMMENTS
------------------------------

Additional comments from tester:

this report is from an automated smoke testing program
and was not reviewed by a human for accuracy

------------------------------
PROGRAM OUTPUT
------------------------------

Output from '/usr/bin/make test':

PERL_DL_NONLAZY=1 /usr/home/njh/perl5/perlbrew/perls/perl-5.18.4/bin/perl "-MExtUtils::Command::MM" "-e" "test_harness(0, 'blib/lib', 'blib/arch')" t/*.t
t/01.use.t ............................... ok
t/02.cnct.t .............................. ok
t/03.cnct-auth.t ......................... ok
t/04.cnct-auth-ssl-verifypeer-noca.t ..... ok
Can't open SSL connection to localhost:27816: IO::Socket::IP configuration failed at t/04.cnct-auth-ssl-verifypeer-wrongca.t line 57.
# Looks like your test exited with 61 just after 2.
can't start log listener: Address already in use at /usr/home/njh/.cpan/build/Event-RPC-1.10-0/blib/lib/Event/RPC/Server.pm line 285.
t/04.cnct-auth-ssl-verifypeer-wrongca.t .. 
Dubious, test returned 61 (wstat 15616, 0x3d00)
Failed 3/5 subtests 
Can't open SSL connection to localhost:27818: IO::Socket::IP configuration failed at t/04.cnct-auth-ssl-verifypeer.t line 59.
can't start log listener: Address already in use at /usr/home/njh/.cpan/build/Event-RPC-1.10-0/blib/lib/Event/RPC/Server.pm line 285.
# Looks like your test exited with 61 just after 2.
t/04.cnct-auth-ssl-verifypeer.t .......... 
Dubious, test returned 61 (wstat 15616, 0x3d00)
Failed 4/6 subtests 
Can't open SSL connection to localhost:27820: IO::Socket::IP configuration failed at t/04.cnct-auth-ssl.t line 58.
# Looks like your test exited with 61 just after 2.
can't start log listener: Address already in use at /usr/home/njh/.cpan/build/Event-RPC-1.10-0/blib/lib/Event/RPC/Server.pm line 285.
t/04.cnct-auth-ssl.t ..................... 
Dubious, test returned 61 (wstat 15616, 0x3d00)
Failed 4/6 subtests 
t/05.func.t .............................. ok
t/06.object2.t ........................... ok
t/07.maxpacket.t ......................... ok
t/08.msg_formats.t ....................... ok

Test Summary Report
-------------------
t/04.cnct-auth-ssl-verifypeer-wrongca.t (Wstat: 15616 Tests: 2 Failed: 0)
  Non-zero exit status: 61
  Parse errors: Bad plan.  You planned 5 tests but ran 2.
t/04.cnct-auth-ssl-verifypeer.t        (Wstat: 15616 Tests: 2 Failed: 0)
  Non-zero exit status: 61
  Parse errors: Bad plan.  You planned 6 tests but ran 2.
t/04.cnct-auth-ssl.t                   (Wstat: 15616 Tests: 2 Failed: 0)
  Non-zero exit status: 61
  Parse errors: Bad plan.  You planned 6 tests but ran 2.
Files=11, Tests=102,  3 wallclock secs ( 0.03 usr  0.02 sys +  0.92 cusr  0.62 csys =  1.60 CPU)
Result: FAIL
Failed 3/11 test programs. 0/102 subtests failed.
*** Error code 255

Stop.
make: stopped in /usr/home/njh/.cpan/build/Event-RPC-1.10-0

------------------------------
PREREQUISITES
------------------------------

Prerequisite modules loaded:

requires:

    Module              Need Have    
    ------------------- ---- --------
    AnyEvent            0    7.14    
    IO::Socket::INET    0    1.33    
    IO::Socket::SSL     0    2.056   
    Net::SSLeay         0    1.85    
    Storable            0    2.41    
    Test::More          0    1.302136

build_requires:

    Module              Need Have    
    ------------------- ---- --------
    ExtUtils::MakeMaker 0    6.66    

configure_requires:

    Module              Need Have    
    ------------------- ---- --------
    ExtUtils::MakeMaker 0    6.66    


------------------------------
ENVIRONMENT AND OTHER CONTEXT
------------------------------

Environment variables:

    AUTOMATED_TESTING = 1
    PATH = /home/njh/perl5/perlbrew/bin:/home/njh/perl5/perlbrew/perls/perl-5.18.4/bin:/home/njh/src/njh/smoker/bin:/sbin:/bin:/usr/sbin:/usr/bin:/usr/local/sbin:/usr/local/bin
    PERL5LIB = /home/njh/.cpan/build/AnyEvent-7.14-0/blib/arch:/home/njh/.cpan/build/AnyEvent-7.14-0/blib/lib:/home/njh/.cpan/build/Canary-Stability-2012-0/blib/arch:/home/njh/.cpan/build/Canary-Stability-2012-0/blib/lib:/home/njh/.cpan/build/Mojo-Redis-3.01-0/blib/arch:/home/njh/.cpan/build/Mojo-Redis-3.01-0/blib/lib:/home/njh/.cpan/build/Protocol-Redis-1.0006-0/blib/arch:/home/njh/.cpan/build/Protocol-Redis-1.0006-0/blib/lib:/home/njh/.cpan/build/Mojolicious-7.85-0/blib/arch:/home/njh/.cpan/build/Mojolicious-7.85-0/blib/lib:/home/njh/.cpan/build/IO-Socket-IP-0.39-0/blib/arch:/home/njh/.cpan/build/IO-Socket-IP-0.39-0/blib/lib:/home/njh/.cpan/build/URI-Fast-0.34_01-0/blib/arch:/home/njh/.cpan/build/URI-Fast-0.34_01-0/blib/lib:/home/njh/.cpan/build/URI-Encode-XS-0.11-0/blib/arch:/home/njh/.cpan/build/URI-Encode-XS-0.11-0/blib/lib:/home/njh/.cpan/build/Data-Printer-0.99_019-0/blib/arch:/home/njh/.cpan/build/Data-Printer-0.99_019-0/blib/lib:/home/njh/.cpan/build/WWW-YNAB-0.02-0/blib/arch:/home/njh/.cpan/build/WWW-YNAB-0.02-0/blib/lib:/home/njh/.cpan/build/Archive-Tar-Wrapper-0.30-0/blib/arch:/home/njh/.cpan/build/Archive-Tar-Wrapper-0.30-0/blib/lib:/home/njh/.cpan/build/Log-Log4perl-1.49-0/blib/arch:/home/njh/.cpan/build/Log-Log4perl-1.49-0/blib/lib
    PERL5OPT = 
    PERL5_CPANPLUS_IS_RUNNING = 51252
    PERL5_CPAN_IS_RUNNING = 51252
    PERLBREW_HOME = /home/njh/.perlbrew
    PERLBREW_MANPATH = /home/njh/perl5/perlbrew/perls/perl-5.18.4/man
    PERLBREW_PATH = /home/njh/perl5/perlbrew/bin:/home/njh/perl5/perlbrew/perls/perl-5.18.4/bin
    PERLBREW_PERL = perl-5.18.4
    PERLBREW_ROOT = /home/njh/perl5/perlbrew
    PERLBREW_SHELLRC_VERSION = 0.83
    PERLBREW_VERSION = 0.83
    SHELL = /bin/sh
    TMPDIR = /tmp/testwrapper.51241

Perl special variables (and OS-specific diagnostics, for MSWin32):

    $^X = /usr/home/njh/perl5/perlbrew/perls/perl-5.18.4/bin/perl
    $UID/$EUID = 1000 / 1000
    $GID = 1000 1000 0
    $EGID = 1000 1000 0

Perl module toolchain versions installed:

    Module              Have    
    ------------------- --------
    CPAN                2.16    
    CPAN::Meta          2.150010
    Cwd                 3.40    
    ExtUtils::CBuilder  0.280210
    ExtUtils::Command   1.17    
    ExtUtils::Install   1.59    
    ExtUtils::MakeMaker 6.66    
    ExtUtils::Manifest  1.63    
    ExtUtils::ParseXS   3.18    
    File::Spec          3.40    
    JSON                2.97001 
    JSON::PP            2.97001 
    Module::Build       0.4224  
    Module::Signature   n/a     
    Parse::CPAN::Meta   2.150010
    Test::Harness       3.42    
    Test::More          1.302136
    YAML                1.26    
    YAML::Syck          1.30    
    version             0.9902  


--

Summary of my perl5 (revision 5 version 18 subversion 4) configuration:
   
  Platform:
    osname=freebsd, osvers=11.1-release-p4, archname=amd64-freebsd
    uname='freebsd njh3.vultr.com 11.1-release-p4 freebsd 11.1-release-p4 #0: tue nov 14 06:12:40 utc 2017 root@amd64-builder.daemonology.net:usrobjusrsrcsysgeneric amd64 '
    config_args='-de -Dprefix=/home/njh/perl5/perlbrew/perls/perl-5.18.4 -Aeval:scriptdir=/home/njh/perl5/perlbrew/perls/perl-5.18.4/bin'
    hint=recommended, useposix=true, d_sigaction=define
    useithreads=undef, usemultiplicity=undef
    useperlio=define, d_sfio=undef, uselargefiles=define, usesocks=undef
    use64bitint=define, use64bitall=define, uselongdouble=undef
    usemymalloc=n, bincompat5005=undef
  Compiler:
    cc='cc', ccflags ='-DHAS_FPSETMASK -DHAS_FLOATINGPOINT_H -fno-strict-aliasing -pipe -fstack-protector -I/usr/local/include',
    optimize='-O',
    cppflags='-DHAS_FPSETMASK -DHAS_FLOATINGPOINT_H -fno-strict-aliasing -pipe -fstack-protector -I/usr/local/include'
    ccversion='', gccversion='4.2.1 Compatible FreeBSD Clang 4.0.0 (tags/RELEASE_400/final 297347)', gccosandvers=''
    intsize=4, longsize=8, ptrsize=8, doublesize=8, byteorder=12345678
    d_longlong=define, longlongsize=8, d_longdbl=define, longdblsize=16
    ivtype='long', ivsize=8, nvtype='double', nvsize=8, Off_t='off_t', lseeksize=8
    alignbytes=8, prototype=define
  Linker and Libraries:
    ld='cc', ldflags ='-Wl,-E  -fstack-protector -L/usr/local/lib'
    libpth=/usr/lib /usr/local/lib
    libs=-lm -lcrypt -lutil -lc
    perllibs=-lm -lcrypt -lutil -lc
    libc=, so=so, useshrplib=false, libperl=libperl.a
    gnulibc_version=''
  Dynamic Linking:
    dlsrc=dl_dlopen.xs, dlext=so, d_dlsymun=undef, ccdlflags=' '
    cccdlflags='-DPIC -fPIC', lddlflags='-shared  -L/usr/local/lib -fstack-protector'


Characteristics of this binary (from libperl): 
  Compile-time options: HAS_TIMES PERLIO_LAYERS PERL_DONT_CREATE_GVSV
                        PERL_HASH_FUNC_ONE_AT_A_TIME_HARD PERL_MALLOC_WRAP
                        PERL_PRESERVE_IVUV PERL_SAWAMPERSAND USE_64_BIT_ALL
                        USE_64_BIT_INT USE_LARGE_FILES USE_LOCALE
                        USE_LOCALE_COLLATE USE_LOCALE_CTYPE
                        USE_LOCALE_NUMERIC USE_PERLIO USE_PERL_ATOF
  Locally applied patches:
	Devel::PatchPerl 1.48
  Built under freebsd
  Compiled at Jun 14 2018 10:28:24
  %ENV:
    PERL5LIB="/home/njh/.cpan/build/AnyEvent-7.14-0/blib/arch:/home/njh/.cpan/build/AnyEvent-7.14-0/blib/lib:/home/njh/.cpan/build/Canary-Stability-2012-0/blib/arch:/home/njh/.cpan/build/Canary-Stability-2012-0/blib/lib:/home/njh/.cpan/build/Mojo-Redis-3.01-0/blib/arch:/home/njh/.cpan/build/Mojo-Redis-3.01-0/blib/lib:/home/njh/.cpan/build/Protocol-Redis-1.0006-0/blib/arch:/home/njh/.cpan/build/Protocol-Redis-1.0006-0/blib/lib:/home/njh/.cpan/build/Mojolicious-7.85-0/blib/arch:/home/njh/.cpan/build/Mojolicious-7.85-0/blib/lib:/home/njh/.cpan/build/IO-Socket-IP-0.39-0/blib/arch:/home/njh/.cpan/build/IO-Socket-IP-0.39-0/blib/lib:/home/njh/.cpan/build/URI-Fast-0.34_01-0/blib/arch:/home/njh/.cpan/build/URI-Fast-0.34_01-0/blib/lib:/home/njh/.cpan/build/URI-Encode-XS-0.11-0/blib/arch:/home/njh/.cpan/build/URI-Encode-XS-0.11-0/blib/lib:/home/njh/.cpan/build/Data-Printer-0.99_019-0/blib/arch:/home/njh/.cpan/build/Data-Printer-0.99_019-0/blib/lib:/home/njh/.cpan/build/WWW-YNAB-0.02-0/blib/arch:/home/njh/.cpan/build/WWW-YNAB-0.02-0/blib/lib:/home/njh/.cpan/build/Archive-Tar-Wrapper-0.30-0/blib/arch:/home/njh/.cpan/build/Archive-Tar-Wrapper-0.30-0/blib/lib:/home/njh/.cpan/build/Log-Log4perl-1.49-0/blib/arch:/home/njh/.cpan/build/Log-Log4perl-1.49-0/blib/lib"
    PERL5OPT=""
    PERL5_CPANPLUS_IS_RUNNING="51252"
    PERL5_CPAN_IS_RUNNING="51252"
    PERLBREW_HOME="/home/njh/.perlbrew"
    PERLBREW_MANPATH="/home/njh/perl5/perlbrew/perls/perl-5.18.4/man"
    PERLBREW_PATH="/home/njh/perl5/perlbrew/bin:/home/njh/perl5/perlbrew/perls/perl-5.18.4/bin"
    PERLBREW_PERL="perl-5.18.4"
    PERLBREW_ROOT="/home/njh/perl5/perlbrew"
    PERLBREW_SHELLRC_VERSION="0.83"
    PERLBREW_VERSION="0.83"
  @INC:
    /home/njh/.cpan/build/AnyEvent-7.14-0/blib/arch
    /home/njh/.cpan/build/AnyEvent-7.14-0/blib/lib
    /home/njh/.cpan/build/Canary-Stability-2012-0/blib/arch
    /home/njh/.cpan/build/Canary-Stability-2012-0/blib/lib
    /home/njh/.cpan/build/Mojo-Redis-3.01-0/blib/arch
    /home/njh/.cpan/build/Mojo-Redis-3.01-0/blib/lib
    /home/njh/.cpan/build/Protocol-Redis-1.0006-0/blib/arch
    /home/njh/.cpan/build/Protocol-Redis-1.0006-0/blib/lib
    /home/njh/.cpan/build/Mojolicious-7.85-0/blib/arch
    /home/njh/.cpan/build/Mojolicious-7.85-0/blib/lib
    /home/njh/.cpan/build/IO-Socket-IP-0.39-0/blib/arch
    /home/njh/.cpan/build/IO-Socket-IP-0.39-0/blib/lib
    /home/njh/.cpan/build/URI-Fast-0.34_01-0/blib/arch
    /home/njh/.cpan/build/URI-Fast-0.34_01-0/blib/lib
    /home/njh/.cpan/build/URI-Encode-XS-0.11-0/blib/arch
    /home/njh/.cpan/build/URI-Encode-XS-0.11-0/blib/lib
    /home/njh/.cpan/build/Data-Printer-0.99_019-0/blib/arch
    /home/njh/.cpan/build/Data-Printer-0.99_019-0/blib/lib
    /home/njh/.cpan/build/WWW-YNAB-0.02-0/blib/arch
    /home/njh/.cpan/build/WWW-YNAB-0.02-0/blib/lib
    /home/njh/.cpan/build/Archive-Tar-Wrapper-0.30-0/blib/arch
    /home/njh/.cpan/build/Archive-Tar-Wrapper-0.30-0/blib/lib
    /home/njh/.cpan/build/Log-Log4perl-1.49-0/blib/arch
    /home/njh/.cpan/build/Log-Log4perl-1.49-0/blib/lib
    /home/njh/perl5/perlbrew/perls/perl-5.18.4/lib/site_perl/5.18.4/amd64-freebsd
    /home/njh/perl5/perlbrew/perls/perl-5.18.4/lib/site_perl/5.18.4
    /home/njh/perl5/perlbrew/perls/perl-5.18.4/lib/5.18.4/amd64-freebsd
    /home/njh/perl5/perlbrew/perls/perl-5.18.4/lib/5.18.4
    .