Inline-CPP v0.80 Perl 5 v5.32.1 i386-openbsd

Status
Fail
From
Alceu Rodrigues de Freitas Junior
Dist
Inline-CPP v0.80
Platform
Perl 5 v5.32.1 i386-openbsd
Date
2022-06-15 13:14:32
ID
18b442b8-ecad-11ec-b737-db65ffa5fe2c
This distribution has been tested as part of the CPAN Testers
project, supporting the Perl programming language.  See
http://wiki.cpantesters.org/ for more information or email
questions to cpan-testers-discuss@perl.org


--
Dear David J. Oswald,

This is a computer-generated report for Inline-CPP-0.80
on perl 5.32.1, created by CPAN-Reporter-1.2018.

Thank you for uploading your work to CPAN.  However, there was a problem
testing your distribution.

If you think this report is invalid, please consult the CPAN Testers Wiki
for suggestions on how to avoid getting FAIL reports for missing library
or binary dependencies, unsupported operating systems, and so on:

http://wiki.cpantesters.org/wiki/CPANAuthorNotes

Sections of this report:

    * Tester comments
    * Program output
    * Prerequisites
    * Environment and other context

------------------------------
TESTER COMMENTS
------------------------------

Additional comments from tester:

this report is from an automated smoke testing program
and was not reviewed by a human for accuracy

------------------------------
PROGRAM OUTPUT
------------------------------

Output from '/usr/bin/make test':

PERL_DL_NONLAZY=1 "/usr/bin/perl" "-MExtUtils::Command::MM" "-MTest::Harness" "-e" "undef *Test::Harness::Switches; test_harness(0, 'blib/lib', 'blib/arch')" t/*.t t/*/*.t
# $Config{osname}:     openbsd
# $Config{cc}:         cc
# $Config{gccversion}: OpenBSD Clang 13.0.0
t/00load_prereqs.t .................... ok
t/01fn_cans.t ......................... ok
perl:/mnt/cpan_build_dir/goku/Inline-CPP-0.80-0/_Inline/lib/auto/_02basic_t_bc90/_02basic_t_bc90.so: undefined symbol '__gxx_personality_v0'
perl:/mnt/cpan_build_dir/goku/Inline-CPP-0.80-0/_Inline/lib/auto/_02basic_t_bc90/_02basic_t_bc90.so: undefined symbol '_Znam'
perl:/mnt/cpan_build_dir/goku/Inline-CPP-0.80-0/_Inline/lib/auto/_02basic_t_bc90/_02basic_t_bc90.so: undefined symbol '_Znwm'
perl:/mnt/cpan_build_dir/goku/Inline-CPP-0.80-0/_Inline/lib/auto/_02basic_t_bc90/_02basic_t_bc90.so: undefined symbol '_ZdlPv'
perl:/mnt/cpan_build_dir/goku/Inline-CPP-0.80-0/_Inline/lib/auto/_02basic_t_bc90/_02basic_t_bc90.so: undefined symbol '_Unwind_Resume'
perl:/mnt/cpan_build_dir/goku/Inline-CPP-0.80-0/_Inline/lib/auto/_02basic_t_bc90/_02basic_t_bc90.so: undefined symbol '_ZdaPv'
Had problems bootstrapping Inline module '_02basic_t_bc90'

Can't load '/mnt/cpan_build_dir/goku/Inline-CPP-0.80-0/_Inline/lib/auto/_02basic_t_bc90/_02basic_t_bc90.so' for module _02basic_t_bc90: Cannot load specified object at /usr/libdata/perl5/i386-openbsd/DynaLoader.pm line 193.
 at /home/goku/perl5/lib/perl5/Inline.pm line 541.


 at t/02basic.t line 37.
BEGIN failed--compilation aborted at t/02basic.t line 37.
# Looks like your test exited with 2 before it could output anything.
t/02basic.t ........................... 
Dubious, test returned 2 (wstat 512, 0x200)
Failed 12/12 subtests 
perl:/mnt/cpan_build_dir/goku/Inline-CPP-0.80-0/_Inline/lib/auto/_03prefix_t_4c6f/_03prefix_t_4c6f.so: undefined symbol '_Znwm'
perl:/mnt/cpan_build_dir/goku/Inline-CPP-0.80-0/_Inline/lib/auto/_03prefix_t_4c6f/_03prefix_t_4c6f.so: undefined symbol '_ZdlPv'
Had problems bootstrapping Inline module '_03prefix_t_4c6f'

Can't load '/mnt/cpan_build_dir/goku/Inline-CPP-0.80-0/_Inline/lib/auto/_03prefix_t_4c6f/_03prefix_t_4c6f.so' for module _03prefix_t_4c6f: Cannot load specified object at /usr/libdata/perl5/i386-openbsd/DynaLoader.pm line 193.
 at /home/goku/perl5/lib/perl5/Inline.pm line 541.


 at t/03prefix.t line 0.
INIT failed--call queue aborted.
# Looks like your test exited with 2 before it could output anything.
t/03prefix.t .......................... 
Dubious, test returned 2 (wstat 512, 0x200)
Failed 4/4 subtests 
perl:/mnt/cpan_build_dir/goku/Inline-CPP-0.80-0/_Inline/lib/auto/_04charptr_t_fa7d/_04charptr_t_fa7d.so: undefined symbol '__gxx_personality_v0'
perl:/mnt/cpan_build_dir/goku/Inline-CPP-0.80-0/_Inline/lib/auto/_04charptr_t_fa7d/_04charptr_t_fa7d.so: undefined symbol '_Znam'
perl:/mnt/cpan_build_dir/goku/Inline-CPP-0.80-0/_Inline/lib/auto/_04charptr_t_fa7d/_04charptr_t_fa7d.so: undefined symbol '_Znwm'
perl:/mnt/cpan_build_dir/goku/Inline-CPP-0.80-0/_Inline/lib/auto/_04charptr_t_fa7d/_04charptr_t_fa7d.so: undefined symbol '_ZdlPv'
perl:/mnt/cpan_build_dir/goku/Inline-CPP-0.80-0/_Inline/lib/auto/_04charptr_t_fa7d/_04charptr_t_fa7d.so: undefined symbol '_Unwind_Resume'
perl:/mnt/cpan_build_dir/goku/Inline-CPP-0.80-0/_Inline/lib/auto/_04charptr_t_fa7d/_04charptr_t_fa7d.so: undefined symbol '_ZdaPv'
Had problems bootstrapping Inline module '_04charptr_t_fa7d'

Can't load '/mnt/cpan_build_dir/goku/Inline-CPP-0.80-0/_Inline/lib/auto/_04charptr_t_fa7d/_04charptr_t_fa7d.so' for module _04charptr_t_fa7d: Cannot load specified object at /usr/libdata/perl5/i386-openbsd/DynaLoader.pm line 193.
 at /home/goku/perl5/lib/perl5/Inline.pm line 541.


 at t/04charptr.t line 0.
INIT failed--call queue aborted.
# Looks like your test exited with 2 before it could output anything.
t/04charptr.t ......................... 
Dubious, test returned 2 (wstat 512, 0x200)
Failed 2/2 subtests 
t/06fn_regress.t ...................... ok
# 
# Compiler guesses:
# 	EU::CppGuess:    [clang++ -DNO_LOCALE_NUMERIC -DNO_LOCALE_COLLATE -fno-strict-aliasing -fno-delete-null-pointer-checks -pipe -fstack-protector-strong -I/usr/local/include -xc++ -Wno-reserved-user-defined-literal],
# 	Old Makefile.PL: [g++].
# Linker guesses:
# 	EU::CppGuess:    [-lstdc++],
# 	Old Makefile.PL: [-lstdc++].
t/08cppguess.t ........................ ok
t/12custom_libs.t ..................... ok
t/15config_case.t ..................... ok
<-----------------------Information Section----------------------------------->

Information about the processing of your Inline CPP code:

Your source code needs to be compiled. I'll use this build directory:
/mnt/cpan_build_dir/goku/Inline-CPP-0.80-0/_Inline/build/_16info_t_2ec0

and I'll install the executable as:
/mnt/cpan_build_dir/goku/Inline-CPP-0.80-0/_Inline/lib/auto/_16info_t_2ec0/_16info_t_2ec0.so

The following Inline CPP function(s) have been successfully bound to Perl:
	int add(int x, int y)
The following functions have been bound to Perl:
	int add(int x, int y);


<-----------------------End of Information Section---------------------------->
t/16info.t ............................ ok
perl:/mnt/cpan_build_dir/goku/Inline-CPP-0.80-0/_Inline/lib/auto/_01empty_ns_is_main_t_ba00/_01empty_ns_is_main_t_ba00.so: undefined symbol '_Znwm'
perl:/mnt/cpan_build_dir/goku/Inline-CPP-0.80-0/_Inline/lib/auto/_01empty_ns_is_main_t_ba00/_01empty_ns_is_main_t_ba00.so: undefined symbol '_ZdlPv'
Had problems bootstrapping Inline module '_01empty_ns_is_main_t_ba00'

Can't load '/mnt/cpan_build_dir/goku/Inline-CPP-0.80-0/_Inline/lib/auto/_01empty_ns_is_main_t_ba00/_01empty_ns_is_main_t_ba00.so' for module _01empty_ns_is_main_t_ba00: Cannot load specified object at /usr/libdata/perl5/i386-openbsd/DynaLoader.pm line 193.
 at /home/goku/perl5/lib/perl5/Inline.pm line 541.


 at t/classes/01empty_ns_is_main.t line 11.
BEGIN failed--compilation aborted at t/classes/01empty_ns_is_main.t line 11.
t/classes/01empty_ns_is_main.t ........ 
Dubious, test returned 2 (wstat 512, 0x200)
No subtests run 
perl:/mnt/cpan_build_dir/goku/Inline-CPP-0.80-0/_Inline/lib/auto/_02main_ns_is_main_t_ba00/_02main_ns_is_main_t_ba00.so: undefined symbol '_Znwm'
perl:/mnt/cpan_build_dir/goku/Inline-CPP-0.80-0/_Inline/lib/auto/_02main_ns_is_main_t_ba00/_02main_ns_is_main_t_ba00.so: undefined symbol '_ZdlPv'
Had problems bootstrapping Inline module '_02main_ns_is_main_t_ba00'

Can't load '/mnt/cpan_build_dir/goku/Inline-CPP-0.80-0/_Inline/lib/auto/_02main_ns_is_main_t_ba00/_02main_ns_is_main_t_ba00.so' for module _02main_ns_is_main_t_ba00: Cannot load specified object at /usr/libdata/perl5/i386-openbsd/DynaLoader.pm line 193.
 at /home/goku/perl5/lib/perl5/Inline.pm line 541.


 at t/classes/02main_ns_is_main.t line 11.
BEGIN failed--compilation aborted at t/classes/02main_ns_is_main.t line 11.
t/classes/02main_ns_is_main.t ......... 
Dubious, test returned 2 (wstat 512, 0x200)
No subtests run 
perl:/mnt/cpan_build_dir/goku/Inline-CPP-0.80-0/_Inline/lib/auto/Ball_ba00/Ball_ba00.so: undefined symbol '_Znwm'
perl:/mnt/cpan_build_dir/goku/Inline-CPP-0.80-0/_Inline/lib/auto/Ball_ba00/Ball_ba00.so: undefined symbol '_ZdlPv'
Had problems bootstrapping Inline module 'Ball_ba00'

Can't load '/mnt/cpan_build_dir/goku/Inline-CPP-0.80-0/_Inline/lib/auto/Ball_ba00/Ball_ba00.so' for module Ball_ba00: Cannot load specified object at /usr/libdata/perl5/i386-openbsd/DynaLoader.pm line 193.
 at /home/goku/perl5/lib/perl5/Inline.pm line 541.


 at t/classes/03baz_ns_is_baz.t line 11.
BEGIN failed--compilation aborted at t/classes/03baz_ns_is_baz.t line 11.
t/classes/03baz_ns_is_baz.t ........... 
Dubious, test returned 2 (wstat 512, 0x200)
No subtests run 
perl:/mnt/cpan_build_dir/goku/Inline-CPP-0.80-0/_Inline/lib/auto/Bur_bf81/Bur_bf81.so: undefined symbol '_Znwm'
perl:/mnt/cpan_build_dir/goku/Inline-CPP-0.80-0/_Inline/lib/auto/Bur_bf81/Bur_bf81.so: undefined symbol '_ZdlPv'
Had problems bootstrapping Inline module 'Bur_bf81'

Can't load '/mnt/cpan_build_dir/goku/Inline-CPP-0.80-0/_Inline/lib/auto/Bur_bf81/Bur_bf81.so' for module Bur_bf81: Cannot load specified object at /usr/libdata/perl5/i386-openbsd/DynaLoader.pm line 193.
 at /home/goku/perl5/lib/perl5/Inline.pm line 541.


 at t/classes/04invoke_from_non_main.t line 9.
BEGIN failed--compilation aborted at t/classes/04invoke_from_non_main.t line 9.
t/classes/04invoke_from_non_main.t .... 
Dubious, test returned 2 (wstat 512, 0x200)
No subtests run 
t/classes/05invalid_classes.t ......... ok
perl:/mnt/cpan_build_dir/goku/Inline-CPP-0.80-0/_Inline/lib/auto/Fuu_f03d/Fuu_f03d.so: undefined symbol '_Znwm'
perl:/mnt/cpan_build_dir/goku/Inline-CPP-0.80-0/_Inline/lib/auto/Fuu_f03d/Fuu_f03d.so: undefined symbol '_ZdlPv'
Had problems bootstrapping Inline module 'Fuu_f03d'

Can't load '/mnt/cpan_build_dir/goku/Inline-CPP-0.80-0/_Inline/lib/auto/Fuu_f03d/Fuu_f03d.so' for module Fuu_f03d: Cannot load specified object at /usr/libdata/perl5/i386-openbsd/DynaLoader.pm line 193.
 at /home/goku/perl5/lib/perl5/Inline.pm line 541.


 at t/classes/06inherit.t line 11.
BEGIN failed--compilation aborted at t/classes/06inherit.t line 11.
t/classes/06inherit.t ................. 
Dubious, test returned 2 (wstat 512, 0x200)
No subtests run 
t/classes/07conflict_avoid.t .......... skipped: Inline::Filters required for conflict avoidance testing.
perl:/mnt/cpan_build_dir/goku/Inline-CPP-0.80-0/_Inline/lib/auto/Ball_c67b/Ball_c67b.so: undefined symbol '_Znwm'
perl:/mnt/cpan_build_dir/goku/Inline-CPP-0.80-0/_Inline/lib/auto/Ball_c67b/Ball_c67b.so: undefined symbol '_ZdlPv'
Had problems bootstrapping Inline module 'Ball_c67b'

Can't load '/mnt/cpan_build_dir/goku/Inline-CPP-0.80-0/_Inline/lib/auto/Ball_c67b/Ball_c67b.so' for module Ball_c67b: Cannot load specified object at /usr/libdata/perl5/i386-openbsd/DynaLoader.pm line 193.
 at /home/goku/perl5/lib/perl5/Inline.pm line 541.


 at t/classes/08auto.t line 9.
BEGIN failed--compilation aborted at t/classes/08auto.t line 9.
t/classes/08auto.t .................... 
Dubious, test returned 2 (wstat 512, 0x200)
No subtests run 
perl:/mnt/cpan_build_dir/goku/Inline-CPP-0.80-0/_Inline/lib/auto/_09auto_mixed_t_78d9/_09auto_mixed_t_78d9.so: undefined symbol '_Znwm'
perl:/mnt/cpan_build_dir/goku/Inline-CPP-0.80-0/_Inline/lib/auto/_09auto_mixed_t_78d9/_09auto_mixed_t_78d9.so: undefined symbol '_ZdlPv'
Had problems bootstrapping Inline module '_09auto_mixed_t_78d9'

Can't load '/mnt/cpan_build_dir/goku/Inline-CPP-0.80-0/_Inline/lib/auto/_09auto_mixed_t_78d9/_09auto_mixed_t_78d9.so' for module _09auto_mixed_t_78d9: Cannot load specified object at /usr/libdata/perl5/i386-openbsd/DynaLoader.pm line 193.
 at /home/goku/perl5/lib/perl5/Inline.pm line 541.


 at t/classes/09auto_mixed.t line 0.
INIT failed--call queue aborted.
# Looks like your test exited with 2 before it could output anything.
t/classes/09auto_mixed.t .............. 
Dubious, test returned 2 (wstat 512, 0x200)
Failed 5/5 subtests 
perl:/mnt/cpan_build_dir/goku/Inline-CPP-0.80-0/_Inline/lib/auto/_10auto_inherit_t_9e1d/_10auto_inherit_t_9e1d.so: undefined symbol '_Znwm'
perl:/mnt/cpan_build_dir/goku/Inline-CPP-0.80-0/_Inline/lib/auto/_10auto_inherit_t_9e1d/_10auto_inherit_t_9e1d.so: undefined symbol '_ZdlPv'
Had problems bootstrapping Inline module '_10auto_inherit_t_9e1d'

Can't load '/mnt/cpan_build_dir/goku/Inline-CPP-0.80-0/_Inline/lib/auto/_10auto_inherit_t_9e1d/_10auto_inherit_t_9e1d.so' for module _10auto_inherit_t_9e1d: Cannot load specified object at /usr/libdata/perl5/i386-openbsd/DynaLoader.pm line 193.
 at /home/goku/perl5/lib/perl5/Inline.pm line 541.


 at t/classes/10auto_inherit.t line 0.
INIT failed--call queue aborted.
# Looks like your test exited with 2 before it could output anything.
t/classes/10auto_inherit.t ............ 
Dubious, test returned 2 (wstat 512, 0x200)
Failed 28/28 subtests 
perl:/mnt/cpan_build_dir/goku/Inline-CPP-0.80-0/_Inline/lib/auto/_01nherit_t_388c/_01nherit_t_388c.so: undefined symbol '_Znwm'
perl:/mnt/cpan_build_dir/goku/Inline-CPP-0.80-0/_Inline/lib/auto/_01nherit_t_388c/_01nherit_t_388c.so: undefined symbol '_ZdlPv'
Had problems bootstrapping Inline module '_01nherit_t_388c'

Can't load '/mnt/cpan_build_dir/goku/Inline-CPP-0.80-0/_Inline/lib/auto/_01nherit_t_388c/_01nherit_t_388c.so' for module _01nherit_t_388c: Cannot load specified object at /usr/libdata/perl5/i386-openbsd/DynaLoader.pm line 193.
 at /home/goku/perl5/lib/perl5/Inline.pm line 541.


 at t/grammar/01nherit.t line 10.
BEGIN failed--compilation aborted at t/grammar/01nherit.t line 10.
t/grammar/01nherit.t .................. 
Dubious, test returned 2 (wstat 512, 0x200)
No subtests run 
perl:/mnt/cpan_build_dir/goku/Inline-CPP-0.80-0/_Inline/lib/auto/_02scope_t_2493/_02scope_t_2493.so: undefined symbol '_Znwm'
perl:/mnt/cpan_build_dir/goku/Inline-CPP-0.80-0/_Inline/lib/auto/_02scope_t_2493/_02scope_t_2493.so: undefined symbol '_ZdlPv'
Had problems bootstrapping Inline module '_02scope_t_2493'

Can't load '/mnt/cpan_build_dir/goku/Inline-CPP-0.80-0/_Inline/lib/auto/_02scope_t_2493/_02scope_t_2493.so' for module _02scope_t_2493: Cannot load specified object at /usr/libdata/perl5/i386-openbsd/DynaLoader.pm line 193.
 at /home/goku/perl5/lib/perl5/Inline.pm line 541.


 at t/grammar/02scope.t line 10.
BEGIN failed--compilation aborted at t/grammar/02scope.t line 10.
t/grammar/02scope.t ................... 
Dubious, test returned 2 (wstat 512, 0x200)
No subtests run 
perl:/mnt/cpan_build_dir/goku/Inline-CPP-0.80-0/_Inline/lib/auto/_03inline_t_8d50/_03inline_t_8d50.so: undefined symbol '_Znwm'
perl:/mnt/cpan_build_dir/goku/Inline-CPP-0.80-0/_Inline/lib/auto/_03inline_t_8d50/_03inline_t_8d50.so: undefined symbol '_ZdlPv'
Had problems bootstrapping Inline module '_03inline_t_8d50'

Can't load '/mnt/cpan_build_dir/goku/Inline-CPP-0.80-0/_Inline/lib/auto/_03inline_t_8d50/_03inline_t_8d50.so' for module _03inline_t_8d50: Cannot load specified object at /usr/libdata/perl5/i386-openbsd/DynaLoader.pm line 193.
 at /home/goku/perl5/lib/perl5/Inline.pm line 541.


 at t/grammar/03inline.t line 0.
INIT failed--call queue aborted.
t/grammar/03inline.t .................. 
Dubious, test returned 2 (wstat 512, 0x200)
No subtests run 
perl:/mnt/cpan_build_dir/goku/Inline-CPP-0.80-0/_Inline/lib/auto/_04const_t_6dfb/_04const_t_6dfb.so: undefined symbol '_Znwm'
perl:/mnt/cpan_build_dir/goku/Inline-CPP-0.80-0/_Inline/lib/auto/_04const_t_6dfb/_04const_t_6dfb.so: undefined symbol '_ZdlPv'
Had problems bootstrapping Inline module '_04const_t_6dfb'

Can't load '/mnt/cpan_build_dir/goku/Inline-CPP-0.80-0/_Inline/lib/auto/_04const_t_6dfb/_04const_t_6dfb.so' for module _04const_t_6dfb: Cannot load specified object at /usr/libdata/perl5/i386-openbsd/DynaLoader.pm line 193.
 at /home/goku/perl5/lib/perl5/Inline.pm line 541.


 at t/grammar/04const.t line 8.
BEGIN failed--compilation aborted at t/grammar/04const.t line 8.
t/grammar/04const.t ................... 
Dubious, test returned 2 (wstat 512, 0x200)
No subtests run 
perl:/mnt/cpan_build_dir/goku/Inline-CPP-0.80-0/_Inline/lib/auto/_05virt_t_b068/_05virt_t_b068.so: undefined symbol '_ZTVN10__cxxabiv117__class_type_infoE'
perl:/mnt/cpan_build_dir/goku/Inline-CPP-0.80-0/_Inline/lib/auto/_05virt_t_b068/_05virt_t_b068.so: undefined symbol '_Znwm'
perl:/mnt/cpan_build_dir/goku/Inline-CPP-0.80-0/_Inline/lib/auto/_05virt_t_b068/_05virt_t_b068.so: undefined symbol '_ZdlPv'
Had problems bootstrapping Inline module '_05virt_t_b068'

Can't load '/mnt/cpan_build_dir/goku/Inline-CPP-0.80-0/_Inline/lib/auto/_05virt_t_b068/_05virt_t_b068.so' for module _05virt_t_b068: Cannot load specified object at /usr/libdata/perl5/i386-openbsd/DynaLoader.pm line 193.
 at /home/goku/perl5/lib/perl5/Inline.pm line 541.


 at t/grammar/05virt.t line 9.
BEGIN failed--compilation aborted at t/grammar/05virt.t line 9.
t/grammar/05virt.t .................... 
Dubious, test returned 2 (wstat 512, 0x200)
No subtests run 
perl:/mnt/cpan_build_dir/goku/Inline-CPP-0.80-0/_Inline/lib/auto/_06deflt_t_ec34/_06deflt_t_ec34.so: undefined symbol '_Znwm'
perl:/mnt/cpan_build_dir/goku/Inline-CPP-0.80-0/_Inline/lib/auto/_06deflt_t_ec34/_06deflt_t_ec34.so: undefined symbol '_ZdlPv'
Had problems bootstrapping Inline module '_06deflt_t_ec34'

Can't load '/mnt/cpan_build_dir/goku/Inline-CPP-0.80-0/_Inline/lib/auto/_06deflt_t_ec34/_06deflt_t_ec34.so' for module _06deflt_t_ec34: Cannot load specified object at /usr/libdata/perl5/i386-openbsd/DynaLoader.pm line 193.
 at /home/goku/perl5/lib/perl5/Inline.pm line 541.


 at t/grammar/06deflt.t line 8.
BEGIN failed--compilation aborted at t/grammar/06deflt.t line 8.
t/grammar/06deflt.t ................... 
Dubious, test returned 2 (wstat 512, 0x200)
No subtests run 
perl:/mnt/cpan_build_dir/goku/Inline-CPP-0.80-0/_Inline/lib/auto/_07static_t_c23f/_07static_t_c23f.so: undefined symbol '_Znwm'
perl:/mnt/cpan_build_dir/goku/Inline-CPP-0.80-0/_Inline/lib/auto/_07static_t_c23f/_07static_t_c23f.so: undefined symbol '_ZdlPv'
Had problems bootstrapping Inline module '_07static_t_c23f'

Can't load '/mnt/cpan_build_dir/goku/Inline-CPP-0.80-0/_Inline/lib/auto/_07static_t_c23f/_07static_t_c23f.so' for module _07static_t_c23f: Cannot load specified object at /usr/libdata/perl5/i386-openbsd/DynaLoader.pm line 193.
 at /home/goku/perl5/lib/perl5/Inline.pm line 541.


 at t/grammar/07static.t line 8.
BEGIN failed--compilation aborted at t/grammar/07static.t line 8.
t/grammar/07static.t .................. 
Dubious, test returned 2 (wstat 512, 0x200)
No subtests run 
perl:/mnt/cpan_build_dir/goku/Inline-CPP-0.80-0/_Inline/lib/auto/_08anon_t_4f1e/_08anon_t_4f1e.so: undefined symbol '_Znwm'
perl:/mnt/cpan_build_dir/goku/Inline-CPP-0.80-0/_Inline/lib/auto/_08anon_t_4f1e/_08anon_t_4f1e.so: undefined symbol '_ZdlPv'
Had problems bootstrapping Inline module '_08anon_t_4f1e'

Can't load '/mnt/cpan_build_dir/goku/Inline-CPP-0.80-0/_Inline/lib/auto/_08anon_t_4f1e/_08anon_t_4f1e.so' for module _08anon_t_4f1e: Cannot load specified object at /usr/libdata/perl5/i386-openbsd/DynaLoader.pm line 193.
 at /home/goku/perl5/lib/perl5/Inline.pm line 541.


 at t/grammar/08anon.t line 8.
BEGIN failed--compilation aborted at t/grammar/08anon.t line 8.
t/grammar/08anon.t .................... 
Dubious, test returned 2 (wstat 512, 0x200)
No subtests run 
perl:/mnt/cpan_build_dir/goku/Inline-CPP-0.80-0/_Inline/lib/auto/_09purevt_t_9f07/_09purevt_t_9f07.so: undefined symbol '_ZTVN10__cxxabiv117__class_type_infoE'
perl:/mnt/cpan_build_dir/goku/Inline-CPP-0.80-0/_Inline/lib/auto/_09purevt_t_9f07/_09purevt_t_9f07.so: undefined symbol '_ZTVN10__cxxabiv120__si_class_type_infoE'
perl:/mnt/cpan_build_dir/goku/Inline-CPP-0.80-0/_Inline/lib/auto/_09purevt_t_9f07/_09purevt_t_9f07.so: undefined symbol '__gxx_personality_v0'
perl:/mnt/cpan_build_dir/goku/Inline-CPP-0.80-0/_Inline/lib/auto/_09purevt_t_9f07/_09purevt_t_9f07.so: undefined symbol '_ZdlPv'
perl:/mnt/cpan_build_dir/goku/Inline-CPP-0.80-0/_Inline/lib/auto/_09purevt_t_9f07/_09purevt_t_9f07.so: undefined symbol '_Unwind_Resume'
perl:/mnt/cpan_build_dir/goku/Inline-CPP-0.80-0/_Inline/lib/auto/_09purevt_t_9f07/_09purevt_t_9f07.so: undefined symbol '_Znwm'
Had problems bootstrapping Inline module '_09purevt_t_9f07'

Can't load '/mnt/cpan_build_dir/goku/Inline-CPP-0.80-0/_Inline/lib/auto/_09purevt_t_9f07/_09purevt_t_9f07.so' for module _09purevt_t_9f07: Cannot load specified object at /usr/libdata/perl5/i386-openbsd/DynaLoader.pm line 193.
 at /home/goku/perl5/lib/perl5/Inline.pm line 541.


 at t/grammar/09purevt.t line 12.
BEGIN failed--compilation aborted at t/grammar/09purevt.t line 12.
t/grammar/09purevt.t .................. 
Dubious, test returned 2 (wstat 512, 0x200)
No subtests run 
perl:/mnt/cpan_build_dir/goku/Inline-CPP-0.80-0/_Inline/lib/auto/_10struct_t_09e9/_10struct_t_09e9.so: undefined symbol '_Znwm'
perl:/mnt/cpan_build_dir/goku/Inline-CPP-0.80-0/_Inline/lib/auto/_10struct_t_09e9/_10struct_t_09e9.so: undefined symbol '_ZdlPv'
Had problems bootstrapping Inline module '_10struct_t_09e9'

Can't load '/mnt/cpan_build_dir/goku/Inline-CPP-0.80-0/_Inline/lib/auto/_10struct_t_09e9/_10struct_t_09e9.so' for module _10struct_t_09e9: Cannot load specified object at /usr/libdata/perl5/i386-openbsd/DynaLoader.pm line 193.
 at /home/goku/perl5/lib/perl5/Inline.pm line 541.


 at t/grammar/10struct.t line 8.
BEGIN failed--compilation aborted at t/grammar/10struct.t line 8.
t/grammar/10struct.t .................. 
Dubious, test returned 2 (wstat 512, 0x200)
No subtests run 
perl:/mnt/cpan_build_dir/goku/Inline-CPP-0.80-0/_Inline/lib/auto/_11minhrt_t_45c8/_11minhrt_t_45c8.so: undefined symbol '_ZTVN10__cxxabiv117__class_type_infoE'
perl:/mnt/cpan_build_dir/goku/Inline-CPP-0.80-0/_Inline/lib/auto/_11minhrt_t_45c8/_11minhrt_t_45c8.so: undefined symbol '_ZTVN10__cxxabiv117__class_type_infoE'
perl:/mnt/cpan_build_dir/goku/Inline-CPP-0.80-0/_Inline/lib/auto/_11minhrt_t_45c8/_11minhrt_t_45c8.so: undefined symbol '_ZTVN10__cxxabiv121__vmi_class_type_infoE'
perl:/mnt/cpan_build_dir/goku/Inline-CPP-0.80-0/_Inline/lib/auto/_11minhrt_t_45c8/_11minhrt_t_45c8.so: undefined symbol '_ZTVN10__cxxabiv121__vmi_class_type_infoE'
perl:/mnt/cpan_build_dir/goku/Inline-CPP-0.80-0/_Inline/lib/auto/_11minhrt_t_45c8/_11minhrt_t_45c8.so: undefined symbol '_Znwm'
perl:/mnt/cpan_build_dir/goku/Inline-CPP-0.80-0/_Inline/lib/auto/_11minhrt_t_45c8/_11minhrt_t_45c8.so: undefined symbol '_ZdlPv'
Had problems bootstrapping Inline module '_11minhrt_t_45c8'

Can't load '/mnt/cpan_build_dir/goku/Inline-CPP-0.80-0/_Inline/lib/auto/_11minhrt_t_45c8/_11minhrt_t_45c8.so' for module _11minhrt_t_45c8: Cannot load specified object at /usr/libdata/perl5/i386-openbsd/DynaLoader.pm line 193.
 at /home/goku/perl5/lib/perl5/Inline.pm line 541.


 at t/grammar/11minhrt.t line 0.
INIT failed--call queue aborted.
# Looks like your test exited with 2 before it could output anything.
t/grammar/11minhrt.t .................. 
Dubious, test returned 2 (wstat 512, 0x200)
Failed 38/38 subtests 
t/grammar/12retlst.t .................. ok
t/grammar/13vararg.t .................. ok
perl:/mnt/cpan_build_dir/goku/Inline-CPP-0.80-0/_Inline/lib/auto/_14const_t_294b/_14const_t_294b.so: undefined symbol '_Znwm'
perl:/mnt/cpan_build_dir/goku/Inline-CPP-0.80-0/_Inline/lib/auto/_14const_t_294b/_14const_t_294b.so: undefined symbol '_ZdlPv'
Had problems bootstrapping Inline module '_14const_t_294b'

Can't load '/mnt/cpan_build_dir/goku/Inline-CPP-0.80-0/_Inline/lib/auto/_14const_t_294b/_14const_t_294b.so' for module _14const_t_294b: Cannot load specified object at /usr/libdata/perl5/i386-openbsd/DynaLoader.pm line 193.
 at /home/goku/perl5/lib/perl5/Inline.pm line 541.


 at t/grammar/14const.t line 8.
BEGIN failed--compilation aborted at t/grammar/14const.t line 8.
t/grammar/14const.t ................... 
Dubious, test returned 2 (wstat 512, 0x200)
No subtests run 
perl:/mnt/cpan_build_dir/goku/Inline-CPP-0.80-0/_Inline/lib/auto/_15stvar_t_1f89/_15stvar_t_1f89.so: undefined symbol '_Znwm'
perl:/mnt/cpan_build_dir/goku/Inline-CPP-0.80-0/_Inline/lib/auto/_15stvar_t_1f89/_15stvar_t_1f89.so: undefined symbol '_ZdlPv'
Had problems bootstrapping Inline module '_15stvar_t_1f89'

Can't load '/mnt/cpan_build_dir/goku/Inline-CPP-0.80-0/_Inline/lib/auto/_15stvar_t_1f89/_15stvar_t_1f89.so' for module _15stvar_t_1f89: Cannot load specified object at /usr/libdata/perl5/i386-openbsd/DynaLoader.pm line 193.
 at /home/goku/perl5/lib/perl5/Inline.pm line 541.


 at t/grammar/15stvar.t line 9.
BEGIN failed--compilation aborted at t/grammar/15stvar.t line 9.
t/grammar/15stvar.t ................... 
Dubious, test returned 2 (wstat 512, 0x200)
No subtests run 
perl:/mnt/cpan_build_dir/goku/Inline-CPP-0.80-0/_Inline/lib/auto/_16varlst_t_0d77/_16varlst_t_0d77.so: undefined symbol '_Znwm'
perl:/mnt/cpan_build_dir/goku/Inline-CPP-0.80-0/_Inline/lib/auto/_16varlst_t_0d77/_16varlst_t_0d77.so: undefined symbol '_ZdlPv'
Had problems bootstrapping Inline module '_16varlst_t_0d77'

Can't load '/mnt/cpan_build_dir/goku/Inline-CPP-0.80-0/_Inline/lib/auto/_16varlst_t_0d77/_16varlst_t_0d77.so' for module _16varlst_t_0d77: Cannot load specified object at /usr/libdata/perl5/i386-openbsd/DynaLoader.pm line 193.
 at /home/goku/perl5/lib/perl5/Inline.pm line 541.


 at t/grammar/16varlst.t line 9.
BEGIN failed--compilation aborted at t/grammar/16varlst.t line 9.
t/grammar/16varlst.t .................. 
Dubious, test returned 2 (wstat 512, 0x200)
No subtests run 
perl:/mnt/cpan_build_dir/goku/Inline-CPP-0.80-0/_Inline/lib/auto/_17memberarray_t_8805/_17memberarray_t_8805.so: undefined symbol '_Znwm'
perl:/mnt/cpan_build_dir/goku/Inline-CPP-0.80-0/_Inline/lib/auto/_17memberarray_t_8805/_17memberarray_t_8805.so: undefined symbol '_ZdlPv'
Had problems bootstrapping Inline module '_17memberarray_t_8805'

Can't load '/mnt/cpan_build_dir/goku/Inline-CPP-0.80-0/_Inline/lib/auto/_17memberarray_t_8805/_17memberarray_t_8805.so' for module _17memberarray_t_8805: Cannot load specified object at /usr/libdata/perl5/i386-openbsd/DynaLoader.pm line 193.
 at /home/goku/perl5/lib/perl5/Inline.pm line 541.


 at t/grammar/17memberarray.t line 0.
INIT failed--call queue aborted.
t/grammar/17memberarray.t ............. 
Dubious, test returned 2 (wstat 512, 0x200)
No subtests run 
t/grammar/18namespace.t ............... ok
t/grammar/19multidimarray.t ........... ok
perl:/mnt/cpan_build_dir/goku/Inline-CPP-0.80-0/_Inline/lib/auto/_01empty_ns_is_main_t_7c4d/_01empty_ns_is_main_t_7c4d.so: undefined symbol '_Znwm'
perl:/mnt/cpan_build_dir/goku/Inline-CPP-0.80-0/_Inline/lib/auto/_01empty_ns_is_main_t_7c4d/_01empty_ns_is_main_t_7c4d.so: undefined symbol '_ZdlPv'
Had problems bootstrapping Inline module '_01empty_ns_is_main_t_7c4d'

Can't load '/mnt/cpan_build_dir/goku/Inline-CPP-0.80-0/_Inline/lib/auto/_01empty_ns_is_main_t_7c4d/_01empty_ns_is_main_t_7c4d.so' for module _01empty_ns_is_main_t_7c4d: Cannot load specified object at /usr/libdata/perl5/i386-openbsd/DynaLoader.pm line 193.
 at /home/goku/perl5/lib/perl5/Inline.pm line 541.


 at t/namespace/01empty_ns_is_main.t line 10.
BEGIN failed--compilation aborted at t/namespace/01empty_ns_is_main.t line 10.
t/namespace/01empty_ns_is_main.t ...... 
Dubious, test returned 2 (wstat 512, 0x200)
No subtests run 
perl:/mnt/cpan_build_dir/goku/Inline-CPP-0.80-0/_Inline/lib/auto/_02main_ns_is_main_t_7c4d/_02main_ns_is_main_t_7c4d.so: undefined symbol '_Znwm'
perl:/mnt/cpan_build_dir/goku/Inline-CPP-0.80-0/_Inline/lib/auto/_02main_ns_is_main_t_7c4d/_02main_ns_is_main_t_7c4d.so: undefined symbol '_ZdlPv'
Had problems bootstrapping Inline module '_02main_ns_is_main_t_7c4d'

Can't load '/mnt/cpan_build_dir/goku/Inline-CPP-0.80-0/_Inline/lib/auto/_02main_ns_is_main_t_7c4d/_02main_ns_is_main_t_7c4d.so' for module _02main_ns_is_main_t_7c4d: Cannot load specified object at /usr/libdata/perl5/i386-openbsd/DynaLoader.pm line 193.
 at /home/goku/perl5/lib/perl5/Inline.pm line 541.


 at t/namespace/02main_ns_is_main.t line 10.
BEGIN failed--compilation aborted at t/namespace/02main_ns_is_main.t line 10.
t/namespace/02main_ns_is_main.t ....... 
Dubious, test returned 2 (wstat 512, 0x200)
No subtests run 
perl:/mnt/cpan_build_dir/goku/Inline-CPP-0.80-0/_Inline/lib/auto/Ball_7c4d/Ball_7c4d.so: undefined symbol '_Znwm'
perl:/mnt/cpan_build_dir/goku/Inline-CPP-0.80-0/_Inline/lib/auto/Ball_7c4d/Ball_7c4d.so: undefined symbol '_ZdlPv'
Had problems bootstrapping Inline module 'Ball_7c4d'

Can't load '/mnt/cpan_build_dir/goku/Inline-CPP-0.80-0/_Inline/lib/auto/Ball_7c4d/Ball_7c4d.so' for module Ball_7c4d: Cannot load specified object at /usr/libdata/perl5/i386-openbsd/DynaLoader.pm line 193.
 at /home/goku/perl5/lib/perl5/Inline.pm line 541.


 at t/namespace/03baz_ns_is_baz.t line 10.
BEGIN failed--compilation aborted at t/namespace/03baz_ns_is_baz.t line 10.
t/namespace/03baz_ns_is_baz.t ......... 
Dubious, test returned 2 (wstat 512, 0x200)
No subtests run 
perl:/mnt/cpan_build_dir/goku/Inline-CPP-0.80-0/_Inline/lib/auto/Bar_7c4d/Bar_7c4d.so: undefined symbol '_Znwm'
perl:/mnt/cpan_build_dir/goku/Inline-CPP-0.80-0/_Inline/lib/auto/Bar_7c4d/Bar_7c4d.so: undefined symbol '_ZdlPv'
Had problems bootstrapping Inline module 'Bar_7c4d'

Can't load '/mnt/cpan_build_dir/goku/Inline-CPP-0.80-0/_Inline/lib/auto/Bar_7c4d/Bar_7c4d.so' for module Bar_7c4d: Cannot load specified object at /usr/libdata/perl5/i386-openbsd/DynaLoader.pm line 193.
 at /home/goku/perl5/lib/perl5/Inline.pm line 541.


 at t/namespace/04invoke_from_non_main.t line 10.
BEGIN failed--compilation aborted at t/namespace/04invoke_from_non_main.t line 10.
t/namespace/04invoke_from_non_main.t .. 
Dubious, test returned 2 (wstat 512, 0x200)
No subtests run 
t/namespace/05invalid_ns.t ............ ok
perl:/mnt/cpan_build_dir/goku/Inline-CPP-0.80-0/_Inline/lib/auto/Foo_7c4d/Foo_7c4d.so: undefined symbol '_Znwm'
perl:/mnt/cpan_build_dir/goku/Inline-CPP-0.80-0/_Inline/lib/auto/Foo_7c4d/Foo_7c4d.so: undefined symbol '_ZdlPv'
Had problems bootstrapping Inline module 'Foo_7c4d'

Can't load '/mnt/cpan_build_dir/goku/Inline-CPP-0.80-0/_Inline/lib/auto/Foo_7c4d/Foo_7c4d.so' for module Foo_7c4d: Cannot load specified object at /usr/libdata/perl5/i386-openbsd/DynaLoader.pm line 193.
 at /home/goku/perl5/lib/perl5/Inline.pm line 541.


 at t/namespace/06inherit.t line 12.
BEGIN failed--compilation aborted at t/namespace/06inherit.t line 12.
t/namespace/06inherit.t ............... 
Dubious, test returned 2 (wstat 512, 0x200)
No subtests run 

Test Summary Report
-------------------
t/02basic.t                         (Wstat: 512 (exited 2) Tests: 0 Failed: 0)
  Non-zero exit status: 2
  Parse errors: Bad plan.  You planned 12 tests but ran 0.
t/03prefix.t                        (Wstat: 512 (exited 2) Tests: 0 Failed: 0)
  Non-zero exit status: 2
  Parse errors: Bad plan.  You planned 4 tests but ran 0.
t/04charptr.t                       (Wstat: 512 (exited 2) Tests: 0 Failed: 0)
  Non-zero exit status: 2
  Parse errors: Bad plan.  You planned 2 tests but ran 0.
t/08cppguess.t                      (Wstat: 0 Tests: 2 Failed: 0)
  TODO passed:   2
t/classes/01empty_ns_is_main.t      (Wstat: 512 (exited 2) Tests: 0 Failed: 0)
  Non-zero exit status: 2
  Parse errors: No plan found in TAP output
t/classes/02main_ns_is_main.t       (Wstat: 512 (exited 2) Tests: 0 Failed: 0)
  Non-zero exit status: 2
  Parse errors: No plan found in TAP output
t/classes/03baz_ns_is_baz.t         (Wstat: 512 (exited 2) Tests: 0 Failed: 0)
  Non-zero exit status: 2
  Parse errors: No plan found in TAP output
t/classes/04invoke_from_non_main.t  (Wstat: 512 (exited 2) Tests: 0 Failed: 0)
  Non-zero exit status: 2
  Parse errors: No plan found in TAP output
t/classes/06inherit.t               (Wstat: 512 (exited 2) Tests: 0 Failed: 0)
  Non-zero exit status: 2
  Parse errors: No plan found in TAP output
t/classes/08auto.t                  (Wstat: 512 (exited 2) Tests: 0 Failed: 0)
  Non-zero exit status: 2
  Parse errors: No plan found in TAP output
t/classes/09auto_mixed.t            (Wstat: 512 (exited 2) Tests: 0 Failed: 0)
  Non-zero exit status: 2
  Parse errors: Bad plan.  You planned 5 tests but ran 0.
t/classes/10auto_inherit.t          (Wstat: 512 (exited 2) Tests: 0 Failed: 0)
  Non-zero exit status: 2
  Parse errors: Bad plan.  You planned 28 tests but ran 0.
t/grammar/01nherit.t                (Wstat: 512 (exited 2) Tests: 0 Failed: 0)
  Non-zero exit status: 2
  Parse errors: No plan found in TAP output
t/grammar/02scope.t                 (Wstat: 512 (exited 2) Tests: 0 Failed: 0)
  Non-zero exit status: 2
  Parse errors: No plan found in TAP output
t/grammar/03inline.t                (Wstat: 512 (exited 2) Tests: 0 Failed: 0)
  Non-zero exit status: 2
  Parse errors: No plan found in TAP output
t/grammar/04const.t                 (Wstat: 512 (exited 2) Tests: 0 Failed: 0)
  Non-zero exit status: 2
  Parse errors: No plan found in TAP output
t/grammar/05virt.t                  (Wstat: 512 (exited 2) Tests: 0 Failed: 0)
  Non-zero exit status: 2
  Parse errors: No plan found in TAP output
t/grammar/06deflt.t                 (Wstat: 512 (exited 2) Tests: 0 Failed: 0)
  Non-zero exit status: 2
  Parse errors: No plan found in TAP output
t/grammar/07static.t                (Wstat: 512 (exited 2) Tests: 0 Failed: 0)
  Non-zero exit status: 2
  Parse errors: No plan found in TAP output
t/grammar/08anon.t                  (Wstat: 512 (exited 2) Tests: 0 Failed: 0)
  Non-zero exit status: 2
  Parse errors: No plan found in TAP output
t/grammar/09purevt.t                (Wstat: 512 (exited 2) Tests: 0 Failed: 0)
  Non-zero exit status: 2
  Parse errors: No plan found in TAP output
t/grammar/10struct.t                (Wstat: 512 (exited 2) Tests: 0 Failed: 0)
  Non-zero exit status: 2
  Parse errors: No plan found in TAP output
t/grammar/11minhrt.t                (Wstat: 512 (exited 2) Tests: 0 Failed: 0)
  Non-zero exit status: 2
  Parse errors: Bad plan.  You planned 38 tests but ran 0.
t/grammar/14const.t                 (Wstat: 512 (exited 2) Tests: 0 Failed: 0)
  Non-zero exit status: 2
  Parse errors: No plan found in TAP output
t/grammar/15stvar.t                 (Wstat: 512 (exited 2) Tests: 0 Failed: 0)
  Non-zero exit status: 2
  Parse errors: No plan found in TAP output
t/grammar/16varlst.t                (Wstat: 512 (exited 2) Tests: 0 Failed: 0)
  Non-zero exit status: 2
  Parse errors: No plan found in TAP output
t/grammar/17memberarray.t           (Wstat: 512 (exited 2) Tests: 0 Failed: 0)
  Non-zero exit status: 2
  Parse errors: No plan found in TAP output
t/namespace/01empty_ns_is_main.t    (Wstat: 512 (exited 2) Tests: 0 Failed: 0)
  Non-zero exit status: 2
  Parse errors: No plan found in TAP output
t/namespace/02main_ns_is_main.t     (Wstat: 512 (exited 2) Tests: 0 Failed: 0)
  Non-zero exit status: 2
  Parse errors: No plan found in TAP output
t/namespace/03baz_ns_is_baz.t       (Wstat: 512 (exited 2) Tests: 0 Failed: 0)
  Non-zero exit status: 2
  Parse errors: No plan found in TAP output
t/namespace/04invoke_from_non_main.t (Wstat: 512 (exited 2) Tests: 0 Failed: 0)
  Non-zero exit status: 2
  Parse errors: No plan found in TAP output
t/namespace/06inherit.t             (Wstat: 512 (exited 2) Tests: 0 Failed: 0)
  Non-zero exit status: 2
  Parse errors: No plan found in TAP output
Files=45, Tests=40, 131 wallclock secs ( 0.10 usr  0.18 sys + 83.63 cusr 41.56 csys = 125.47 CPU)
Result: FAIL
Failed 31/45 test programs. 0/40 subtests failed.
*** Error 2 in /mnt/cpan_build_dir/goku/Inline-CPP-0.80-0 (Makefile:935 'test_dynamic')

------------------------------
PREREQUISITES
------------------------------

Prerequisite modules loaded:

requires:

    Module              Need     Have    
    ------------------- -------- --------
    Carp                0        1.50    
    Config              0        5.032001
    Inline              0.82     0.86    
    Inline::C           0.80     0.82_001
    Parse::RecDescent   0        1.967015
    perl                5.008001 5.032001

build_requires:

    Module              Need     Have    
    ------------------- -------- --------
    ExtUtils::MakeMaker 0        7.65_01 
    File::Temp          0        0.2311  
    FindBin             0        1.51    
    Test::More          1.001009 1.302190

configure_requires:

    Module              Need     Have    
    ------------------- -------- --------
    ExtUtils::CppGuess  0.15     0.26    
    ExtUtils::MakeMaker 7.04     7.65_01 


------------------------------
ENVIRONMENT AND OTHER CONTEXT
------------------------------

Environment variables:

    AUTOMATED_TESTING = 1
    PATH = /home/goku/perl5/bin:/usr/bin:/bin:/usr/sbin:/sbin:/usr/X11R6/bin:/usr/local/bin:/usr/local/sbin
    PERL5LIB = /home/goku/perl5/lib/perl5
    PERL5OPT = 
    PERL5_CPANPLUS_IS_RUNNING = 43550
    PERL5_CPAN_IS_RUNNING = 43550
    PERL5_CPAN_IS_RUNNING_IN_RECURSION = 6441,43550
    PERL_CR_SMOKER_CURRENT = Alien-Kiwisolver-0.003
    PERL_EXTUTILS_AUTOINSTALL = --defaultdeps
    PERL_LOCAL_LIB_ROOT = /home/goku/perl5
    PERL_MB_OPT = --install_base "/home/goku/perl5"
    PERL_MM_OPT = INSTALL_BASE=/home/goku/perl5
    PERL_MM_USE_DEFAULT = 1
    PERL_USE_UNSAFE_INC = 1
    SHELL = /bin/ksh
    TERM = xterm-256color

Perl special variables (and OS-specific diagnostics, for MSWin32):

    $^X = /usr/bin/perl
    $UID/$EUID = 1001 / 1001
    $GID = 1002 1002 1001
    $EGID = 1002 1002 1001

Perl module toolchain versions installed:

    Module              Have    
    ------------------- --------
    CPAN                2.34    
    CPAN::Meta          2.150010
    Cwd                 3.78    
    ExtUtils::CBuilder  0.280236
    ExtUtils::Command   7.65_01 
    ExtUtils::Install   2.20    
    ExtUtils::MakeMaker 7.65_01 
    ExtUtils::Manifest  1.72    
    ExtUtils::ParseXS   3.44    
    File::Spec          3.78    
    JSON                4.06    
    JSON::PP            4.09    
    Module::Build       0.4231  
    Module::Signature   n/a     
    Parse::CPAN::Meta   2.150010
    Test::Harness       3.44    
    Test::More          1.302190
    YAML                1.30    
    YAML::Syck          1.34    
    version             0.9924  


--

Summary of my perl5 (revision 5 version 32 subversion 1) configuration:
   
  Platform:
    osname=openbsd
    osvers=7.1
    archname=i386-openbsd
    uname='openbsd'
    config_args='-dse -Dopenbsd_distribution=defined -Dmksymlinks'
    hint=recommended
    useposix=true
    d_sigaction=define
    useithreads=undef
    usemultiplicity=undef
    use64bitint=undef
    use64bitall=undef
    uselongdouble=undef
    usemymalloc=n
    default_inc_excludes_dot=define
    bincompat5005=undef
  Compiler:
    cc='cc'
    ccflags ='-DNO_LOCALE_NUMERIC -DNO_LOCALE_COLLATE -fno-strict-aliasing -fno-delete-null-pointer-checks -pipe -fstack-protector-strong -I/usr/local/include'
    optimize='-O2'
    cppflags='-DBIG_TIME -DNO_LOCALE_NUMERIC -DNO_LOCALE_COLLATE -fno-strict-aliasing -fno-delete-null-pointer-checks -pipe -fstack-protector-strong -I/usr/local/include'
    ccversion=''
    gccversion='OpenBSD Clang 13.0.0'
    gccosandvers=''
    intsize=4
    longsize=4
    ptrsize=4
    doublesize=8
    byteorder=1234
    doublekind=3
    d_longlong=define
    longlongsize=8
    d_longdbl=define
    longdblsize=12
    longdblkind=3
    ivtype='long'
    ivsize=4
    nvtype='double'
    nvsize=8
    Off_t='off_t'
    lseeksize=8
    alignbytes=4
    prototype=define
  Linker and Libraries:
    ld='cc'
    ldflags ='-Wl,-E  -fstack-protector-strong -L/usr/local/lib'
    libpth=/usr/lib /usr/lib/clang/13.0.0/lib /usr/lib
    libs=-lm -lc
    perllibs=-lm -lc
    libc=/usr/lib/libc.so.96.1
    so=so
    useshrplib=true
    libperl=libperl.so.22.0
    gnulibc_version=''
  Dynamic Linking:
    dlsrc=dl_dlopen.xs
    dlext=so
    d_dlsymun=undef
    ccdlflags='-Wl,-R/usr/libdata/perl5/i386-openbsd/CORE'
    cccdlflags='-DPIC -fpic '
    lddlflags='-shared -fpic  -fstack-protector-strong -L/usr/local/lib'


Characteristics of this binary (from libperl): 
  Compile-time options:
    HAS_TIMES
    PERLIO_LAYERS
    PERL_COPY_ON_WRITE
    PERL_DONT_CREATE_GVSV
    PERL_MALLOC_WRAP
    PERL_OP_PARENT
    PERL_PRESERVE_IVUV
    USE_LARGE_FILES
    USE_LOCALE
    USE_LOCALE_CTYPE
    USE_LOCALE_TIME
    USE_PERLIO
    USE_PERL_ATOF
  Built under openbsd
  %ENV:
    PERL5LIB="/home/goku/perl5/lib/perl5"
    PERL5OPT=""
    PERL5_CPANPLUS_IS_RUNNING="43550"
    PERL5_CPAN_IS_RUNNING="43550"
    PERL5_CPAN_IS_RUNNING_IN_RECURSION="6441,43550"
    PERL_CR_SMOKER_CURRENT="Alien-Kiwisolver-0.003"
    PERL_EXTUTILS_AUTOINSTALL="--defaultdeps"
    PERL_LOCAL_LIB_ROOT="/home/goku/perl5"
    PERL_MB_OPT="--install_base "/home/goku/perl5""
    PERL_MM_OPT="INSTALL_BASE=/home/goku/perl5"
    PERL_MM_USE_DEFAULT="1"
    PERL_USE_UNSAFE_INC="1"
  @INC:
    /home/goku/perl5/lib/perl5/i386-openbsd
    /home/goku/perl5/lib/perl5
    /usr/local/libdata/perl5/site_perl/i386-openbsd
    /usr/local/libdata/perl5/site_perl
    /usr/libdata/perl5/i386-openbsd
    /usr/libdata/perl5
    .