Back
From: metabase:user:320bfe00-2aae-11df-837a-5e0a49663a4f
Subject: FAIL Tree-Persist-1.07 v5.16.3 GNU/Linux
Date: 2013-06-21T05:47:45Z
This distribution has been tested as part of the CPAN Testers
project, supporting the Perl programming language. See
http://wiki.cpantesters.org/ for more information or email
questions to cpan-testers-discuss@perl.org
--
Dear Ron Savage,
This is a computer-generated report for Tree-Persist-1.07
on perl 5.16.3, created by CPAN-Reporter-1.2010.
Thank you for uploading your work to CPAN. However, there was a problem
testing your distribution.
If you think this report is invalid, please consult the CPAN Testers Wiki
for suggestions on how to avoid getting FAIL reports for missing library
or binary dependencies, unsupported operating systems, and so on:
http://wiki.cpantesters.org/wiki/CPANAuthorNotes
Sections of this report:
* Tester comments
* Program output
* Prerequisites
* Environment and other context
------------------------------
TESTER COMMENTS
------------------------------
Additional comments from tester:
this report is from an automated smoke testing program
and was not reviewed by a human for accuracy
------------------------------
PROGRAM OUTPUT
------------------------------
Output from './Build test':
t/add_from_db.t .......... ok
t/associate_with_db.t .... ok
Cannot open '/tmp/temp.Kh5D/save1.xml' for writing: Permission denied
# Looks like you planned 15 tests but ran 10.
# Looks like your test exited with 13 just after 10.
t/associate_with_file.t ..
Dubious, test returned 13 (wstat 3328, 0xd00)
Failed 5/15 subtests
Cannot open '/tmp/temp.kVhq/save1.xml' for writing: Permission denied
# Looks like you planned 20 tests but ran 9.
# Looks like your test exited with 13 just after 9.
t/autocommit.t ...........
Dubious, test returned 13 (wstat 3328, 0xd00)
Failed 11/20 subtests
t/interface.t ............ ok
t/load_from_db.t ......... ok
t/load_from_file.t ....... ok
t/pod.t .................. ok
t/pod_coverage.t ......... ok
t/save_and_load.t ........ ok
t/save_to_db.t ........... ok
t/save_to_file.t ......... ok
Test Summary Report
-------------------
t/associate_with_file.t (Wstat: 3328 Tests: 10 Failed: 0)
Non-zero exit status: 13
Parse errors: Bad plan. You planned 15 tests but ran 10.
t/autocommit.t (Wstat: 3328 Tests: 9 Failed: 0)
Non-zero exit status: 13
Parse errors: Bad plan. You planned 20 tests but ran 9.
Files=12, Tests=155, 1 wallclock secs ( 0.06 usr 0.03 sys + 0.84 cusr 0.09 csys = 1.02 CPU)
Result: FAIL
Failed 2/12 test programs. 0/155 subtests failed.
------------------------------
PREREQUISITES
------------------------------
Prerequisite modules loaded:
requires:
Module Need Have
--------------------- -------- --------
base 0 2.18
DBI 1.627 1.627
File::Copy 0.01 2.23
File::Spec 0.01 3.40
File::Spec::Functions 0.01 3.40
File::Temp 0.01 0.2301
Module::Runtime 0.013 0.013
perl 5.006000 5.016003
Scalar::Util 1.1 1.27
strict 0 1.07
Test::File 1.1 1.34
Test::File::Contents 0.02 0.20
Tree 1.05 1.05
warnings 0 1.13
XML::Parser 2.41 2.41
build_requires:
Module Need Have
--------------------- -------- --------
Test::More 0.96 0.98
configure_requires:
Module Need Have
--------------------- -------- --------
Module::Build 0.38 0.4005
------------------------------
ENVIRONMENT AND OTHER CONTEXT
------------------------------
Environment variables:
AUTOMATED_TESTING = 1
LANG = en_US.UTF-8
LANGUAGE = en_US:en
PATH = /usr/lib/ccache:/home/sand/bin:/usr/local/bin:/usr/bin:/bin:/usr/bin/X11:/usr/games:/usr/local/perl/bin:/usr/X11/bin:/sbin:/usr/sbin
PERL5LIB =
PERL5OPT =
PERL5_CPANPLUS_IS_RUNNING = 24912
PERL5_CPAN_IS_RUNNING = 24912
PERL_MM_USE_DEFAULT = 1
SHELL = /usr/bin/zsh
TERM = screen
Perl special variables (and OS-specific diagnostics, for MSWin32):
$^X = /home/sand/src/perl/repoperls/installed-perls/perl/v5.16.3/9980/bin/perl
$UID/$EUID = 1005 / 1005
$GID = 1005 1005
$EGID = 1005 1005
Perl module toolchain versions installed:
Module Have
------------------- --------
CPAN 2.00
CPAN::Meta 2.131560
Cwd 3.40
ExtUtils::CBuilder 0.280206
ExtUtils::Command 1.17
ExtUtils::Install 1.58
ExtUtils::MakeMaker 6.69_01
ExtUtils::Manifest 1.61
ExtUtils::ParseXS 3.18_04
File::Spec 3.40
JSON 2.59
JSON::PP 2.27202
Module::Build 0.4005
Module::Signature 0.73
Parse::CPAN::Meta 1.4404
Test::Harness 3.28
Test::More 0.98
YAML 0.84
YAML::Syck 1.27
version 0.9902
--
Summary of my perl5 (revision 5 version 16 subversion 3) configuration:
Commit id: fd04d42d38f4751b981eb6e9213ee1ab8ef11ea6
Platform:
osname=linux, osvers=3.2.0-4-amd64, archname=x86_64-linux-thread-multi
uname='linux k83 3.2.0-4-amd64 #1 smp debian 3.2.39-2 x86_64 gnulinux '
config_args='-Dprefix=/home/src/perl/repoperls/installed-perls/perl/v5.16.3/9980 -Dmyhostname=k83 -Dinstallusrbinperl=n -Uversiononly -Dusedevel -des -Ui_db -Duseithreads -Uuselongdouble -DDEBUGGING=-g'
hint=recommended, useposix=true, d_sigaction=define
useithreads=define, usemultiplicity=define
useperlio=define, d_sfio=undef, uselargefiles=define, usesocks=undef
use64bitint=define, use64bitall=define, uselongdouble=undef
usemymalloc=n, bincompat5005=undef
Compiler:
cc='cc', ccflags ='-D_REENTRANT -D_GNU_SOURCE -fno-strict-aliasing -pipe -fstack-protector -I/usr/local/include -D_LARGEFILE_SOURCE -D_FILE_OFFSET_BITS=64',
optimize='-O2 -g',
cppflags='-D_REENTRANT -D_GNU_SOURCE -fno-strict-aliasing -pipe -fstack-protector -I/usr/local/include'
ccversion='', gccversion='4.7.2', gccosandvers=''
intsize=4, longsize=8, ptrsize=8, doublesize=8, byteorder=12345678
d_longlong=define, longlongsize=8, d_longdbl=define, longdblsize=16
ivtype='long', ivsize=8, nvtype='double', nvsize=8, Off_t='off_t', lseeksize=8
alignbytes=8, prototype=define
Linker and Libraries:
ld='cc', ldflags =' -fstack-protector -L/usr/local/lib'
libpth=/usr/local/lib /lib/x86_64-linux-gnu /lib/../lib /usr/lib/x86_64-linux-gnu /usr/lib/../lib /lib /usr/lib
libs=-lnsl -lgdbm -ldb -ldl -lm -lcrypt -lutil -lpthread -lc -lgdbm_compat
perllibs=-lnsl -ldl -lm -lcrypt -lutil -lpthread -lc
libc=, so=so, useshrplib=false, libperl=libperl.a
gnulibc_version='2.13'
Dynamic Linking:
dlsrc=dl_dlopen.xs, dlext=so, d_dlsymun=undef, ccdlflags='-Wl,-E'
cccdlflags='-fPIC', lddlflags='-shared -O2 -g -L/usr/local/lib -fstack-protector'
Characteristics of this binary (from libperl):
Compile-time options: HAS_TIMES MULTIPLICITY PERLIO_LAYERS
PERL_DONT_CREATE_GVSV PERL_IMPLICIT_CONTEXT
PERL_MALLOC_WRAP PERL_PRESERVE_IVUV PERL_USE_DEVEL
USE_64_BIT_ALL USE_64_BIT_INT USE_ITHREADS
USE_LARGE_FILES USE_LOCALE USE_LOCALE_COLLATE
USE_LOCALE_CTYPE USE_LOCALE_NUMERIC USE_PERLIO
USE_PERL_ATOF USE_REENTRANT_API
Built under linux
Compiled at Mar 13 2013 08:11:15
%ENV:
PERL5LIB=""
PERL5OPT=""
PERL5_CPANPLUS_IS_RUNNING="24912"
PERL5_CPAN_IS_RUNNING="24912"
PERL_MM_USE_DEFAULT="1"
@INC:
/home/src/perl/repoperls/installed-perls/perl/v5.16.3/9980/lib/site_perl/5.16.3/x86_64-linux-thread-multi
/home/src/perl/repoperls/installed-perls/perl/v5.16.3/9980/lib/site_perl/5.16.3
/home/src/perl/repoperls/installed-perls/perl/v5.16.3/9980/lib/5.16.3/x86_64-linux-thread-multi
/home/src/perl/repoperls/installed-perls/perl/v5.16.3/9980/lib/5.16.3
.