Back
From: metabase:user:314402c4-2aae-11df-837a-5e0a49663a4f
Subject: FAIL Test-AutoBuild-1.2.4 v5.18.4 GNU/Linux
Date: 2015-02-08T09:16:00Z
This distribution has been tested as part of the CPAN Testers
project, supporting the Perl programming language. See
http://wiki.cpantesters.org/ for more information or email
questions to cpan-testers-discuss@perl.org
--
Dear Daniel P. Berrange,
This is a computer-generated report for Test-AutoBuild-1.2.4
on perl 5.18.4, created by CPAN-Reporter-1.2011.
Thank you for uploading your work to CPAN. However, there was a problem
testing your distribution.
If you think this report is invalid, please consult the CPAN Testers Wiki
for suggestions on how to avoid getting FAIL reports for missing library
or binary dependencies, unsupported operating systems, and so on:
http://wiki.cpantesters.org/wiki/CPANAuthorNotes
Sections of this report:
* Tester comments
* Program output
* Prerequisites
* Environment and other context
------------------------------
TESTER COMMENTS
------------------------------
Additional comments from tester:
none provided
------------------------------
PROGRAM OUTPUT
------------------------------
Output from '/usr/bin/make test':
if [ -d "/usr/share/selinux/devel" -a "0" = "1" ] ; then make -C conf/selinux ; fi
PERL_DL_NONLAZY=1 "/opt/perl-5.18.4/bin/perl" "-MExtUtils::Command::MM" "-MTest::Harness" "-e" "undef *Test::Harness::Switches; test_harness(0, 'blib/lib', 'blib/arch')" t/*.t
# Failed test 'POD test for blib/script/auto-build'
# at /opt/perl-5.18.4/lib/site_perl/5.18.4/Test/Pod.pm line 186.
# blib/script/auto-build (283): Expected text after =item, not a number
# blib/script/auto-build (288): Expected text after =item, not a number
# blib/script/auto-build (293): Expected text after =item, not a number
# blib/script/auto-build (297): Expected text after =item, not a number
# Looks like you failed 1 test of 70.
t/005-pod.t ....................
Dubious, test returned 1 (wstat 256, 0x100)
Failed 1/70 subtests
t/008-meta.t ................... ok
t/010-pod-coverage.t ........... skipped: Disable coverage testing until POD is more complete
t/030-Platform.t ............... ok
t/040-Monitor.t ................ ok
t/050-Runtime.t ................ ok
t/060-Result.t ................. ok
t/061-Archive.t ................ ok
t/062-ArchiveManager.t ......... ok
t/063-Archive-File.t ........... ok
t/064-ArchiveManager-File.t .... ok
t/070-Lib.t .................... ok
t/080-PackageType.t ............ ok
t/090-Package.t ................ ok
t/100-Module.t ................. ok
t/105-Module-Archiving.t ....... ok
t/107-Module-Build.t ........... ok
t/110-Repository-Bzr.t ......... ok
t/110-Repository-CVS.t ......... ok
t/110-Repository-Darcs.t ....... ok
t/110-Repository-Disk.t ........ ok
t/110-Repository-Git.t ......... ok
t/110-Repository-GNUArch.t ..... ok
t/110-Repository-Mercurial.t ... ok
t/110-Repository-Monotone.t .... ok
t/110-Repository-Perforce.t .... ok
t/110-Repository-SVN.t ......... ok
t/110-Repository.t ............. ok
t/120-Monitor-Command.t ........ ok
t/120-Monitor-Log4perl.t ....... ok
t/120-Monitor-Pipe.t ........... ok
t/130-Publisher.t .............. ok
t/131-Publisher-Copy.t ......... ok
t/140-Lock.t ................... ok
t/145-Stage.t .................. ok
t/150-Stage-Apt.t .............. ok
t/150-Stage-ArtifactCopier.t ... ok
t/150-Stage-Build.t ............ ok
t/150-Stage-CleanBuildRoots.t .. ok
t/150-Stage-CleanPackages.t .... ok
# Test zero
# Global one
# Global two
# Global three
# Global four
# Global five
# Global six
# Global seven
# Module one
# Module two
# Module three
# Module four
# Module five
# Module six
# Module seven
t/150-Stage-EmailAlert.t ....... ok
t/150-Stage-GetSource.t ........ ok
t/150-Stage-Group.t ............ ok
t/150-Stage-HTMLStatus.t ....... ok
t/150-Stage-ISOBuilder.t ....... ok
t/150-Stage-Iterator.t ......... ok
t/150-Stage-LogCopier.t ........ ok
t/150-Stage-PackageCopier.t .... ok
t/150-Stage-SetNice.t .......... ok
t/150-Stage-Test.t ............. ok
t/200-AutoBuild.t .............. ok
Test Summary Report
-------------------
t/005-pod.t (Wstat: 256 Tests: 70 Failed: 1)
Failed test: 2
Non-zero exit status: 1
Files=51, Tests=956, 33 wallclock secs ( 0.42 usr 0.12 sys + 18.59 cusr 2.24 csys = 21.37 CPU)
Result: FAIL
Failed 1/51 test programs. 1/956 subtests failed.
Makefile:1227: recipe for target 'test_dynamic' failed
make: *** [test_dynamic] Error 255
------------------------------
PREREQUISITES
------------------------------
Prerequisite modules loaded:
requires:
Module Need Have
------------------- ------ --------
BSD::Resource 1.10 1.2907
Carp 0 1.3301
Class::MethodMaker 0 2.22
Config 0 5.018004
Config::Record v1.1.0 1.1.2
Cwd 0 3.47
Data::Dumper 0 2.154
Date::Manip 0 6.48
Digest::MD5 0 2.54
Fcntl 0 1.11
File::Copy 0 2.26
File::Find 0 1.23
File::Glob 0 1.20_01
File::Path 0 2.09
File::ReadBackwards 0 1.05
File::Spec 0 3.47
File::stat 0 1.07
IO::File 0 1.16
IO::Scalar 0 2.110
List::Util 0 1.41
Log::Log4perl 0 1.46
Net::SMTP 2.15 3.05
POSIX 0 1.32
Storable 0 2.51
Symbol 0 1.07
Sys::Hostname 0 1.17
Template 0 2.26
Test::More 0 1.001014
XML::Simple 0 2.20
build_requires:
Module Need Have
------------------- ------ --------
ExtUtils::MakeMaker 0 7.04
------------------------------
ENVIRONMENT AND OTHER CONTEXT
------------------------------
Environment variables:
DBIC_NO_WARN_BAD_PERL = 1
LANG = en_US.UTF-8
LANGUAGE = en_US:en
PATH = /usr/local/bin:/usr/bin:/bin:/usr/local/sbin:/usr/sbin:/sbin:/home/cpansand/bin/linux-gnu:/home/cpansand/bin/sh:/home/cpansand/bin:/usr/games:/home/cpansand/devel:/home/eserte/src/srezic-misc/scripts
PERL5LIB = /home/cpansand/.cpan/build/Config-Record-1.1.2-45TUD0/blib/arch:/home/cpansand/.cpan/build/Config-Record-1.1.2-45TUD0/blib/lib:/home/cpansand/.cpan/build/POE-Loop-IO_Async-0.004-jZICKL/blib/arch:/home/cpansand/.cpan/build/POE-Loop-IO_Async-0.004-jZICKL/blib/lib:/home/cpansand/.cpan/build/String-TT-0.03-SZfw3e/blib/arch:/home/cpansand/.cpan/build/String-TT-0.03-SZfw3e/blib/lib:/home/cpansand/.cpan/build/Test-TableDriven-0.02-IwYUhD/blib/arch:/home/cpansand/.cpan/build/Test-TableDriven-0.02-IwYUhD/blib/lib:/home/cpansand/.cpan/build/Array-Unique-0.08-myW0GE/blib/arch:/home/cpansand/.cpan/build/Array-Unique-0.08-myW0GE/blib/lib:/home/cpansand/.cpan/build/List-Gen-0.974-KhiHfo/blib/arch:/home/cpansand/.cpan/build/List-Gen-0.974-KhiHfo/blib/lib:/home/cpansand/.cpan/build/HTTP-Online-0.02-_0IEew/blib/arch:/home/cpansand/.cpan/build/HTTP-Online-0.02-_0IEew/blib/lib
PERL5OPT =
PERL5_CPANPLUS_IS_RUNNING = 24808
PERL5_CPAN_IS_RUNNING = 24808
PERL5_CPAN_IS_RUNNING_IN_RECURSION = 18893,24808
PERLDOC = -MPod::Perldoc::ToTextOverstrike
PERL_BATCH = yes
PERL_CPAN_REPORTER_CONFIG = /run/user/1023/cpansmoker/WJbE9XW70r_config.ini
PERL_EXTUTILS_AUTOINSTALL = --defaultdeps
PERL_HTML_DISPLAY_CLASS = HTML::Display::Mozilla
SHELL = /bin/zsh
TERM = screen
TMPDIR = /run/user/1023/cpansmoker
Perl special variables (and OS-specific diagnostics, for MSWin32):
$^X = /opt/perl-5.18.4/bin/perl
$UID/$EUID = 1023 / 1023
$GID = 1023 1023
$EGID = 1023 1023
Perl module toolchain versions installed:
Module Have
------------------- --------
CPAN 2.05
CPAN::Meta 2.143240
Cwd 3.47
ExtUtils::CBuilder 0.280210
ExtUtils::Command 1.20
ExtUtils::Install 1.59
ExtUtils::MakeMaker 7.04
ExtUtils::Manifest 1.70
ExtUtils::ParseXS 3.24
File::Spec 3.47
JSON 2.90
JSON::PP 2.27203
Module::Build 0.4211
Module::Signature 0.73
Parse::CPAN::Meta 1.4414
Test::Harness 3.35
Test::More 1.001014
YAML 1.14
YAML::Syck 1.29
version 0.9912
--
Summary of my perl5 (revision 5 version 18 subversion 4) configuration:
Platform:
osname=linux, osvers=3.12-1-amd64, archname=x86_64-linux
uname='linux cvrsnica-jessie 3.12-1-amd64 #1 smp debian 3.12.9-1 (2014-02-01) x86_64 gnulinux '
config_args='-ds -e -Dprefix=/opt/perl-5.18.4'
hint=previous, useposix=true, d_sigaction=define
useithreads=undef, usemultiplicity=undef
useperlio=define, d_sfio=undef, uselargefiles=define, usesocks=undef
use64bitint=define, use64bitall=define, uselongdouble=undef
usemymalloc=n, bincompat5005=undef
Compiler:
cc='cc', ccflags ='-fno-strict-aliasing -pipe -fstack-protector -I/usr/local/include -D_LARGEFILE_SOURCE -D_FILE_OFFSET_BITS=64',
optimize='-O2',
cppflags='-fno-strict-aliasing -pipe -fstack-protector -I/usr/local/include -fno-strict-aliasing -pipe -fstack-protector -I/usr/local/include -D_LARGEFILE_SOURCE -D_FILE_OFFSET_BITS=64'
ccversion='', gccversion='4.9.1', gccosandvers=''
intsize=4, longsize=8, ptrsize=8, doublesize=8, byteorder=12345678
d_longlong=define, longlongsize=8, d_longdbl=define, longdblsize=16
ivtype='long', ivsize=8, nvtype='double', nvsize=8, Off_t='off_t', lseeksize=8
alignbytes=8, prototype=define
Linker and Libraries:
ld='cc', ldflags =' -fstack-protector -L/usr/local/lib'
libpth=/usr/local/lib /lib/x86_64-linux-gnu /lib/../lib /usr/lib/x86_64-linux-gnu /usr/lib/../lib /lib /usr/lib
libs=-lnsl -lgdbm -ldb -ldl -lm -lcrypt -lutil -lc -lgdbm_compat
perllibs=-lnsl -ldl -lm -lcrypt -lutil -lc
libc=, so=so, useshrplib=false, libperl=libperl.a
gnulibc_version='2.19'
Dynamic Linking:
dlsrc=dl_dlopen.xs, dlext=so, d_dlsymun=undef, ccdlflags='-Wl,-E'
cccdlflags='-fPIC', lddlflags='-shared -O2 -L/usr/local/lib -fstack-protector'
Characteristics of this binary (from libperl):
Compile-time options: HAS_TIMES PERLIO_LAYERS PERL_DONT_CREATE_GVSV
PERL_HASH_FUNC_ONE_AT_A_TIME_HARD PERL_MALLOC_WRAP
PERL_PRESERVE_IVUV PERL_SAWAMPERSAND USE_64_BIT_ALL
USE_64_BIT_INT USE_LARGE_FILES USE_LOCALE
USE_LOCALE_COLLATE USE_LOCALE_CTYPE
USE_LOCALE_NUMERIC USE_PERLIO USE_PERL_ATOF
Built under linux
Compiled at Nov 22 2014 12:09:10
%ENV:
PERL5LIB="/home/cpansand/.cpan/build/Config-Record-1.1.2-45TUD0/blib/arch:/home/cpansand/.cpan/build/Config-Record-1.1.2-45TUD0/blib/lib:/home/cpansand/.cpan/build/POE-Loop-IO_Async-0.004-jZICKL/blib/arch:/home/cpansand/.cpan/build/POE-Loop-IO_Async-0.004-jZICKL/blib/lib:/home/cpansand/.cpan/build/String-TT-0.03-SZfw3e/blib/arch:/home/cpansand/.cpan/build/String-TT-0.03-SZfw3e/blib/lib:/home/cpansand/.cpan/build/Test-TableDriven-0.02-IwYUhD/blib/arch:/home/cpansand/.cpan/build/Test-TableDriven-0.02-IwYUhD/blib/lib:/home/cpansand/.cpan/build/Array-Unique-0.08-myW0GE/blib/arch:/home/cpansand/.cpan/build/Array-Unique-0.08-myW0GE/blib/lib:/home/cpansand/.cpan/build/List-Gen-0.974-KhiHfo/blib/arch:/home/cpansand/.cpan/build/List-Gen-0.974-KhiHfo/blib/lib:/home/cpansand/.cpan/build/HTTP-Online-0.02-_0IEew/blib/arch:/home/cpansand/.cpan/build/HTTP-Online-0.02-_0IEew/blib/lib"
PERL5OPT=""
PERL5_CPANPLUS_IS_RUNNING="24808"
PERL5_CPAN_IS_RUNNING="24808"
PERL5_CPAN_IS_RUNNING_IN_RECURSION="18893,24808"
PERLDOC="-MPod::Perldoc::ToTextOverstrike"
PERL_BATCH="yes"
PERL_CPAN_REPORTER_CONFIG="/run/user/1023/cpansmoker/WJbE9XW70r_config.ini"
PERL_EXTUTILS_AUTOINSTALL="--defaultdeps"
PERL_HTML_DISPLAY_CLASS="HTML::Display::Mozilla"
@INC:
/home/cpansand/.cpan/build/Config-Record-1.1.2-45TUD0/blib/arch
/home/cpansand/.cpan/build/Config-Record-1.1.2-45TUD0/blib/lib
/home/cpansand/.cpan/build/POE-Loop-IO_Async-0.004-jZICKL/blib/arch
/home/cpansand/.cpan/build/POE-Loop-IO_Async-0.004-jZICKL/blib/lib
/home/cpansand/.cpan/build/String-TT-0.03-SZfw3e/blib/arch
/home/cpansand/.cpan/build/String-TT-0.03-SZfw3e/blib/lib
/home/cpansand/.cpan/build/Test-TableDriven-0.02-IwYUhD/blib/arch
/home/cpansand/.cpan/build/Test-TableDriven-0.02-IwYUhD/blib/lib
/home/cpansand/.cpan/build/Array-Unique-0.08-myW0GE/blib/arch
/home/cpansand/.cpan/build/Array-Unique-0.08-myW0GE/blib/lib
/home/cpansand/.cpan/build/List-Gen-0.974-KhiHfo/blib/arch
/home/cpansand/.cpan/build/List-Gen-0.974-KhiHfo/blib/lib
/home/cpansand/.cpan/build/HTTP-Online-0.02-_0IEew/blib/arch
/home/cpansand/.cpan/build/HTTP-Online-0.02-_0IEew/blib/lib
/opt/perl-5.18.4/lib/site_perl/5.18.4/x86_64-linux
/opt/perl-5.18.4/lib/site_perl/5.18.4
/opt/perl-5.18.4/lib/5.18.4/x86_64-linux
/opt/perl-5.18.4/lib/5.18.4
.