Report for DBICx-Backend-Move-1.000010

Back
From: metabase:user:314402c4-2aae-11df-837a-5e0a49663a4f
Subject: FAIL DBICx-Backend-Move-1.000010 v5.22.3 RC3 GNU/Linux
Date: 2016-09-05T13:38:59Z

This distribution has been tested as part of the CPAN Testers
project, supporting the Perl programming language.  See
http://wiki.cpantesters.org/ for more information or email
questions to cpan-testers-discuss@perl.org


--
Dear Maik Hentsche,

This is a computer-generated report for DBICx-Backend-Move-1.000010
on perl 5.22.3, created by CPAN-Reporter-1.2018.

Thank you for uploading your work to CPAN.  However, there was a problem
testing your distribution.

If you think this report is invalid, please consult the CPAN Testers Wiki
for suggestions on how to avoid getting FAIL reports for missing library
or binary dependencies, unsupported operating systems, and so on:

http://wiki.cpantesters.org/wiki/CPANAuthorNotes

Sections of this report:

    * Tester comments
    * Program output
    * Prerequisites
    * Environment and other context

------------------------------
TESTER COMMENTS
------------------------------

Additional comments from tester:

none provided

------------------------------
PROGRAM OUTPUT
------------------------------

Output from '/usr/bin/make test':

PERL_DL_NONLAZY=1 "/bbbike/perl-5.22.3-RC3/bin/perl" "-MExtUtils::Command::MM" "-MTest::Harness" "-e" "undef *Test::Harness::Switches; test_harness(0, 'blib/lib', 'blib/arch')" t/*.t
given is experimental at /tmpfs/.cpan-build-cpansand/2016090512/DBICx-Backend-Move-1.000010-0/blib/lib/App/DBICx/Backend/Move.pm line 42.
when is experimental at /tmpfs/.cpan-build-cpansand/2016090512/DBICx-Backend-Move-1.000010-0/blib/lib/App/DBICx/Backend/Move.pm line 43.
when is experimental at /tmpfs/.cpan-build-cpansand/2016090512/DBICx-Backend-Move-1.000010-0/blib/lib/App/DBICx/Backend/Move.pm line 44.
# Testing DBICx::Backend::Move 1.0001, Perl 5.022003, /bbbike/perl-5.22.3-RC3/bin/perl
t/00-load.t .................... ok
t/01-dbicx-migration.t ......... ok

#   Failed test 'Two data sets transfered for table owner'
#   at t/02-app-dbicx-backend-move.t line 32.
#          got: 'given is experimental at lib/App/DBICx/Backend/Move.pm line 42.
# when is experimental at lib/App/DBICx/Backend/Move.pm line 43.
# when is experimental at lib/App/DBICx/Backend/Move.pm line 44.
# Transfer: Host => .done.
# Transfer: Owner => ..done.
# Transfer: ViewOwner => ViewOwner is a view. Skipped.
# '
#     expected: 'Transfer: Owner => ..done.
# Transfer: Host => .done.
# Transfer: ViewOwner => ViewOwner is a view. Skipped.
# '
# Looks like you failed 1 test of 1.
t/02-app-dbicx-backend-move.t .. 
Dubious, test returned 1 (wstat 256, 0x100)
Failed 1/1 subtests 
t/pod.t ........................ ok

Test Summary Report
-------------------
t/02-app-dbicx-backend-move.t (Wstat: 256 Tests: 1 Failed: 1)
  Failed test:  1
  Non-zero exit status: 1
Files=4, Tests=16,  1 wallclock secs ( 0.00 usr  0.03 sys +  0.91 cusr  0.17 csys =  1.11 CPU)
Result: FAIL
Failed 1/4 test programs. 1/16 subtests failed.
Makefile:901: recipe for target 'test_dynamic' failed
make: *** [test_dynamic] Error 255

------------------------------
PREREQUISITES
------------------------------

Prerequisite modules loaded:

requires:

    Module                               Need Have    
    ------------------------------------ ---- --------
    App::Cmd::Simple                     0    0.331   
    base                                 0    2.23    
    DBI                                  0    1.636   
    DBICx::Deploy                        0    0.02    
    Module::Load                         0    0.32    
    Moo                                  0    2.002004
    strict                               0    1.09    
    warnings                             0    1.34    

build_requires:

    Module                               Need Have    
    ------------------------------------ ---- --------
    Class::C3                            0    0.31    
    DBIx::Class::Core                    0    0       
    DBIx::Class::FilterColumn            0    0       
    DBIx::Class::InflateColumn::DateTime 0    0       
    DBIx::Class::Schema                  0    0       
    DBIx::Class::TimeStamp               0    0.14    
    English                              0    1.09    
    MRO::Compat                          0    0.12    
    parent                               0    0.234   
    Test::Fixture::DBIC::Schema          0    0.04    
    Test::More                           0    1.302052

configure_requires:

    Module                               Need Have    
    ------------------------------------ ---- --------
    ExtUtils::MakeMaker                  6.30 7.24    


------------------------------
ENVIRONMENT AND OTHER CONTEXT
------------------------------

Environment variables:

    LANG = C
    LC_ALL = de_DE.UTF-8
    PATH = /usr/local/bin:/usr/bin:/bin:/usr/local/sbin:/usr/sbin:/sbin:/home/cpansand/bin/linux-gnu:/home/cpansand/bin/sh:/home/cpansand/bin:/usr/games:/home/cpansand/devel:/home/eserte/src/srezic-misc/scripts
    PERL5LIB = 
    PERL5OPT = 
    PERL5_CPANPLUS_IS_RUNNING = 16731
    PERL5_CPAN_IS_RUNNING = 16731
    PERL5_CPAN_IS_RUNNING_IN_RECURSION = 28277,16731
    PERLDOC = -MPod::Perldoc::ToTextOverstrike
    PERL_BATCH = yes
    PERL_CANARY_STABILITY_NOPROMPT = 1
    PERL_CPAN_REPORTER_CONFIG = /run/user/1023/cpansmoker/2016090509/cpanreporter_000_config.ini
    PERL_EXTUTILS_AUTOINSTALL = --defaultdeps
    PERL_PARALLEL_SMOKER = yes
    PERL_USE_UNSAFE_INC = 1
    SHELL = /bin/zsh
    TERM = screen
    TMPDIR = /run/user/1023/cpansmoker/2016090509

Perl special variables (and OS-specific diagnostics, for MSWin32):

    $^X = /bbbike/perl-5.22.3-RC3/bin/perl
    $UID/$EUID = 1023 / 1023
    $GID = 1023 1023
    $EGID = 1023 1023

Perl module toolchain versions installed:

    Module              Have    
    ------------------- --------
    CPAN                2.14    
    CPAN::Meta          2.150010
    Cwd                 3.62    
    ExtUtils::CBuilder  0.280224
    ExtUtils::Command   7.24    
    ExtUtils::Install   2.04    
    ExtUtils::MakeMaker 7.24    
    ExtUtils::Manifest  1.70    
    ExtUtils::ParseXS   3.30    
    File::Spec          3.62    
    JSON                2.90    
    JSON::PP            2.27400 
    Module::Build       0.4220  
    Module::Signature   0.80    
    Parse::CPAN::Meta   2.150010
    Test::Harness       3.36    
    Test::More          1.302052
    YAML                1.18    
    YAML::Syck          1.29    
    version             0.9917  


--

Summary of my perl5 (revision 5 version 22 subversion 3) configuration:
   
  Platform:
    osname=linux, osvers=3.16.0-4-amd64, archname=x86_64-linux
    uname='linux eserte 3.16.0-4-amd64 #1 smp debian 3.16.7-ckt25-2+deb8u3 (2016-07-02) x86_64 gnulinux '
    config_args='-ds -e -Dprefix=/opt/perl-5.22.3-RC3 -Dcf_email=srezic@cpan.org'
    hint=recommended, useposix=true, d_sigaction=define
    useithreads=undef, usemultiplicity=undef
    use64bitint=define, use64bitall=define, uselongdouble=undef
    usemymalloc=n, bincompat5005=undef
  Compiler:
    cc='cc', ccflags ='-fwrapv -fno-strict-aliasing -pipe -fstack-protector-strong -I/usr/local/include -D_LARGEFILE_SOURCE -D_FILE_OFFSET_BITS=64 -D_FORTIFY_SOURCE=2',
    optimize='-O2',
    cppflags='-fwrapv -fno-strict-aliasing -pipe -fstack-protector-strong -I/usr/local/include'
    ccversion='', gccversion='4.9.2', gccosandvers=''
    intsize=4, longsize=8, ptrsize=8, doublesize=8, byteorder=12345678, doublekind=3
    d_longlong=define, longlongsize=8, d_longdbl=define, longdblsize=16, longdblkind=3
    ivtype='long', ivsize=8, nvtype='double', nvsize=8, Off_t='off_t', lseeksize=8
    alignbytes=8, prototype=define
  Linker and Libraries:
    ld='cc', ldflags =' -fstack-protector-strong -L/usr/local/lib'
    libpth=/usr/local/lib /usr/lib/gcc/x86_64-linux-gnu/4.9/include-fixed /usr/include/x86_64-linux-gnu /usr/lib /lib/x86_64-linux-gnu /lib/../lib /usr/lib/x86_64-linux-gnu /usr/lib/../lib /lib
    libs=-lpthread -lnsl -lgdbm -ldb -ldl -lm -lcrypt -lutil -lc -lgdbm_compat
    perllibs=-lpthread -lnsl -ldl -lm -lcrypt -lutil -lc
    libc=libc-2.19.so, so=so, useshrplib=false, libperl=libperl.a
    gnulibc_version='2.19'
  Dynamic Linking:
    dlsrc=dl_dlopen.xs, dlext=so, d_dlsymun=undef, ccdlflags='-Wl,-E'
    cccdlflags='-fPIC', lddlflags='-shared -O2 -L/usr/local/lib -fstack-protector-strong'


Characteristics of this binary (from libperl): 
  Compile-time options: HAS_TIMES PERLIO_LAYERS PERL_DONT_CREATE_GVSV
                        PERL_HASH_FUNC_ONE_AT_A_TIME_HARD PERL_MALLOC_WRAP
                        PERL_NEW_COPY_ON_WRITE PERL_PRESERVE_IVUV
                        USE_64_BIT_ALL USE_64_BIT_INT USE_LARGE_FILES
                        USE_LOCALE USE_LOCALE_COLLATE USE_LOCALE_CTYPE
                        USE_LOCALE_NUMERIC USE_LOCALE_TIME USE_PERLIO
                        USE_PERL_ATOF
  Locally applied patches:
	RC3
  Built under linux
  Compiled at Aug 19 2016 14:03:58
  %ENV:
    PERL5LIB=""
    PERL5OPT=""
    PERL5_CPANPLUS_IS_RUNNING="16731"
    PERL5_CPAN_IS_RUNNING="16731"
    PERL5_CPAN_IS_RUNNING_IN_RECURSION="28277,16731"
    PERLDOC="-MPod::Perldoc::ToTextOverstrike"
    PERL_BATCH="yes"
    PERL_CANARY_STABILITY_NOPROMPT="1"
    PERL_CPAN_REPORTER_CONFIG="/run/user/1023/cpansmoker/2016090509/cpanreporter_000_config.ini"
    PERL_EXTUTILS_AUTOINSTALL="--defaultdeps"
    PERL_PARALLEL_SMOKER="yes"
    PERL_USE_UNSAFE_INC="1"
  @INC:
    /opt/perl-5.22.3-RC3/lib/site_perl/5.22.3/x86_64-linux
    /opt/perl-5.22.3-RC3/lib/site_perl/5.22.3
    /opt/perl-5.22.3-RC3/lib/5.22.3/x86_64-linux
    /opt/perl-5.22.3-RC3/lib/5.22.3
    .