Report for SMB-0.02

Back
From: metabase:user:322078bc-2aae-11df-837a-5e0a49663a4f
Subject: FAIL SMB-0.02 v5.12.4 OpenBSD
Date: 2014-08-06T07:27:20Z

This distribution has been tested as part of the CPAN Testers
project, supporting the Perl programming language.  See
http://wiki.cpantesters.org/ for more information or email
questions to cpan-testers-discuss@perl.org


--

Dear MIGO,

This is a computer-generated error report created automatically by
CPANPLUS, version 0.9152. Testers personal comments may appear
at the end of this report.


Thank you for uploading your work to CPAN.  However, it appears that
there were some problems testing your distribution.

TEST RESULTS:

Below is the error stack from stage 'make test':

PERL_DL_NONLAZY=1 /home/cpan/pit/bare/perl-5.12.4/bin/perl "-MExtUtils::Command::MM" "-MTest::Harness" "-e" "undef *Test::Harness::Switches; test_harness(0, 'blib/lib', 'blib/arch')" t/*.t

#   Failed test 'use SMB::Agent;'
#   at t/0-use.t line 18.
#     Tried to use 'SMB::Agent'.
#     Error:  Can't locate Digest/HMAC_MD5.pm in @INC (@INC contains: /home/cpan/pit/bare/conf/perl-5.12.4/.cpanplus/5.12.4/build/SMB-0.02/t/../lib /home/cpan/pit/bare/conf/perl-5.12.4/.cpanplus/5.12.4/build/SMB-0.02/blib/lib /home/cpan/pit/bare/conf/perl-5.12.4/.cpanplus/5.12.4/build/SMB-0.02/blib/arch /home/cpan/pit/bare/perl-5.12.4/lib/site_perl/5.12.4/OpenBSD.amd64-openbsd /home/cpan/pit/bare/perl-5.12.4/lib/site_perl/5.12.4 /home/cpan/pit/bare/perl-5.12.4/lib/5.12.4/OpenBSD.amd64-openbsd /home/cpan/pit/bare/perl-5.12.4/lib/5.12.4 .) at /home/cpan/pit/bare/conf/perl-5.12.4/.cpanplus/5.12.4/build/SMB-0.02/t/../lib/SMB/Crypt.pm line 22.
# BEGIN failed--compilation aborted at /home/cpan/pit/bare/conf/perl-5.12.4/.cpanplus/5.12.4/build/SMB-0.02/t/../lib/SMB/Crypt.pm line 22.
# Compilation failed in require at /home/cpan/pit/bare/conf/perl-5.12.4/.cpanplus/5.12.4/build/SMB-0.02/t/../lib/SMB/Auth.pm line 27.
# BEGIN failed--compilation aborted at /home/cpan/pit/bare/conf/perl-5.12.4/.cpanplus/5.12.4/build/SMB-0.02/t/../lib/SMB/Auth.pm line 27.
# Compilation failed in require at /home/cpan/pit/bare/conf/perl-5.12.4/.cpanplus/5.12.4/build/SMB-0.02/t/../lib/SMB/Agent.pm line 24.
# BEGIN failed--compilation aborted at /home/cpan/pit/bare/conf/perl-5.12.4/.cpanplus/5.12.4/build/SMB-0.02/t/../lib/SMB/Agent.pm line 24.
# Compilation failed in require at t/0-use.t line 18.
# BEGIN failed--compilation aborted at t/0-use.t line 18.

#   Failed test 'use SMB::Auth;'
#   at t/0-use.t line 18.
#     Tried to use 'SMB::Auth'.
#     Error:  Attempt to reload SMB/Auth.pm aborted.
# Compilation failed in require at t/0-use.t line 18.
# BEGIN failed--compilation aborted at t/0-use.t line 18.

#   Failed test 'use SMB::Client;'
#   at t/0-use.t line 18.
#     Tried to use 'SMB::Client'.
#     Error:  Attempt to reload SMB/Agent.pm aborted.
# Compilation failed in require at /home/cpan/pit/bare/perl-5.12.4/lib/5.12.4/parent.pm line 20.
# BEGIN failed--compilation aborted at /home/cpan/pit/bare/conf/perl-5.12.4/.cpanplus/5.12.4/build/SMB-0.02/t/../lib/SMB/Client.pm line 21.
# Compilation failed in require at t/0-use.t line 18.
# BEGIN failed--compilation aborted at t/0-use.t line 18.

#   Failed test 'use SMB::Crypt;'
#   at t/0-use.t line 18.
#     Tried to use 'SMB::Crypt'.
#     Error:  Attempt to reload SMB/Crypt.pm aborted.
# Compilation failed in require at t/0-use.t line 18.
# BEGIN failed--compilation aborted at t/0-use.t line 18.
"bsd_glob" is not defined in %File::Glob::EXPORT_TAGS at /home/cpan/pit/bare/conf/perl-5.12.4/.cpanplus/5.12.4/build/SMB-0.02/t/../lib/SMB/File.pm line 25

#   Failed test 'use SMB::File;'
#   at t/0-use.t line 18.
#     Tried to use 'SMB::File'.
#     Error:  Can't continue after import errors at /home/cpan/pit/bare/conf/perl-5.12.4/.cpanplus/5.12.4/build/SMB-0.02/t/../lib/SMB/File.pm line 25
# BEGIN failed--compilation aborted at /home/cpan/pit/bare/conf/perl-5.12.4/.cpanplus/5.12.4/build/SMB-0.02/t/../lib/SMB/File.pm line 25.
# Compilation failed in require at t/0-use.t line 18.
# BEGIN failed--compilation aborted at t/0-use.t line 18.

#   Failed test 'use SMB::OpenFile;'
#   at t/0-use.t line 18.
#     Tried to use 'SMB::OpenFile'.
#     Error:  Attempt to reload SMB/File.pm aborted.
# Compilation failed in require at /home/cpan/pit/bare/conf/perl-5.12.4/.cpanplus/5.12.4/build/SMB-0.02/t/../lib/SMB/OpenFile.pm line 24.
# BEGIN failed--compilation aborted at /home/cpan/pit/bare/conf/perl-5.12.4/.cpanplus/5.12.4/build/SMB-0.02/t/../lib/SMB/OpenFile.pm line 24.
# Compilation failed in require at t/0-use.t line 18.
# BEGIN failed--compilation aborted at t/0-use.t line 18.

#   Failed test 'use SMB::Proxy;'
#   at t/0-use.t line 18.
#     Tried to use 'SMB::Proxy'.
#     Error:  Attempt to reload SMB/Agent.pm aborted.
# Compilation failed in require at /home/cpan/pit/bare/perl-5.12.4/lib/5.12.4/parent.pm line 20.
# BEGIN failed--compilation aborted at /home/cpan/pit/bare/conf/perl-5.12.4/.cpanplus/5.12.4/build/SMB-0.02/t/../lib/SMB/Server.pm line 21.
# Compilation failed in require at /home/cpan/pit/bare/perl-5.12.4/lib/5.12.4/parent.pm line 20.
# BEGIN failed--compilation aborted at /home/cpan/pit/bare/conf/perl-5.12.4/.cpanplus/5.12.4/build/SMB-0.02/t/../lib/SMB/Proxy.pm line 21.
# Compilation failed in require at t/0-use.t line 18.
# BEGIN failed--compilation aborted at t/0-use.t line 18.

#   Failed test 'use SMB::Server;'
#   at t/0-use.t line 18.
#     Tried to use 'SMB::Server'.
#     Error:  Attempt to reload SMB/Server.pm aborted.
# Compilation failed in require at t/0-use.t line 18.
# BEGIN failed--compilation aborted at t/0-use.t line 18.

#   Failed test 'use SMB::Tree;'
#   at t/0-use.t line 18.
#     Tried to use 'SMB::Tree'.
#     Error:  Attempt to reload SMB/File.pm aborted.
# Compilation failed in require at /home/cpan/pit/bare/conf/perl-5.12.4/.cpanplus/5.12.4/build/SMB-0.02/t/../lib/SMB/Tree.pm line 23.
# BEGIN failed--compilation aborted at /home/cpan/pit/bare/conf/perl-5.12.4/.cpanplus/5.12.4/build/SMB-0.02/t/../lib/SMB/Tree.pm line 23.
# Compilation failed in require at t/0-use.t line 18.
# BEGIN failed--compilation aborted at t/0-use.t line 18.

#   Failed test 'use SMB::v2::Command::Create;'
#   at t/0-use.t line 18.
#     Tried to use 'SMB::v2::Command::Create'.
#     Error:  Attempt to reload SMB/OpenFile.pm aborted.
# Compilation failed in require at /home/cpan/pit/bare/conf/perl-5.12.4/.cpanplus/5.12.4/build/SMB-0.02/t/../lib/SMB/v2/Command/Create.pm line 23.
# BEGIN failed--compilation aborted at /home/cpan/pit/bare/conf/perl-5.12.4/.cpanplus/5.12.4/build/SMB-0.02/t/../lib/SMB/v2/Command/Create.pm line 23.
# Compilation failed in require at t/0-use.t line 18.
# BEGIN failed--compilation aborted at t/0-use.t line 18.
# Looks like you failed 10 tests of 30.
t/0-use.t ....... 
Dubious, test returned 10 (wstat 2560, 0xa00)
Failed 10/30 subtests 
t/1-parser.t .... ok
t/2-packer.t .... ok
t/3-nttime.t .... ok
"bsd_glob" is not defined in %File::Glob::EXPORT_TAGS at /home/cpan/pit/bare/perl-5.12.4/lib/5.12.4/OpenBSD.amd64-openbsd/File/Glob.pm line 25
Can't continue after import errors at /home/cpan/pit/bare/conf/perl-5.12.4/.cpanplus/5.12.4/build/SMB-0.02/t/../lib/SMB/File.pm line 25
BEGIN failed--compilation aborted at /home/cpan/pit/bare/conf/perl-5.12.4/.cpanplus/5.12.4/build/SMB-0.02/t/../lib/SMB/File.pm line 25.
Compilation failed in require at t/file-find.t line 11.
BEGIN failed--compilation aborted at t/file-find.t line 11.
# Looks like your test exited with 255 before it could output anything.
t/file-find.t ... 
Dubious, test returned 255 (wstat 65280, 0xff00)
Failed 15/15 subtests 
"bsd_glob" is not defined in %File::Glob::EXPORT_TAGS at /home/cpan/pit/bare/perl-5.12.4/lib/5.12.4/OpenBSD.amd64-openbsd/File/Glob.pm line 25
Can't continue after import errors at /home/cpan/pit/bare/conf/perl-5.12.4/.cpanplus/5.12.4/build/SMB-0.02/t/../lib/SMB/File.pm line 25
BEGIN failed--compilation aborted at /home/cpan/pit/bare/conf/perl-5.12.4/.cpanplus/5.12.4/build/SMB-0.02/t/../lib/SMB/File.pm line 25.
Compilation failed in require at t/file-opens.t line 11.
BEGIN failed--compilation aborted at t/file-opens.t line 11.
# Looks like your test exited with 255 before it could output anything.
t/file-opens.t .. 
Dubious, test returned 255 (wstat 65280, 0xff00)
Failed 64/64 subtests 

Test Summary Report
-------------------
t/0-use.t     (Wstat: 2560 Tests: 30 Failed: 10)
  Failed tests:  2-4, 7-8, 10, 13-14, 16, 25
  Non-zero exit status: 10
t/file-find.t (Wstat: 65280 Tests: 0 Failed: 0)
  Non-zero exit status: 255
  Parse errors: Bad plan.  You planned 15 tests but ran 0.
t/file-opens.t (Wstat: 65280 Tests: 0 Failed: 0)
  Non-zero exit status: 255
  Parse errors: Bad plan.  You planned 64 tests but ran 0.
Files=6, Tests=167,  0 wallclock secs ( 0.03 usr  0.02 sys +  0.22 cusr  0.08 csys =  0.35 CPU)
Result: FAIL
Failed 3/6 test programs. 10/167 subtests failed.
*** Error 255 in /home/cpan/pit/bare/conf/perl-5.12.4/.cpanplus/5.12.4/build/SMB-0.02 (Makefile:952 'test_dynamic')



MISSING PREREQUISITES:

It was observed that the test suite seem to fail without these modules:

Digest::HMAC_MD5

As such, adding the prerequisite module(s) to 'PREREQ_PM' in your
Makefile.PL should solve this problem.  For example:

WriteMakefile(
    AUTHOR      => 'MIGO (cpanplus-info@lists.sf.net)',
    ... # other information
    PREREQ_PM   => {
	'Digest::HMAC_MD5'	=> '0', # or a minimum working version
    }
);

Thanks! :-)

PREREQUISITES:

Here is a list of prerequisites you specified and versions we
managed to load:

	  Module Name                        Have     Want
	  ExtUtils::MakeMaker                6.98        0

Perl module toolchain versions installed:
	Module Name                        Have
	CPANPLUS                         0.9152
	CPANPLUS::Dist::Build              0.78
	Cwd                                3.47
	ExtUtils::CBuilder             0.280216
	ExtUtils::Command                  1.16
	ExtUtils::Install                  1.68
	ExtUtils::MakeMaker                6.98
	ExtUtils::Manifest                 1.63
	ExtUtils::ParseXS                  3.24
	File::Spec                         3.47
	Module::Build                    0.4205
	Pod::Parser                        1.37
	Pod::Simple                        3.14
	Test::Harness                      3.32
	Test::More                     1.001003
	version                          0.9908

******************************** NOTE ********************************
The comments above are created mechanically, possibly without manual
checking by the sender.  As there are many people performing automatic
tests on each upload to CPAN, it is likely that you will receive
identical messages about the same problem.

If you believe that the message is mistaken, please reply to the first
one with correction and/or additional informations, and do not take
it personally.  We appreciate your patience. :)
**********************************************************************

Additional comments:


This report was machine-generated by CPANPLUS::Dist::YACSmoke 0.90.
Powered by minismokebox version 0.58

------------------------------
ENVIRONMENT AND OTHER CONTEXT
------------------------------

Environment variables:

    AUTOMATED_TESTING = 1
    NONINTERACTIVE_TESTING = 1
    PATH = /home/cpan/pit/bare/conf/perl-5.12.4/.cpanplus/5.12.4/build/SMB-0.02/blib/script:/home/cpan/bin:/bin:/sbin:/usr/bin:/usr/sbin:/usr/X11R6/bin:/usr/local/bin:/usr/local/sbin:/usr/games:.
    PERL5LIB = :/home/cpan/pit/bare/conf/perl-5.12.4/.cpanplus/5.12.4/build/SMB-0.02/blib/lib:/home/cpan/pit/bare/conf/perl-5.12.4/.cpanplus/5.12.4/build/SMB-0.02/blib/arch
    PERL5_CPANPLUS_IS_RUNNING = 880
    PERL5_CPANPLUS_IS_VERSION = 0.9152
    PERL5_MINISMOKEBOX = 0.58
    PERL5_YACSMOKE_BASE = /home/cpan/pit/bare/conf/perl-5.12.4
    PERL_EXTUTILS_AUTOINSTALL = --defaultdeps
    PERL_MM_USE_DEFAULT = 1
    SHELL = /usr/local/bin/bash
    TERM = screen

Perl special variables (and OS-specific diagnostics, for MSWin32):

    Perl: $^X = /home/cpan/pit/bare/perl-5.12.4/bin/perl
    UID:  $<  = 1001
    EUID: $>  = 1001
    GID:  $(  = 1001 1001
    EGID: $)  = 1001 1001


-------------------------------


--

Summary of my perl5 (revision 5 version 12 subversion 4) configuration:
   
  Platform:
    osname=openbsd, osvers=5.4, archname=OpenBSD.amd64-openbsd
    uname='openbsd oarcock.bingosnet.co.uk 5.4 generic#37 amd64 '
    config_args='-des -Dprefix=/home/cpan/pit/bare/perl-5.12.4'
    hint=recommended, useposix=true, d_sigaction=define
    useithreads=undef, usemultiplicity=undef
    useperlio=define, d_sfio=undef, uselargefiles=define, usesocks=undef
    use64bitint=define, use64bitall=define, uselongdouble=undef
    usemymalloc=y, bincompat5005=undef
  Compiler:
    cc='cc', ccflags ='-fno-strict-aliasing -pipe -fstack-protector -I/usr/local/include',
    optimize='-O2',
    cppflags='-fno-strict-aliasing -pipe -fstack-protector -I/usr/local/include'
    ccversion='', gccversion='4.2.1 20070719 ', gccosandvers='openbsd5.4'
    intsize=4, longsize=8, ptrsize=8, doublesize=8, byteorder=12345678
    d_longlong=define, longlongsize=8, d_longdbl=define, longdblsize=16
    ivtype='long', ivsize=8, nvtype='double', nvsize=8, Off_t='off_t', lseeksize=8
    alignbytes=8, prototype=define
  Linker and Libraries:
    ld='cc', ldflags ='-Wl,-E  -fstack-protector -L/usr/local/lib'
    libpth=/usr/local/lib /usr/lib
    libs=-lgdbm -lm -lutil -lc
    perllibs=-lm -lutil -lc
    libc=/usr/lib/libc.so.69.0, so=so, useshrplib=false, libperl=libperl.a
    gnulibc_version=''
  Dynamic Linking:
    dlsrc=dl_dlopen.xs, dlext=so, d_dlsymun=undef, ccdlflags=' '
    cccdlflags='-DPIC -fPIC ', lddlflags='-shared -fPIC  -L/usr/local/lib -fstack-protector'


Characteristics of this binary (from libperl): 
  Compile-time options: MYMALLOC PERL_DONT_CREATE_GVSV PERL_MALLOC_WRAP
                        USE_64_BIT_ALL USE_64_BIT_INT USE_LARGE_FILES
                        USE_PERLIO USE_PERL_ATOF
  Built under openbsd
  Compiled at Nov  4 2013 17:49:09
  %ENV:
    PERL5LIB=":/home/cpan/pit/bare/conf/perl-5.12.4/.cpanplus/5.12.4/build/SMB-0.02/blib/lib:/home/cpan/pit/bare/conf/perl-5.12.4/.cpanplus/5.12.4/build/SMB-0.02/blib/arch"
    PERL5_CPANPLUS_IS_RUNNING="880"
    PERL5_CPANPLUS_IS_VERSION="0.9152"
    PERL5_MINISMOKEBOX="0.58"
    PERL5_YACSMOKE_BASE="/home/cpan/pit/bare/conf/perl-5.12.4"
    PERL_EXTUTILS_AUTOINSTALL="--defaultdeps"
    PERL_MM_USE_DEFAULT="1"
  @INC:
    /home/cpan/pit/bare/conf/perl-5.12.4/.cpanplus/5.12.4/build/SMB-0.02/blib/lib
    /home/cpan/pit/bare/conf/perl-5.12.4/.cpanplus/5.12.4/build/SMB-0.02/blib/arch
    /home/cpan/pit/bare/perl-5.12.4/lib/site_perl/5.12.4/OpenBSD.amd64-openbsd
    /home/cpan/pit/bare/perl-5.12.4/lib/site_perl/5.12.4
    /home/cpan/pit/bare/perl-5.12.4/lib/5.12.4/OpenBSD.amd64-openbsd
    /home/cpan/pit/bare/perl-5.12.4/lib/5.12.4
    .