Report for Log-Log4perl-AutoCategorize-0.03_51

Back
From: metabase:user:3198cbe2-2aae-11df-837a-5e0a49663a4f
Subject: FAIL Log-Log4perl-AutoCategorize-0.03_51 v5.12.2 GNU/Linux
Date: 2010-11-18T21:23:35Z

This distribution has been tested as part of the CPAN Testers
project, supporting the Perl programming language.  See
http://wiki.cpantesters.org/ for more information or email
questions to cpan-testers-discuss@perl.org


--
Dear Jim Cromie,

This is a computer-generated report for Log-Log4perl-AutoCategorize-0.03_51
on perl 5.12.2, created by CPAN-Reporter-1.1805.

Thank you for uploading your work to CPAN.  However, there was a problem
testing your distribution.

If you think this report is invalid, please consult the CPAN Testers Wiki
for suggestions on how to avoid getting FAIL reports for missing library
or binary dependencies, unsupported operating systems, and so on:

http://wiki.cpantesters.org/wiki/CPANAuthorNotes

Sections of this report:

    * Tester comments
    * Program output
    * Prerequisites
    * Environment and other context

------------------------------
TESTER COMMENTS
------------------------------

Additional comments from tester:

this report is from an automated smoke testing program
and was not reviewed by a human for accuracy

------------------------------
PROGRAM OUTPUT
------------------------------

Output from './Build test':

2010/11/18 21:23:22 Log.Log4perl.AutoCategorize.END.info.322: Seen Log Events:, {
  'Log.Log4perl.AutoCategorize.END.info.322' => 1
}
2010/11/18 21:23:22 Log.Log4perl.AutoCategorize.END.info.322: UnSeen Log Events:, {}
2010/11/18 21:23:22 Log.Log4perl.AutoCategorize.END.info.322: cat2data:, {}
t/01_use.t ........... ok

#   Failed test 'found info.41 complex ref dump'
#   at t/02_basic.t line 70.
#                   '2010/11/18 21:23:22 main.main.debug.36: 1, 
# 2010/11/18 21:23:22 main.main.info.37: one arg, 
# 2010/11/18 21:23:22 main.main.warn.38: 2 args, 
# 2010/11/18 21:23:22 main.main.debug.39: [
#   'arrayref'
# ]
# 2010/11/18 21:23:22 main.main.info.40: {
#   'hash' => 'ref'
# }
# 2010/11/18 21:23:22 main.main.info.40: [
#   [
#     'nested',
#     'arrayref',
#     'and'
#   ],
#   {
#     'hash' => 'also'
#   }
# ]
# 2010/11/18 21:23:22 main.main.info.40: {
#   'inner' => 'call to same fn'
# }
# 2010/11/18 21:23:22 main.main.info.44: logged, 
# 2010/11/18 21:23:22 main.main.debug.39: {
#   'inner' => 'call to diff fn'
# }
# 2010/11/18 21:23:22 main.main.info.40: logged nested, {
#   'hash' => 'ref'
# }
# 2010/11/18 21:23:22 main.usersub.info.54: logging from main function, [
#   1
# ]
# 2010/11/18 21:23:22 main.usersub.info.55: logging from main function 1, 
# 2010/11/18 21:23:22 main.usersub.info.56: logging from main function arg1 1, 
# 2010/11/18 21:23:22 Foo.uselogger.debug.22: logging from Foo Foo 1, 
# 2010/11/18 21:23:22 Foo.uselogger.debug.23: logging from Foo Foo 1 extra, 
# 2010/11/18 21:23:22 Foo.uselogger.debug.24: logging from Foo, [
#   'Foo',
#   1
# ]
# 2010/11/18 21:23:22 main.main.debug.36: 2, 
# 2010/11/18 21:23:22 main.main.info.37: one arg, 
# 2010/11/18 21:23:22 main.main.warn.38: 2 args, 
# 2010/11/18 21:23:22 main.main.debug.39: [
#   'arrayref'
# ]
# 2010/11/18 21:23:22 main.main.info.40: {
#   'hash' => 'ref'
# }
# 2010/11/18 21:23:22 main.main.info.40: [
#   [
#     'nested',
#     'arrayref',
#     'and'
#   ],
#   {
#     'hash' => 'also'
#   }
# ]
# 2010/11/18 21:23:22 main.main.info.40: {
#   'inner' => 'call to same fn'
# }
# 2010/11/18 21:23:22 main.main.info.44: logged, 
# 2010/11/18 21:23:22 main.main.debug.39: {
#   'inner' => 'call to diff fn'
# }
# 2010/11/18 21:23:22 main.main.info.40: logged nested, {
#   'hash' => 'ref'
# }
# 2010/11/18 21:23:22 main.usersub.info.54: logging from main function, [
#   2
# ]
# 2010/11/18 21:23:22 main.usersub.info.55: logging from main function 2, 
# 2010/11/18 21:23:22 main.usersub.info.56: logging from main function arg1 2, 
# 2010/11/18 21:23:22 Foo.uselogger.debug.22: logging from Foo Foo 2, 
# 2010/11/18 21:23:22 Foo.uselogger.debug.23: logging from Foo Foo 2 extra, 
# 2010/11/18 21:23:22 Foo.uselogger.debug.24: logging from Foo, [
#   'Foo',
#   2
# ]
# bar is not a legitimate log-level
#  at dflt_stdout.pl line 59
# 2010/11/18 21:23:22 main.main.info.40: Seen Log Events:, {
#   'log4perl.category.Foo.uselogger.debug.22' => 2,
#   'log4perl.category.Foo.uselogger.debug.23' => 2,
#   'log4perl.category.Foo.uselogger.debug.24' => 2,
#   'log4perl.category.main.main.debug.36' => 2,
#   'log4perl.category.main.main.debug.39' => 4,
#   'log4perl.category.main.main.info.37' => 2,
#   'log4perl.category.main.main.info.40' => 8,
#   'log4perl.category.main.main.info.44' => 2,
#   'log4perl.category.main.main.warn.38' => 2,
#   'log4perl.category.main.usersub.info.54' => 2,
#   'log4perl.category.main.usersub.info.55' => 2,
#   'log4perl.category.main.usersub.info.56' => 2,
#   'main.main.info.40' => 1
# }
# 2010/11/18 21:23:22 main.main.info.40: UnSeen Log Events:, {
#   'debug_00012' => 'main,dflt_stdout.pl,63',
#   'info_00011' => 'main,dflt_stdout.pl,62'
# }
# 2010/11/18 21:23:22 main.main.info.40: cat2data:, {
#   'Foo.uselogger.debug.22' => 'debug_00001',
#   'Foo.uselogger.debug.23' => 'debug_00002',
#   'Foo.uselogger.debug.24' => 'debug_00003',
#   'main.main.debug.36' => 'debug_00007',
#   'main.main.debug.39' => 'debug',
#   'main.main.info.37' => 'info_00008',
#   'main.main.info.40' => 'info',
#   'main.main.info.44' => 'info_00010',
#   'main.main.warn.38' => 'warn_00009',
#   'main.usersub.info.54' => 'info_00004',
#   'main.usersub.info.55' => 'info_00005',
#   'main.usersub.info.56' => 'info_00006'
# }
# '
#     doesn't match '(?-xism:main\.main\.info\.41\:\ \[\
# \ \ \[\
# \ \ \ \ \'nested\'\,\
# \ \ \ \ \'arrayref\'\,\
# \ \ \ \ \'and\'\
# \ \ \]\,\
# \ \ \{\
# \ \ \ \ \'hash\'\ \=\>\ \'also\'\
# \ \ \}\
# \])'

#   Failed test 'found inner info() invocation'
#   at t/02_basic.t line 86.
#                   '2010/11/18 21:23:22 main.main.debug.36: 1, 
# 2010/11/18 21:23:22 main.main.info.37: one arg, 
# 2010/11/18 21:23:22 main.main.warn.38: 2 args, 
# 2010/11/18 21:23:22 main.main.debug.39: [
#   'arrayref'
# ]
# 2010/11/18 21:23:22 main.main.info.40: {
#   'hash' => 'ref'
# }
# 2010/11/18 21:23:22 main.main.info.40: [
#   [
#     'nested',
#     'arrayref',
#     'and'
#   ],
#   {
#     'hash' => 'also'
#   }
# ]
# 2010/11/18 21:23:22 main.main.info.40: {
#   'inner' => 'call to same fn'
# }
# 2010/11/18 21:23:22 main.main.info.44: logged, 
# 2010/11/18 21:23:22 main.main.debug.39: {
#   'inner' => 'call to diff fn'
# }
# 2010/11/18 21:23:22 main.main.info.40: logged nested, {
#   'hash' => 'ref'
# }
# 2010/11/18 21:23:22 main.usersub.info.54: logging from main function, [
#   1
# ]
# 2010/11/18 21:23:22 main.usersub.info.55: logging from main function 1, 
# 2010/11/18 21:23:22 main.usersub.info.56: logging from main function arg1 1, 
# 2010/11/18 21:23:22 Foo.uselogger.debug.22: logging from Foo Foo 1, 
# 2010/11/18 21:23:22 Foo.uselogger.debug.23: logging from Foo Foo 1 extra, 
# 2010/11/18 21:23:22 Foo.uselogger.debug.24: logging from Foo, [
#   'Foo',
#   1
# ]
# 2010/11/18 21:23:22 main.main.debug.36: 2, 
# 2010/11/18 21:23:22 main.main.info.37: one arg, 
# 2010/11/18 21:23:22 main.main.warn.38: 2 args, 
# 2010/11/18 21:23:22 main.main.debug.39: [
#   'arrayref'
# ]
# 2010/11/18 21:23:22 main.main.info.40: {
#   'hash' => 'ref'
# }
# 2010/11/18 21:23:22 main.main.info.40: [
#   [
#     'nested',
#     'arrayref',
#     'and'
#   ],
#   {
#     'hash' => 'also'
#   }
# ]
# 2010/11/18 21:23:22 main.main.info.40: {
#   'inner' => 'call to same fn'
# }
# 2010/11/18 21:23:22 main.main.info.44: logged, 
# 2010/11/18 21:23:22 main.main.debug.39: {
#   'inner' => 'call to diff fn'
# }
# 2010/11/18 21:23:22 main.main.info.40: logged nested, {
#   'hash' => 'ref'
# }
# 2010/11/18 21:23:22 main.usersub.info.54: logging from main function, [
#   2
# ]
# 2010/11/18 21:23:22 main.usersub.info.55: logging from main function 2, 
# 2010/11/18 21:23:22 main.usersub.info.56: logging from main function arg1 2, 
# 2010/11/18 21:23:22 Foo.uselogger.debug.22: logging from Foo Foo 2, 
# 2010/11/18 21:23:22 Foo.uselogger.debug.23: logging from Foo Foo 2 extra, 
# 2010/11/18 21:23:22 Foo.uselogger.debug.24: logging from Foo, [
#   'Foo',
#   2
# ]
# bar is not a legitimate log-level
#  at dflt_stdout.pl line 59
# 2010/11/18 21:23:22 main.main.info.40: Seen Log Events:, {
#   'log4perl.category.Foo.uselogger.debug.22' => 2,
#   'log4perl.category.Foo.uselogger.debug.23' => 2,
#   'log4perl.category.Foo.uselogger.debug.24' => 2,
#   'log4perl.category.main.main.debug.36' => 2,
#   'log4perl.category.main.main.debug.39' => 4,
#   'log4perl.category.main.main.info.37' => 2,
#   'log4perl.category.main.main.info.40' => 8,
#   'log4perl.category.main.main.info.44' => 2,
#   'log4perl.category.main.main.warn.38' => 2,
#   'log4perl.category.main.usersub.info.54' => 2,
#   'log4perl.category.main.usersub.info.55' => 2,
#   'log4perl.category.main.usersub.info.56' => 2,
#   'main.main.info.40' => 1
# }
# 2010/11/18 21:23:22 main.main.info.40: UnSeen Log Events:, {
#   'debug_00012' => 'main,dflt_stdout.pl,63',
#   'info_00011' => 'main,dflt_stdout.pl,62'
# }
# 2010/11/18 21:23:22 main.main.info.40: cat2data:, {
#   'Foo.uselogger.debug.22' => 'debug_00001',
#   'Foo.uselogger.debug.23' => 'debug_00002',
#   'Foo.uselogger.debug.24' => 'debug_00003',
#   'main.main.debug.36' => 'debug_00007',
#   'main.main.debug.39' => 'debug',
#   'main.main.info.37' => 'info_00008',
#   'main.main.info.40' => 'info',
#   'main.main.info.44' => 'info_00010',
#   'main.main.warn.38' => 'warn_00009',
#   'main.usersub.info.54' => 'info_00004',
#   'main.usersub.info.55' => 'info_00005',
#   'main.usersub.info.56' => 'info_00006'
# }
# '
#     doesn't match '(?-xism:main\.main\.info\.44\:\ \{\
# \ \ \'inner\'\ \=\>\ \'call\ to\ same\ fn\'\
# \})'

#   Failed test 'found outer info() invocation on same line'
#   at t/02_basic.t line 92.
#                   '2010/11/18 21:23:22 main.main.debug.36: 1, 
# 2010/11/18 21:23:22 main.main.info.37: one arg, 
# 2010/11/18 21:23:22 main.main.warn.38: 2 args, 
# 2010/11/18 21:23:22 main.main.debug.39: [
#   'arrayref'
# ]
# 2010/11/18 21:23:22 main.main.info.40: {
#   'hash' => 'ref'
# }
# 2010/11/18 21:23:22 main.main.info.40: [
#   [
#     'nested',
#     'arrayref',
#     'and'
#   ],
#   {
#     'hash' => 'also'
#   }
# ]
# 2010/11/18 21:23:22 main.main.info.40: {
#   'inner' => 'call to same fn'
# }
# 2010/11/18 21:23:22 main.main.info.44: logged, 
# 2010/11/18 21:23:22 main.main.debug.39: {
#   'inner' => 'call to diff fn'
# }
# 2010/11/18 21:23:22 main.main.info.40: logged nested, {
#   'hash' => 'ref'
# }
# 2010/11/18 21:23:22 main.usersub.info.54: logging from main function, [
#   1
# ]
# 2010/11/18 21:23:22 main.usersub.info.55: logging from main function 1, 
# 2010/11/18 21:23:22 main.usersub.info.56: logging from main function arg1 1, 
# 2010/11/18 21:23:22 Foo.uselogger.debug.22: logging from Foo Foo 1, 
# 2010/11/18 21:23:22 Foo.uselogger.debug.23: logging from Foo Foo 1 extra, 
# 2010/11/18 21:23:22 Foo.uselogger.debug.24: logging from Foo, [
#   'Foo',
#   1
# ]
# 2010/11/18 21:23:22 main.main.debug.36: 2, 
# 2010/11/18 21:23:22 main.main.info.37: one arg, 
# 2010/11/18 21:23:22 main.main.warn.38: 2 args, 
# 2010/11/18 21:23:22 main.main.debug.39: [
#   'arrayref'
# ]
# 2010/11/18 21:23:22 main.main.info.40: {
#   'hash' => 'ref'
# }
# 2010/11/18 21:23:22 main.main.info.40: [
#   [
#     'nested',
#     'arrayref',
#     'and'
#   ],
#   {
#     'hash' => 'also'
#   }
# ]
# 2010/11/18 21:23:22 main.main.info.40: {
#   'inner' => 'call to same fn'
# }
# 2010/11/18 21:23:22 main.main.info.44: logged, 
# 2010/11/18 21:23:22 main.main.debug.39: {
#   'inner' => 'call to diff fn'
# }
# 2010/11/18 21:23:22 main.main.info.40: logged nested, {
#   'hash' => 'ref'
# }
# 2010/11/18 21:23:22 main.usersub.info.54: logging from main function, [
#   2
# ]
# 2010/11/18 21:23:22 main.usersub.info.55: logging from main function 2, 
# 2010/11/18 21:23:22 main.usersub.info.56: logging from main function arg1 2, 
# 2010/11/18 21:23:22 Foo.uselogger.debug.22: logging from Foo Foo 2, 
# 2010/11/18 21:23:22 Foo.uselogger.debug.23: logging from Foo Foo 2 extra, 
# 2010/11/18 21:23:22 Foo.uselogger.debug.24: logging from Foo, [
#   'Foo',
#   2
# ]
# bar is not a legitimate log-level
#  at dflt_stdout.pl line 59
# 2010/11/18 21:23:22 main.main.info.40: Seen Log Events:, {
#   'log4perl.category.Foo.uselogger.debug.22' => 2,
#   'log4perl.category.Foo.uselogger.debug.23' => 2,
#   'log4perl.category.Foo.uselogger.debug.24' => 2,
#   'log4perl.category.main.main.debug.36' => 2,
#   'log4perl.category.main.main.debug.39' => 4,
#   'log4perl.category.main.main.info.37' => 2,
#   'log4perl.category.main.main.info.40' => 8,
#   'log4perl.category.main.main.info.44' => 2,
#   'log4perl.category.main.main.warn.38' => 2,
#   'log4perl.category.main.usersub.info.54' => 2,
#   'log4perl.category.main.usersub.info.55' => 2,
#   'log4perl.category.main.usersub.info.56' => 2,
#   'main.main.info.40' => 1
# }
# 2010/11/18 21:23:22 main.main.info.40: UnSeen Log Events:, {
#   'debug_00012' => 'main,dflt_stdout.pl,63',
#   'info_00011' => 'main,dflt_stdout.pl,62'
# }
# 2010/11/18 21:23:22 main.main.info.40: cat2data:, {
#   'Foo.uselogger.debug.22' => 'debug_00001',
#   'Foo.uselogger.debug.23' => 'debug_00002',
#   'Foo.uselogger.debug.24' => 'debug_00003',
#   'main.main.debug.36' => 'debug_00007',
#   'main.main.debug.39' => 'debug',
#   'main.main.info.37' => 'info_00008',
#   'main.main.info.40' => 'info',
#   'main.main.info.44' => 'info_00010',
#   'main.main.warn.38' => 'warn_00009',
#   'main.usersub.info.54' => 'info_00004',
#   'main.usersub.info.55' => 'info_00005',
#   'main.usersub.info.56' => 'info_00006'
# }
# '
#     doesn't match '(?-xism:main\.main\.info\.44a\:\ logged\,\ )'

#   Failed test 'found inner debug() invocation'
#   at t/02_basic.t line 95.
#                   '2010/11/18 21:23:22 main.main.debug.36: 1, 
# 2010/11/18 21:23:22 main.main.info.37: one arg, 
# 2010/11/18 21:23:22 main.main.warn.38: 2 args, 
# 2010/11/18 21:23:22 main.main.debug.39: [
#   'arrayref'
# ]
# 2010/11/18 21:23:22 main.main.info.40: {
#   'hash' => 'ref'
# }
# 2010/11/18 21:23:22 main.main.info.40: [
#   [
#     'nested',
#     'arrayref',
#     'and'
#   ],
#   {
#     'hash' => 'also'
#   }
# ]
# 2010/11/18 21:23:22 main.main.info.40: {
#   'inner' => 'call to same fn'
# }
# 2010/11/18 21:23:22 main.main.info.44: logged, 
# 2010/11/18 21:23:22 main.main.debug.39: {
#   'inner' => 'call to diff fn'
# }
# 2010/11/18 21:23:22 main.main.info.40: logged nested, {
#   'hash' => 'ref'
# }
# 2010/11/18 21:23:22 main.usersub.info.54: logging from main function, [
#   1
# ]
# 2010/11/18 21:23:22 main.usersub.info.55: logging from main function 1, 
# 2010/11/18 21:23:22 main.usersub.info.56: logging from main function arg1 1, 
# 2010/11/18 21:23:22 Foo.uselogger.debug.22: logging from Foo Foo 1, 
# 2010/11/18 21:23:22 Foo.uselogger.debug.23: logging from Foo Foo 1 extra, 
# 2010/11/18 21:23:22 Foo.uselogger.debug.24: logging from Foo, [
#   'Foo',
#   1
# ]
# 2010/11/18 21:23:22 main.main.debug.36: 2, 
# 2010/11/18 21:23:22 main.main.info.37: one arg, 
# 2010/11/18 21:23:22 main.main.warn.38: 2 args, 
# 2010/11/18 21:23:22 main.main.debug.39: [
#   'arrayref'
# ]
# 2010/11/18 21:23:22 main.main.info.40: {
#   'hash' => 'ref'
# }
# 2010/11/18 21:23:22 main.main.info.40: [
#   [
#     'nested',
#     'arrayref',
#     'and'
#   ],
#   {
#     'hash' => 'also'
#   }
# ]
# 2010/11/18 21:23:22 main.main.info.40: {
#   'inner' => 'call to same fn'
# }
# 2010/11/18 21:23:22 main.main.info.44: logged, 
# 2010/11/18 21:23:22 main.main.debug.39: {
#   'inner' => 'call to diff fn'
# }
# 2010/11/18 21:23:22 main.main.info.40: logged nested, {
#   'hash' => 'ref'
# }
# 2010/11/18 21:23:22 main.usersub.info.54: logging from main function, [
#   2
# ]
# 2010/11/18 21:23:22 main.usersub.info.55: logging from main function 2, 
# 2010/11/18 21:23:22 main.usersub.info.56: logging from main function arg1 2, 
# 2010/11/18 21:23:22 Foo.uselogger.debug.22: logging from Foo Foo 2, 
# 2010/11/18 21:23:22 Foo.uselogger.debug.23: logging from Foo Foo 2 extra, 
# 2010/11/18 21:23:22 Foo.uselogger.debug.24: logging from Foo, [
#   'Foo',
#   2
# ]
# bar is not a legitimate log-level
#  at dflt_stdout.pl line 59
# 2010/11/18 21:23:22 main.main.info.40: Seen Log Events:, {
#   'log4perl.category.Foo.uselogger.debug.22' => 2,
#   'log4perl.category.Foo.uselogger.debug.23' => 2,
#   'log4perl.category.Foo.uselogger.debug.24' => 2,
#   'log4perl.category.main.main.debug.36' => 2,
#   'log4perl.category.main.main.debug.39' => 4,
#   'log4perl.category.main.main.info.37' => 2,
#   'log4perl.category.main.main.info.40' => 8,
#   'log4perl.category.main.main.info.44' => 2,
#   'log4perl.category.main.main.warn.38' => 2,
#   'log4perl.category.main.usersub.info.54' => 2,
#   'log4perl.category.main.usersub.info.55' => 2,
#   'log4perl.category.main.usersub.info.56' => 2,
#   'main.main.info.40' => 1
# }
# 2010/11/18 21:23:22 main.main.info.40: UnSeen Log Events:, {
#   'debug_00012' => 'main,dflt_stdout.pl,63',
#   'info_00011' => 'main,dflt_stdout.pl,62'
# }
# 2010/11/18 21:23:22 main.main.info.40: cat2data:, {
#   'Foo.uselogger.debug.22' => 'debug_00001',
#   'Foo.uselogger.debug.23' => 'debug_00002',
#   'Foo.uselogger.debug.24' => 'debug_00003',
#   'main.main.debug.36' => 'debug_00007',
#   'main.main.debug.39' => 'debug',
#   'main.main.info.37' => 'info_00008',
#   'main.main.info.40' => 'info',
#   'main.main.info.44' => 'info_00010',
#   'main.main.warn.38' => 'warn_00009',
#   'main.usersub.info.54' => 'info_00004',
#   'main.usersub.info.55' => 'info_00005',
#   'main.usersub.info.56' => 'info_00006'
# }
# '
#     doesn't match '(?-xism:main\.main\.debug\.47\:\ \{\
# \ \ \'inner\'\ \=\>\ \'call\ to\ diff\ fn\'\
# \})'

#   Failed test 'found outer info() invocation'
#   at t/02_basic.t line 100.
#                   '2010/11/18 21:23:22 main.main.debug.36: 1, 
# 2010/11/18 21:23:22 main.main.info.37: one arg, 
# 2010/11/18 21:23:22 main.main.warn.38: 2 args, 
# 2010/11/18 21:23:22 main.main.debug.39: [
#   'arrayref'
# ]
# 2010/11/18 21:23:22 main.main.info.40: {
#   'hash' => 'ref'
# }
# 2010/11/18 21:23:22 main.main.info.40: [
#   [
#     'nested',
#     'arrayref',
#     'and'
#   ],
#   {
#     'hash' => 'also'
#   }
# ]
# 2010/11/18 21:23:22 main.main.info.40: {
#   'inner' => 'call to same fn'
# }
# 2010/11/18 21:23:22 main.main.info.44: logged, 
# 2010/11/18 21:23:22 main.main.debug.39: {
#   'inner' => 'call to diff fn'
# }
# 2010/11/18 21:23:22 main.main.info.40: logged nested, {
#   'hash' => 'ref'
# }
# 2010/11/18 21:23:22 main.usersub.info.54: logging from main function, [
#   1
# ]
# 2010/11/18 21:23:22 main.usersub.info.55: logging from main function 1, 
# 2010/11/18 21:23:22 main.usersub.info.56: logging from main function arg1 1, 
# 2010/11/18 21:23:22 Foo.uselogger.debug.22: logging from Foo Foo 1, 
# 2010/11/18 21:23:22 Foo.uselogger.debug.23: logging from Foo Foo 1 extra, 
# 2010/11/18 21:23:22 Foo.uselogger.debug.24: logging from Foo, [
#   'Foo',
#   1
# ]
# 2010/11/18 21:23:22 main.main.debug.36: 2, 
# 2010/11/18 21:23:22 main.main.info.37: one arg, 
# 2010/11/18 21:23:22 main.main.warn.38: 2 args, 
# 2010/11/18 21:23:22 main.main.debug.39: [
#   'arrayref'
# ]
# 2010/11/18 21:23:22 main.main.info.40: {
#   'hash' => 'ref'
# }
# 2010/11/18 21:23:22 main.main.info.40: [
#   [
#     'nested',
#     'arrayref',
#     'and'
#   ],
#   {
#     'hash' => 'also'
#   }
# ]
# 2010/11/18 21:23:22 main.main.info.40: {
#   'inner' => 'call to same fn'
# }
# 2010/11/18 21:23:22 main.main.info.44: logged, 
# 2010/11/18 21:23:22 main.main.debug.39: {
#   'inner' => 'call to diff fn'
# }
# 2010/11/18 21:23:22 main.main.info.40: logged nested, {
#   'hash' => 'ref'
# }
# 2010/11/18 21:23:22 main.usersub.info.54: logging from main function, [
#   2
# ]
# 2010/11/18 21:23:22 main.usersub.info.55: logging from main function 2, 
# 2010/11/18 21:23:22 main.usersub.info.56: logging from main function arg1 2, 
# 2010/11/18 21:23:22 Foo.uselogger.debug.22: logging from Foo Foo 2, 
# 2010/11/18 21:23:22 Foo.uselogger.debug.23: logging from Foo Foo 2 extra, 
# 2010/11/18 21:23:22 Foo.uselogger.debug.24: logging from Foo, [
#   'Foo',
#   2
# ]
# bar is not a legitimate log-level
#  at dflt_stdout.pl line 59
# 2010/11/18 21:23:22 main.main.info.40: Seen Log Events:, {
#   'log4perl.category.Foo.uselogger.debug.22' => 2,
#   'log4perl.category.Foo.uselogger.debug.23' => 2,
#   'log4perl.category.Foo.uselogger.debug.24' => 2,
#   'log4perl.category.main.main.debug.36' => 2,
#   'log4perl.category.main.main.debug.39' => 4,
#   'log4perl.category.main.main.info.37' => 2,
#   'log4perl.category.main.main.info.40' => 8,
#   'log4perl.category.main.main.info.44' => 2,
#   'log4perl.category.main.main.warn.38' => 2,
#   'log4perl.category.main.usersub.info.54' => 2,
#   'log4perl.category.main.usersub.info.55' => 2,
#   'log4perl.category.main.usersub.info.56' => 2,
#   'main.main.info.40' => 1
# }
# 2010/11/18 21:23:22 main.main.info.40: UnSeen Log Events:, {
#   'debug_00012' => 'main,dflt_stdout.pl,63',
#   'info_00011' => 'main,dflt_stdout.pl,62'
# }
# 2010/11/18 21:23:22 main.main.info.40: cat2data:, {
#   'Foo.uselogger.debug.22' => 'debug_00001',
#   'Foo.uselogger.debug.23' => 'debug_00002',
#   'Foo.uselogger.debug.24' => 'debug_00003',
#   'main.main.debug.36' => 'debug_00007',
#   'main.main.debug.39' => 'debug',
#   'main.main.info.37' => 'info_00008',
#   'main.main.info.40' => 'info',
#   'main.main.info.44' => 'info_00010',
#   'main.main.warn.38' => 'warn_00009',
#   'main.usersub.info.54' => 'info_00004',
#   'main.usersub.info.55' => 'info_00005',
#   'main.usersub.info.56' => 'info_00006'
# }
# '
#     doesn't match '(?-xism:main\.main\.info\.47\:\ logged\ nested\,\ \{\
# \ \ \'hash\'\ \=\>\ \'ref\'\
# \})'

#   Failed test 'OK - Seen report looks good - look at t/out.basic.stderr'
#   at t/02_basic.t line 133.
#                   '2010/11/18 21:23:22 main.main.debug.36: 1, 
# 2010/11/18 21:23:22 main.main.info.37: one arg, 
# 2010/11/18 21:23:22 main.main.warn.38: 2 args, 
# 2010/11/18 21:23:22 main.main.debug.39: [
#   'arrayref'
# ]
# 2010/11/18 21:23:22 main.main.info.40: {
#   'hash' => 'ref'
# }
# 2010/11/18 21:23:22 main.main.info.40: [
#   [
#     'nested',
#     'arrayref',
#     'and'
#   ],
#   {
#     'hash' => 'also'
#   }
# ]
# 2010/11/18 21:23:22 main.main.info.40: {
#   'inner' => 'call to same fn'
# }
# 2010/11/18 21:23:22 main.main.info.44: logged, 
# 2010/11/18 21:23:22 main.main.debug.39: {
#   'inner' => 'call to diff fn'
# }
# 2010/11/18 21:23:22 main.main.info.40: logged nested, {
#   'hash' => 'ref'
# }
# 2010/11/18 21:23:22 main.usersub.info.54: logging from main function, [
#   1
# ]
# 2010/11/18 21:23:22 main.usersub.info.55: logging from main function 1, 
# 2010/11/18 21:23:22 main.usersub.info.56: logging from main function arg1 1, 
# 2010/11/18 21:23:22 Foo.uselogger.debug.22: logging from Foo Foo 1, 
# 2010/11/18 21:23:22 Foo.uselogger.debug.23: logging from Foo Foo 1 extra, 
# 2010/11/18 21:23:22 Foo.uselogger.debug.24: logging from Foo, [
#   'Foo',
#   1
# ]
# 2010/11/18 21:23:22 main.main.debug.36: 2, 
# 2010/11/18 21:23:22 main.main.info.37: one arg, 
# 2010/11/18 21:23:22 main.main.warn.38: 2 args, 
# 2010/11/18 21:23:22 main.main.debug.39: [
#   'arrayref'
# ]
# 2010/11/18 21:23:22 main.main.info.40: {
#   'hash' => 'ref'
# }
# 2010/11/18 21:23:22 main.main.info.40: [
#   [
#     'nested',
#     'arrayref',
#     'and'
#   ],
#   {
#     'hash' => 'also'
#   }
# ]
# 2010/11/18 21:23:22 main.main.info.40: {
#   'inner' => 'call to same fn'
# }
# 2010/11/18 21:23:22 main.main.info.44: logged, 
# 2010/11/18 21:23:22 main.main.debug.39: {
#   'inner' => 'call to diff fn'
# }
# 2010/11/18 21:23:22 main.main.info.40: logged nested, {
#   'hash' => 'ref'
# }
# 2010/11/18 21:23:22 main.usersub.info.54: logging from main function, [
#   2
# ]
# 2010/11/18 21:23:22 main.usersub.info.55: logging from main function 2, 
# 2010/11/18 21:23:22 main.usersub.info.56: logging from main function arg1 2, 
# 2010/11/18 21:23:22 Foo.uselogger.debug.22: logging from Foo Foo 2, 
# 2010/11/18 21:23:22 Foo.uselogger.debug.23: logging from Foo Foo 2 extra, 
# 2010/11/18 21:23:22 Foo.uselogger.debug.24: logging from Foo, [
#   'Foo',
#   2
# ]
# bar is not a legitimate log-level
#  at dflt_stdout.pl line 59
# 2010/11/18 21:23:22 main.main.info.40: Seen Log Events:, {
#   'log4perl.category.Foo.uselogger.debug.22' => 2,
#   'log4perl.category.Foo.uselogger.debug.23' => 2,
#   'log4perl.category.Foo.uselogger.debug.24' => 2,
#   'log4perl.category.main.main.debug.36' => 2,
#   'log4perl.category.main.main.debug.39' => 4,
#   'log4perl.category.main.main.info.37' => 2,
#   'log4perl.category.main.main.info.40' => 8,
#   'log4perl.category.main.main.info.44' => 2,
#   'log4perl.category.main.main.warn.38' => 2,
#   'log4perl.category.main.usersub.info.54' => 2,
#   'log4perl.category.main.usersub.info.55' => 2,
#   'log4perl.category.main.usersub.info.56' => 2,
#   'main.main.info.40' => 1
# }
# 2010/11/18 21:23:22 main.main.info.40: UnSeen Log Events:, {
#   'debug_00012' => 'main,dflt_stdout.pl,63',
#   'info_00011' => 'main,dflt_stdout.pl,62'
# }
# 2010/11/18 21:23:22 main.main.info.40: cat2data:, {
#   'Foo.uselogger.debug.22' => 'debug_00001',
#   'Foo.uselogger.debug.23' => 'debug_00002',
#   'Foo.uselogger.debug.24' => 'debug_00003',
#   'main.main.debug.36' => 'debug_00007',
#   'main.main.debug.39' => 'debug',
#   'main.main.info.37' => 'info_00008',
#   'main.main.info.40' => 'info',
#   'main.main.info.44' => 'info_00010',
#   'main.main.warn.38' => 'warn_00009',
#   'main.usersub.info.54' => 'info_00004',
#   'main.usersub.info.55' => 'info_00005',
#   'main.usersub.info.56' => 'info_00006'
# }
# '
#     doesn't match '(?-xism:(Log\.Log4perl\.AutoCategorize\.END\.info\.\d+\:\ Seen\ Log\ Events\:\,\ \{\
# \ \ \'Log\.Log4perl\.AutoCategorize\.END\.info\.\d+\'\ \=\>\ 1\,\
# \ \ \'log4perl\.category\.Foo\.uselogger\.debug\.22\'\ \=\>\ 2\,\
# \ \ \'log4perl\.category\.Foo\.uselogger\.debug\.23\'\ \=\>\ 2\,\
# \ \ \'log4perl\.category\.Foo\.uselogger\.debug\.24\'\ \=\>\ 2\,\
# \ \ \'log4perl\.category\.main\.main\.debug\.36\'\ \=\>\ 2\,\
# \ \ \'log4perl\.category\.main\.main\.debug\.39\'\ \=\>\ 2\,\
# \ \ \'log4perl\.category\.main\.main\.debug\.47\'\ \=\>\ 2\,\
# \ \ \'log4perl\.category\.main\.main\.info\.37\'\ \=\>\ 2\,\
# \ \ \'log4perl\.category\.main\.main\.info\.40\'\ \=\>\ 2\,\
# \ \ \'log4perl\.category\.main\.main\.info\.41\'\ \=\>\ 2\,\
# \ \ \'log4perl\.category\.main\.main\.info\.44\'\ \=\>\ 2\,\
# \ \ \'log4perl\.category\.main\.main\.info\.44a\'\ \=\>\ 2\,\
# \ \ \'log4perl\.category\.main\.main\.info\.47\'\ \=\>\ 2\,\
# \ \ \'log4perl\.category\.main\.main\.warn\.38\'\ \=\>\ 2\,\
# \ \ \'log4perl\.category\.main\.usersub\.info\.54\'\ \=\>\ 2\,\
# \ \ \'log4perl\.category\.main\.usersub\.info\.55\'\ \=\>\ 2\,\
# \ \ \'log4perl\.category\.main\.usersub\.info\.56\'\ \=\>\ 2\
# \}))'

#   Failed test 'OK - Un-Seen report looks good - look at t/out.basic.stderr'
#   at t/02_basic.t line 154.
#                   '2010/11/18 21:23:22 main.main.debug.36: 1, 
# 2010/11/18 21:23:22 main.main.info.37: one arg, 
# 2010/11/18 21:23:22 main.main.warn.38: 2 args, 
# 2010/11/18 21:23:22 main.main.debug.39: [
#   'arrayref'
# ]
# 2010/11/18 21:23:22 main.main.info.40: {
#   'hash' => 'ref'
# }
# 2010/11/18 21:23:22 main.main.info.40: [
#   [
#     'nested',
#     'arrayref',
#     'and'
#   ],
#   {
#     'hash' => 'also'
#   }
# ]
# 2010/11/18 21:23:22 main.main.info.40: {
#   'inner' => 'call to same fn'
# }
# 2010/11/18 21:23:22 main.main.info.44: logged, 
# 2010/11/18 21:23:22 main.main.debug.39: {
#   'inner' => 'call to diff fn'
# }
# 2010/11/18 21:23:22 main.main.info.40: logged nested, {
#   'hash' => 'ref'
# }
# 2010/11/18 21:23:22 main.usersub.info.54: logging from main function, [
#   1
# ]
# 2010/11/18 21:23:22 main.usersub.info.55: logging from main function 1, 
# 2010/11/18 21:23:22 main.usersub.info.56: logging from main function arg1 1, 
# 2010/11/18 21:23:22 Foo.uselogger.debug.22: logging from Foo Foo 1, 
# 2010/11/18 21:23:22 Foo.uselogger.debug.23: logging from Foo Foo 1 extra, 
# 2010/11/18 21:23:22 Foo.uselogger.debug.24: logging from Foo, [
#   'Foo',
#   1
# ]
# 2010/11/18 21:23:22 main.main.debug.36: 2, 
# 2010/11/18 21:23:22 main.main.info.37: one arg, 
# 2010/11/18 21:23:22 main.main.warn.38: 2 args, 
# 2010/11/18 21:23:22 main.main.debug.39: [
#   'arrayref'
# ]
# 2010/11/18 21:23:22 main.main.info.40: {
#   'hash' => 'ref'
# }
# 2010/11/18 21:23:22 main.main.info.40: [
#   [
#     'nested',
#     'arrayref',
#     'and'
#   ],
#   {
#     'hash' => 'also'
#   }
# ]
# 2010/11/18 21:23:22 main.main.info.40: {
#   'inner' => 'call to same fn'
# }
# 2010/11/18 21:23:22 main.main.info.44: logged, 
# 2010/11/18 21:23:22 main.main.debug.39: {
#   'inner' => 'call to diff fn'
# }
# 2010/11/18 21:23:22 main.main.info.40: logged nested, {
#   'hash' => 'ref'
# }
# 2010/11/18 21:23:22 main.usersub.info.54: logging from main function, [
#   2
# ]
# 2010/11/18 21:23:22 main.usersub.info.55: logging from main function 2, 
# 2010/11/18 21:23:22 main.usersub.info.56: logging from main function arg1 2, 
# 2010/11/18 21:23:22 Foo.uselogger.debug.22: logging from Foo Foo 2, 
# 2010/11/18 21:23:22 Foo.uselogger.debug.23: logging from Foo Foo 2 extra, 
# 2010/11/18 21:23:22 Foo.uselogger.debug.24: logging from Foo, [
#   'Foo',
#   2
# ]
# bar is not a legitimate log-level
#  at dflt_stdout.pl line 59
# 2010/11/18 21:23:22 main.main.info.40: Seen Log Events:, {
#   'log4perl.category.Foo.uselogger.debug.22' => 2,
#   'log4perl.category.Foo.uselogger.debug.23' => 2,
#   'log4perl.category.Foo.uselogger.debug.24' => 2,
#   'log4perl.category.main.main.debug.36' => 2,
#   'log4perl.category.main.main.debug.39' => 4,
#   'log4perl.category.main.main.info.37' => 2,
#   'log4perl.category.main.main.info.40' => 8,
#   'log4perl.category.main.main.info.44' => 2,
#   'log4perl.category.main.main.warn.38' => 2,
#   'log4perl.category.main.usersub.info.54' => 2,
#   'log4perl.category.main.usersub.info.55' => 2,
#   'log4perl.category.main.usersub.info.56' => 2,
#   'main.main.info.40' => 1
# }
# 2010/11/18 21:23:22 main.main.info.40: UnSeen Log Events:, {
#   'debug_00012' => 'main,dflt_stdout.pl,63',
#   'info_00011' => 'main,dflt_stdout.pl,62'
# }
# 2010/11/18 21:23:22 main.main.info.40: cat2data:, {
#   'Foo.uselogger.debug.22' => 'debug_00001',
#   'Foo.uselogger.debug.23' => 'debug_00002',
#   'Foo.uselogger.debug.24' => 'debug_00003',
#   'main.main.debug.36' => 'debug_00007',
#   'main.main.debug.39' => 'debug',
#   'main.main.info.37' => 'info_00008',
#   'main.main.info.40' => 'info',
#   'main.main.info.44' => 'info_00010',
#   'main.main.warn.38' => 'warn_00009',
#   'main.usersub.info.54' => 'info_00004',
#   'main.usersub.info.55' => 'info_00005',
#   'main.usersub.info.56' => 'info_00006'
# }
# '
#     doesn't match '(?-xism:(Log\.Log4perl\.AutoCategorize\.END\.info\.\d+\:\ UnSeen\ Log\ Events\:\,\ \{\
# \ \ \'debug_00018\'\ \=\>\ \'main\,dflt_stdout\.pl\,63\'\,\
# \ \ \'info_00017\'\ \=\>\ \'main\,dflt_stdout\.pl\,62\'\
# \}))'
2010/11/18 21:23:22 Log.Log4perl.AutoCategorize.END.info.322: Seen Log Events:, {
  'Log.Log4perl.AutoCategorize.END.info.322' => 1
}
2010/11/18 21:23:22 Log.Log4perl.AutoCategorize.END.info.322: UnSeen Log Events:, {}
2010/11/18 21:23:22 Log.Log4perl.AutoCategorize.END.info.322: cat2data:, {}
# Looks like you failed 7 tests of 25.
t/02_basic.t ......... 
Dubious, test returned 7 (wstat 1792, 0x700)
Failed 7/25 subtests 
# now examine output

#   Failed test '17 munged names'
#   at t/03_options.t line 52.
#  for some reason, one method called from END block is un-munged

#   Failed test '17 categories'
#   at t/03_options.t line 64.

#   Failed test '17 methods built'
#   at t/03_options.t line 75.
# Looks like you failed 3 tests of 10.
t/03_options.t ....... 
Dubious, test returned 3 (wstat 768, 0x300)
Failed 3/10 subtests 
t/04_subclass.t ...... ok

#   Failed test 'OK - Seen report in t/out.tinitstr.cover'
#   at t/05_initstr.t line 56.
#                   '(21:23:24.476) Log.Log4perl.AutoCategorize.END.info.322: Seen Log Events:, {
#   'Log.Log4perl.AutoCategorize.END.info.322' => 1,
#   'log4perl.category.A.bar.debug.52' => -50,
#   'log4perl.category.A.bar.warn.51' => 50,
#   'log4perl.category.main.foo.warn.41' => 25,
#   'log4perl.category.main.main.info.33' => 5,
#   'log4perl.category.main.main.warn.32' => 5
# }
# (21:23:24.478) Log.Log4perl.AutoCategorize.END.info.322: UnSeen Log Events:, {}
# (21:23:24.480) Log.Log4perl.AutoCategorize.END.info.322: cat2data:, {
#   'A.bar.debug.52' => 'debug_00003',
#   'A.bar.warn.51' => 'warn_00002',
#   'main.foo.warn.41' => 'warn_00001',
#   'main.main.info.33' => 'info_00005',
#   'main.main.warn.32' => 'warn_00004'
# }
# '
#     doesn't match '(?-xism:(Log\.Log4perl\.AutoCategorize\.END\.info\.\d+\:\ Seen\ Log\ Events\:\,\ \{\
# \ \ \'Log\.Log4perl\.AutoCategorize\.END\.info\.\d+\'\ \=\>\ 1\,\
# \ \ \'log4perl\.category\.A\.bar\.debug\.52\'\ \=\>\ \'\-50\'\,\
# \ \ \'log4perl\.category\.A\.bar\.warn\.51\'\ \=\>\ 50\,\
# \ \ \'log4perl\.category\.main\.foo\.warn\.41\'\ \=\>\ 25\,\
# \ \ \'log4perl\.category\.main\.main\.info\.33\'\ \=\>\ 5\,\
# \ \ \'log4perl\.category\.main\.main\.warn\.32\'\ \=\>\ 5\
# \}))'
# Looks like you failed 1 test of 12.
t/05_initstr.t ....... 
Dubious, test returned 1 (wstat 256, 0x100)
Failed 1/12 subtests 

#   Failed test 'OK - Seen report'
#   at t/06_conf_file.t line 55.
#                   '(21:23:25.010) Log.Log4perl.AutoCategorize.END.info.322: Seen Log Events:, {
#   'Log.Log4perl.AutoCategorize.END.info.322' => 1,
#   'log4perl.category.A.truck.debug.63' => 20,
#   'log4perl.category.A.truck.debug.65' => 20,
#   'log4perl.category.A.truck.debug.66' => 20,
#   'log4perl.category.A.truck.warn.62' => 20,
#   'log4perl.category.main.car.warn.46' => 10,
#   'log4perl.category.main.main.info.28' => 5,
#   'log4perl.category.main.main.warn.27' => 5,
#   'log4perl.category.main.suv.warn.51' => -10,
#   'log4perl.category.main.suv.warn.52' => -10
# }
# (21:23:25.011) Log.Log4perl.AutoCategorize.END.info.322: UnSeen Log Events:, {
#   'info_00010' => 'main,tconf_file.pl,36',
#   'warn_00007' => 'B::C,tconf_file.pl,76'
# }
# (21:23:25.012) Log.Log4perl.AutoCategorize.END.info.322: cat2data:, {
#   'A.truck.debug.63' => 'debug_00004',
#   'A.truck.debug.65' => 'debug_00005',
#   'A.truck.debug.66' => 'debug_1_00006',
#   'A.truck.warn.62' => 'warn_00003',
#   'main.car.warn.46' => 'warn',
#   'main.main.info.28' => 'info_00009',
#   'main.main.warn.27' => 'warn_00008',
#   'main.suv.warn.51' => 'warn_00001',
#   'main.suv.warn.52' => 'warn_00002'
# }
# '
#     doesn't match '(?-xism:(Log\.Log4perl\.AutoCategorize\.END\.info\.\d+\:\ Seen\ Log\ Events\:\,\ \{\
# \ \ \'Log\.Log4perl\.AutoCategorize\.END\.info\.\d+\'\ \=\>\ 1\,\
# \ \ \'log4perl\.category\.A\.truck\.debug\.63\'\ \=\>\ 20\,\
# \ \ \'log4perl\.category\.A\.truck\.debug\.65\'\ \=\>\ 20\,\
# \ \ \'log4perl\.category\.A\.truck\.debug\.66\'\ \=\>\ 20\,\
# \ \ \'log4perl\.category\.A\.truck\.warn\.62\'\ \=\>\ 20\,\
# \ \ \'log4perl\.category\.main\.car\.warn\.46\'\ \=\>\ 10\,\
# \ \ \'log4perl\.category\.main\.main\.info\.28\'\ \=\>\ 5\,\
# \ \ \'log4perl\.category\.main\.main\.warn\.27\'\ \=\>\ 5\,\
# \ \ \'log4perl\.category\.main\.suv\.warn\.51\'\ \=\>\ \'\-10\'\,\
# \ \ \'log4perl\.category\.main\.suv\.warn\.52\'\ \=\>\ \'\-10\'\
# \}))'

#   Failed test 'OK - Un-Seen report'
#   at t/06_conf_file.t line 69.
#                   '(21:23:25.010) Log.Log4perl.AutoCategorize.END.info.322: Seen Log Events:, {
#   'Log.Log4perl.AutoCategorize.END.info.322' => 1,
#   'log4perl.category.A.truck.debug.63' => 20,
#   'log4perl.category.A.truck.debug.65' => 20,
#   'log4perl.category.A.truck.debug.66' => 20,
#   'log4perl.category.A.truck.warn.62' => 20,
#   'log4perl.category.main.car.warn.46' => 10,
#   'log4perl.category.main.main.info.28' => 5,
#   'log4perl.category.main.main.warn.27' => 5,
#   'log4perl.category.main.suv.warn.51' => -10,
#   'log4perl.category.main.suv.warn.52' => -10
# }
# (21:23:25.011) Log.Log4perl.AutoCategorize.END.info.322: UnSeen Log Events:, {
#   'info_00010' => 'main,tconf_file.pl,36',
#   'warn_00007' => 'B::C,tconf_file.pl,76'
# }
# (21:23:25.012) Log.Log4perl.AutoCategorize.END.info.322: cat2data:, {
#   'A.truck.debug.63' => 'debug_00004',
#   'A.truck.debug.65' => 'debug_00005',
#   'A.truck.debug.66' => 'debug_1_00006',
#   'A.truck.warn.62' => 'warn_00003',
#   'main.car.warn.46' => 'warn',
#   'main.main.info.28' => 'info_00009',
#   'main.main.warn.27' => 'warn_00008',
#   'main.suv.warn.51' => 'warn_00001',
#   'main.suv.warn.52' => 'warn_00002'
# }
# '
#     doesn't match '(?-xism:(Log\.Log4perl\.AutoCategorize\.END\.info\.\d+\:\ UnSeen\ Log\ Events\:\,\ \{\
# \ \ \'info_00011\'\ \=\>\ \'main\,tconf_file\.pl\,36\'\,\
# \ \ \'warn_00008\'\ \=\>\ \'B\:\:C\,tconf_file\.pl\,76\'\
# \}))'

#   Failed test 'OK - cat-2-munged data'
#   at t/06_conf_file.t line 75.
#                   '(21:23:25.010) Log.Log4perl.AutoCategorize.END.info.322: Seen Log Events:, {
#   'Log.Log4perl.AutoCategorize.END.info.322' => 1,
#   'log4perl.category.A.truck.debug.63' => 20,
#   'log4perl.category.A.truck.debug.65' => 20,
#   'log4perl.category.A.truck.debug.66' => 20,
#   'log4perl.category.A.truck.warn.62' => 20,
#   'log4perl.category.main.car.warn.46' => 10,
#   'log4perl.category.main.main.info.28' => 5,
#   'log4perl.category.main.main.warn.27' => 5,
#   'log4perl.category.main.suv.warn.51' => -10,
#   'log4perl.category.main.suv.warn.52' => -10
# }
# (21:23:25.011) Log.Log4perl.AutoCategorize.END.info.322: UnSeen Log Events:, {
#   'info_00010' => 'main,tconf_file.pl,36',
#   'warn_00007' => 'B::C,tconf_file.pl,76'
# }
# (21:23:25.012) Log.Log4perl.AutoCategorize.END.info.322: cat2data:, {
#   'A.truck.debug.63' => 'debug_00004',
#   'A.truck.debug.65' => 'debug_00005',
#   'A.truck.debug.66' => 'debug_1_00006',
#   'A.truck.warn.62' => 'warn_00003',
#   'main.car.warn.46' => 'warn',
#   'main.main.info.28' => 'info_00009',
#   'main.main.warn.27' => 'warn_00008',
#   'main.suv.warn.51' => 'warn_00001',
#   'main.suv.warn.52' => 'warn_00002'
# }
# '
#     doesn't match '(?-xism:(Log\.Log4perl\.AutoCategorize\.END\.info\.\d+\:\ cat2data\:\,\ \{\
# \ \ \'A\.truck\.debug\.63\'\ \=\>\ \'debug_00005\'\,\
# \ \ \'A\.truck\.debug\.65\'\ \=\>\ \'debug_00006\'\,\
# \ \ \'A\.truck\.debug\.66\'\ \=\>\ \'debug_1_00007\'\,\
# \ \ \'A\.truck\.warn\.62\'\ \=\>\ \'warn_00004\'\,\
# \ \ \'main\.car\.warn\.46\'\ \=\>\ \'warn_00001\'\,\
# \ \ \'main\.main\.info\.28\'\ \=\>\ \'info_00010\'\,\
# \ \ \'main\.main\.warn\.27\'\ \=\>\ \'warn_00009\'\,\
# \ \ \'main\.suv\.warn\.51\'\ \=\>\ \'warn_00002\'\,\
# \ \ \'main\.suv\.warn\.52\'\ \=\>\ \'warn_00003\'\
# \}))'
# Looks like you failed 3 tests of 9.
t/06_conf_file.t ..... 
Dubious, test returned 3 (wstat 768, 0x300)
Failed 3/9 subtests 
t/07_coexist.t ....... ok
sh: line 1: 11908 Segmentation fault      perl dflt_stdout.pl -d zZ > out.options_more.std 2> out.options_more.err

#   Failed test 'exited with 35584'
#   at t/08_options_more.t line 25.

#   Failed test 'got something on stdout'
#   at t/08_options_more.t line 39.

#   Failed test 'got expected size breakdown of vivified functions'
#   at t/08_options_more.t line 48.
#                   ''
#     doesn't match '(?-xism:(size\ breakdown\:\ \{\
# \ \ \'debug_00001\'\ \=\>\ 6390\,\
# \ \ \'debug_00002\'\ \=\>\ 6390\,\
# \ \ \'debug_00003\'\ \=\>\ 6390\,\
# \ \ \'debug_00007\'\ \=\>\ 6390\,\
# \ \ \'debug_00010\'\ \=\>\ 6390\,\
# \ \ \'debug_00016\'\ \=\>\ 6390\,\
# \ \ \'info_00004\'\ \=\>\ 6388\,\
# \ \ \'info_00005\'\ \=\>\ 6388\,\
# \ \ \'info_00006\'\ \=\>\ 6388\,\
# \ \ \'info_00008\'\ \=\>\ 6388\,\
# \ \ \'info_00011\'\ \=\>\ 6388\,\
# \ \ \'info_00012\'\ \=\>\ 6388\,\
# \ \ \'info_00013\'\ \=\>\ 6388\,\
# \ \ \'info_00014\'\ \=\>\ 6388\,\
# \ \ \'info_00015\'\ \=\>\ 6388\,\
# \ \ \'warn_00009\'\ \=\>\ 6388\
# \}))'
# Looks like you failed 3 tests of 5.
t/08_options_more.t .. 
Dubious, test returned 3 (wstat 768, 0x300)
Failed 3/5 subtests 
t/09_coexist_easy.t .. ok

#   Failed test 'found: 'log4perl.category.X.truck.debug.9' => '-5''
#   at t/10_multi_pack.t line 129.
#                   '(21:23:27.115) Log.Log4perl.AutoCategorize.END.info.322: Seen Log Events:, {
#   'Log.Log4perl.AutoCategorize.END.info.322' => 1,
#   'log4perl.category.X.truck.debug.9' => -5,
#   'log4perl.category.X.truck.warn.8' => 5,
#   'log4perl.category.Y.truck.debug.9' => -5,
#   'log4perl.category.Y.truck.warn.8' => 5,
#   'log4perl.category.main.main.info.81' => 5,
#   'log4perl.category.main.main.warn.80' => 5
# }
# (21:23:27.117) Log.Log4perl.AutoCategorize.END.info.322: UnSeen Log Events:, {}
# (21:23:27.118) Log.Log4perl.AutoCategorize.END.info.322: cat2data:, {
#   'X.truck.debug.9' => 'debug_00002',
#   'X.truck.warn.8' => 'warn_00001',
#   'Y.truck.debug.9' => 'debug_00004',
#   'Y.truck.warn.8' => 'warn_00003',
#   'main.main.info.81' => 'info_00006',
#   'main.main.warn.80' => 'warn_00005'
# }
# '
#     doesn't match '(?ms-xi:\'log4perl\.category\.X\.truck\.debug\.9\'\ \=\>\ \'\-5\')'

#   Failed test 'found: 'log4perl.category.Y.truck.debug.9' => '-5''
#   at t/10_multi_pack.t line 129.
#                   '(21:23:27.115) Log.Log4perl.AutoCategorize.END.info.322: Seen Log Events:, {
#   'Log.Log4perl.AutoCategorize.END.info.322' => 1,
#   'log4perl.category.X.truck.debug.9' => -5,
#   'log4perl.category.X.truck.warn.8' => 5,
#   'log4perl.category.Y.truck.debug.9' => -5,
#   'log4perl.category.Y.truck.warn.8' => 5,
#   'log4perl.category.main.main.info.81' => 5,
#   'log4perl.category.main.main.warn.80' => 5
# }
# (21:23:27.117) Log.Log4perl.AutoCategorize.END.info.322: UnSeen Log Events:, {}
# (21:23:27.118) Log.Log4perl.AutoCategorize.END.info.322: cat2data:, {
#   'X.truck.debug.9' => 'debug_00002',
#   'X.truck.warn.8' => 'warn_00001',
#   'Y.truck.debug.9' => 'debug_00004',
#   'Y.truck.warn.8' => 'warn_00003',
#   'main.main.info.81' => 'info_00006',
#   'main.main.warn.80' => 'warn_00005'
# }
# '
#     doesn't match '(?ms-xi:\'log4perl\.category\.Y\.truck\.debug\.9\'\ \=\>\ \'\-5\')'

#   Failed test 'found: 'log4perl.category.X.truck.debug.9' => '-5''
#   at t/10_multi_pack.t line 129.
#                   '(21:23:27.420) Log.Log4perl.AutoCategorize.END.info.322: Seen Log Events:, {
#   'Log.Log4perl.AutoCategorize.END.info.322' => 1,
#   'log4perl.category.X.truck.debug.9' => -5,
#   'log4perl.category.X.truck.warn.8' => 5,
#   'log4perl.category.Z.truck.debug.9' => -5,
#   'log4perl.category.Z.truck.warn.8' => 5,
#   'log4perl.category.main.main.info.81' => 5,
#   'log4perl.category.main.main.warn.80' => 5
# }
# (21:23:27.422) Log.Log4perl.AutoCategorize.END.info.322: UnSeen Log Events:, {}
# (21:23:27.424) Log.Log4perl.AutoCategorize.END.info.322: cat2data:, {
#   'X.truck.debug.9' => 'debug_00002',
#   'X.truck.warn.8' => 'warn_00001',
#   'Z.truck.debug.9' => 'debug_00004',
#   'Z.truck.warn.8' => 'warn_00003',
#   'main.main.info.81' => 'info_00006',
#   'main.main.warn.80' => 'warn_00005'
# }
# '
#     doesn't match '(?ms-xi:\'log4perl\.category\.X\.truck\.debug\.9\'\ \=\>\ \'\-5\')'

#   Failed test 'found: 'log4perl.category.Z.truck.debug.9' => '-5''
#   at t/10_multi_pack.t line 129.
#                   '(21:23:27.420) Log.Log4perl.AutoCategorize.END.info.322: Seen Log Events:, {
#   'Log.Log4perl.AutoCategorize.END.info.322' => 1,
#   'log4perl.category.X.truck.debug.9' => -5,
#   'log4perl.category.X.truck.warn.8' => 5,
#   'log4perl.category.Z.truck.debug.9' => -5,
#   'log4perl.category.Z.truck.warn.8' => 5,
#   'log4perl.category.main.main.info.81' => 5,
#   'log4perl.category.main.main.warn.80' => 5
# }
# (21:23:27.422) Log.Log4perl.AutoCategorize.END.info.322: UnSeen Log Events:, {}
# (21:23:27.424) Log.Log4perl.AutoCategorize.END.info.322: cat2data:, {
#   'X.truck.debug.9' => 'debug_00002',
#   'X.truck.warn.8' => 'warn_00001',
#   'Z.truck.debug.9' => 'debug_00004',
#   'Z.truck.warn.8' => 'warn_00003',
#   'main.main.info.81' => 'info_00006',
#   'main.main.warn.80' => 'warn_00005'
# }
# '
#     doesn't match '(?ms-xi:\'log4perl\.category\.Z\.truck\.debug\.9\'\ \=\>\ \'\-5\')'

#   Failed test 'found: 'log4perl.category.Y.truck.debug.9' => '-5''
#   at t/10_multi_pack.t line 129.
#                   '(21:23:27.731) Log.Log4perl.AutoCategorize.END.info.322: Seen Log Events:, {
#   'Log.Log4perl.AutoCategorize.END.info.322' => 1,
#   'log4perl.category.Y.truck.debug.9' => -5,
#   'log4perl.category.Y.truck.warn.8' => 5,
#   'log4perl.category.Z.truck.debug.9' => -5,
#   'log4perl.category.Z.truck.warn.8' => 5,
#   'log4perl.category.main.main.info.81' => 5,
#   'log4perl.category.main.main.warn.80' => 5
# }
# (21:23:27.732) Log.Log4perl.AutoCategorize.END.info.322: UnSeen Log Events:, {}
# (21:23:27.733) Log.Log4perl.AutoCategorize.END.info.322: cat2data:, {
#   'Y.truck.debug.9' => 'debug_00002',
#   'Y.truck.warn.8' => 'warn_00001',
#   'Z.truck.debug.9' => 'debug_00004',
#   'Z.truck.warn.8' => 'warn_00003',
#   'main.main.info.81' => 'info_00006',
#   'main.main.warn.80' => 'warn_00005'
# }
# '
#     doesn't match '(?ms-xi:\'log4perl\.category\.Y\.truck\.debug\.9\'\ \=\>\ \'\-5\')'

#   Failed test 'found: 'log4perl.category.Z.truck.debug.9' => '-5''
#   at t/10_multi_pack.t line 129.
#                   '(21:23:27.731) Log.Log4perl.AutoCategorize.END.info.322: Seen Log Events:, {
#   'Log.Log4perl.AutoCategorize.END.info.322' => 1,
#   'log4perl.category.Y.truck.debug.9' => -5,
#   'log4perl.category.Y.truck.warn.8' => 5,
#   'log4perl.category.Z.truck.debug.9' => -5,
#   'log4perl.category.Z.truck.warn.8' => 5,
#   'log4perl.category.main.main.info.81' => 5,
#   'log4perl.category.main.main.warn.80' => 5
# }
# (21:23:27.732) Log.Log4perl.AutoCategorize.END.info.322: UnSeen Log Events:, {}
# (21:23:27.733) Log.Log4perl.AutoCategorize.END.info.322: cat2data:, {
#   'Y.truck.debug.9' => 'debug_00002',
#   'Y.truck.warn.8' => 'warn_00001',
#   'Z.truck.debug.9' => 'debug_00004',
#   'Z.truck.warn.8' => 'warn_00003',
#   'main.main.info.81' => 'info_00006',
#   'main.main.warn.80' => 'warn_00005'
# }
# '
#     doesn't match '(?ms-xi:\'log4perl\.category\.Z\.truck\.debug\.9\'\ \=\>\ \'\-5\')'

#   Failed test 'found: 'log4perl.category.X.truck.debug.9' => '-5''
#   at t/10_multi_pack.t line 129.
#                   '(21:23:28.030) Log.Log4perl.AutoCategorize.END.info.322: Seen Log Events:, {
#   'Log.Log4perl.AutoCategorize.END.info.322' => 1,
#   'log4perl.category.X.truck.debug.9' => -5,
#   'log4perl.category.X.truck.warn.8' => 5,
#   'log4perl.category.Y.truck.debug.9' => -5,
#   'log4perl.category.Y.truck.warn.8' => 5,
#   'log4perl.category.main.main.info.81' => 5,
#   'log4perl.category.main.main.warn.80' => 5
# }
# (21:23:28.031) Log.Log4perl.AutoCategorize.END.info.322: UnSeen Log Events:, {}
# (21:23:28.032) Log.Log4perl.AutoCategorize.END.info.322: cat2data:, {
#   'X.truck.debug.9' => 'debug_00002',
#   'X.truck.warn.8' => 'warn_00001',
#   'Y.truck.debug.9' => 'debug_00004',
#   'Y.truck.warn.8' => 'warn_00003',
#   'main.main.info.81' => 'info',
#   'main.main.warn.80' => 'warn'
# }
# '
#     doesn't match '(?ms-xi:\'log4perl\.category\.X\.truck\.debug\.9\'\ \=\>\ \'\-5\')'

#   Failed test 'found: 'log4perl.category.Y.truck.debug.9' => '-5''
#   at t/10_multi_pack.t line 129.
#                   '(21:23:28.030) Log.Log4perl.AutoCategorize.END.info.322: Seen Log Events:, {
#   'Log.Log4perl.AutoCategorize.END.info.322' => 1,
#   'log4perl.category.X.truck.debug.9' => -5,
#   'log4perl.category.X.truck.warn.8' => 5,
#   'log4perl.category.Y.truck.debug.9' => -5,
#   'log4perl.category.Y.truck.warn.8' => 5,
#   'log4perl.category.main.main.info.81' => 5,
#   'log4perl.category.main.main.warn.80' => 5
# }
# (21:23:28.031) Log.Log4perl.AutoCategorize.END.info.322: UnSeen Log Events:, {}
# (21:23:28.032) Log.Log4perl.AutoCategorize.END.info.322: cat2data:, {
#   'X.truck.debug.9' => 'debug_00002',
#   'X.truck.warn.8' => 'warn_00001',
#   'Y.truck.debug.9' => 'debug_00004',
#   'Y.truck.warn.8' => 'warn_00003',
#   'main.main.info.81' => 'info',
#   'main.main.warn.80' => 'warn'
# }
# '
#     doesn't match '(?ms-xi:\'log4perl\.category\.Y\.truck\.debug\.9\'\ \=\>\ \'\-5\')'

#   Failed test 'found: 'log4perl.category.X.truck.debug.9' => '-5''
#   at t/10_multi_pack.t line 129.
#                   '(21:23:28.329) Log.Log4perl.AutoCategorize.END.info.322: Seen Log Events:, {
#   'Log.Log4perl.AutoCategorize.END.info.322' => 1,
#   'log4perl.category.X.truck.debug.9' => -5,
#   'log4perl.category.X.truck.warn.8' => 5,
#   'log4perl.category.Z.truck.debug.9' => -5,
#   'log4perl.category.Z.truck.warn.8' => 5,
#   'log4perl.category.main.main.info.81' => 5,
#   'log4perl.category.main.main.warn.80' => 5
# }
# (21:23:28.330) Log.Log4perl.AutoCategorize.END.info.322: UnSeen Log Events:, {}
# (21:23:28.331) Log.Log4perl.AutoCategorize.END.info.322: cat2data:, {
#   'X.truck.debug.9' => 'debug_00002',
#   'X.truck.warn.8' => 'warn_00001',
#   'Z.truck.debug.9' => 'debug_00004',
#   'Z.truck.warn.8' => 'warn_00003',
#   'main.main.info.81' => 'info',
#   'main.main.warn.80' => 'warn'
# }
# '
#     doesn't match '(?ms-xi:\'log4perl\.category\.X\.truck\.debug\.9\'\ \=\>\ \'\-5\')'

#   Failed test 'found: 'log4perl.category.Z.truck.debug.9' => '-5''
#   at t/10_multi_pack.t line 129.
#                   '(21:23:28.329) Log.Log4perl.AutoCategorize.END.info.322: Seen Log Events:, {
#   'Log.Log4perl.AutoCategorize.END.info.322' => 1,
#   'log4perl.category.X.truck.debug.9' => -5,
#   'log4perl.category.X.truck.warn.8' => 5,
#   'log4perl.category.Z.truck.debug.9' => -5,
#   'log4perl.category.Z.truck.warn.8' => 5,
#   'log4perl.category.main.main.info.81' => 5,
#   'log4perl.category.main.main.warn.80' => 5
# }
# (21:23:28.330) Log.Log4perl.AutoCategorize.END.info.322: UnSeen Log Events:, {}
# (21:23:28.331) Log.Log4perl.AutoCategorize.END.info.322: cat2data:, {
#   'X.truck.debug.9' => 'debug_00002',
#   'X.truck.warn.8' => 'warn_00001',
#   'Z.truck.debug.9' => 'debug_00004',
#   'Z.truck.warn.8' => 'warn_00003',
#   'main.main.info.81' => 'info',
#   'main.main.warn.80' => 'warn'
# }
# '
#     doesn't match '(?ms-xi:\'log4perl\.category\.Z\.truck\.debug\.9\'\ \=\>\ \'\-5\')'

#   Failed test 'found: 'log4perl.category.Y.truck.debug.9' => '-5''
#   at t/10_multi_pack.t line 129.
#                   '(21:23:28.737) Log.Log4perl.AutoCategorize.END.info.322: Seen Log Events:, {
#   'Log.Log4perl.AutoCategorize.END.info.322' => 1,
#   'log4perl.category.Y.truck.debug.9' => -5,
#   'log4perl.category.Y.truck.warn.8' => 5,
#   'log4perl.category.Z.truck.debug.9' => -5,
#   'log4perl.category.Z.truck.warn.8' => 5,
#   'log4perl.category.main.main.info.81' => 5,
#   'log4perl.category.main.main.warn.80' => 5
# }
# (21:23:28.739) Log.Log4perl.AutoCategorize.END.info.322: UnSeen Log Events:, {}
# (21:23:28.741) Log.Log4perl.AutoCategorize.END.info.322: cat2data:, {
#   'Y.truck.debug.9' => 'debug_00002',
#   'Y.truck.warn.8' => 'warn_00001',
#   'Z.truck.debug.9' => 'debug_00004',
#   'Z.truck.warn.8' => 'warn_00003',
#   'main.main.info.81' => 'info',
#   'main.main.warn.80' => 'warn'
# }
# '
#     doesn't match '(?ms-xi:\'log4perl\.category\.Y\.truck\.debug\.9\'\ \=\>\ \'\-5\')'

#   Failed test 'found: 'log4perl.category.Z.truck.debug.9' => '-5''
#   at t/10_multi_pack.t line 129.
#                   '(21:23:28.737) Log.Log4perl.AutoCategorize.END.info.322: Seen Log Events:, {
#   'Log.Log4perl.AutoCategorize.END.info.322' => 1,
#   'log4perl.category.Y.truck.debug.9' => -5,
#   'log4perl.category.Y.truck.warn.8' => 5,
#   'log4perl.category.Z.truck.debug.9' => -5,
#   'log4perl.category.Z.truck.warn.8' => 5,
#   'log4perl.category.main.main.info.81' => 5,
#   'log4perl.category.main.main.warn.80' => 5
# }
# (21:23:28.739) Log.Log4perl.AutoCategorize.END.info.322: UnSeen Log Events:, {}
# (21:23:28.741) Log.Log4perl.AutoCategorize.END.info.322: cat2data:, {
#   'Y.truck.debug.9' => 'debug_00002',
#   'Y.truck.warn.8' => 'warn_00001',
#   'Z.truck.debug.9' => 'debug_00004',
#   'Z.truck.warn.8' => 'warn_00003',
#   'main.main.info.81' => 'info',
#   'main.main.warn.80' => 'warn'
# }
# '
#     doesn't match '(?ms-xi:\'log4perl\.category\.Z\.truck\.debug\.9\'\ \=\>\ \'\-5\')'

#   Failed test 'found: 'log4perl.category.X.truck.debug.9' => '-5''
#   at t/10_multi_pack.t line 129.
#                   '(21:23:29.137) Log.Log4perl.AutoCategorize.END.info.322: Seen Log Events:, {
#   'Log.Log4perl.AutoCategorize.END.info.322' => 1,
#   'log4perl.category.X.truck.debug.9' => -5,
#   'log4perl.category.X.truck.warn.8' => 5,
#   'log4perl.category.Y.truck.debug.9' => -5,
#   'log4perl.category.Y.truck.warn.8' => 5,
#   'log4perl.category.main.main.info.81' => 5,
#   'log4perl.category.main.main.warn.80' => 5
# }
# (21:23:29.138) Log.Log4perl.AutoCategorize.END.info.322: UnSeen Log Events:, {}
# (21:23:29.140) Log.Log4perl.AutoCategorize.END.info.322: cat2data:, {
#   'X.truck.debug.9' => 'debug_00002',
#   'X.truck.warn.8' => 'warn_00001',
#   'Y.truck.debug.9' => 'debug_00004',
#   'Y.truck.warn.8' => 'warn_00003',
#   'main.main.info.81' => 'info',
#   'main.main.warn.80' => 'warn'
# }
# '
#     doesn't match '(?ms-xi:\'log4perl\.category\.X\.truck\.debug\.9\'\ \=\>\ \'\-5\')'

#   Failed test 'found: 'log4perl.category.Y.truck.debug.9' => '-5''
#   at t/10_multi_pack.t line 129.
#                   '(21:23:29.137) Log.Log4perl.AutoCategorize.END.info.322: Seen Log Events:, {
#   'Log.Log4perl.AutoCategorize.END.info.322' => 1,
#   'log4perl.category.X.truck.debug.9' => -5,
#   'log4perl.category.X.truck.warn.8' => 5,
#   'log4perl.category.Y.truck.debug.9' => -5,
#   'log4perl.category.Y.truck.warn.8' => 5,
#   'log4perl.category.main.main.info.81' => 5,
#   'log4perl.category.main.main.warn.80' => 5
# }
# (21:23:29.138) Log.Log4perl.AutoCategorize.END.info.322: UnSeen Log Events:, {}
# (21:23:29.140) Log.Log4perl.AutoCategorize.END.info.322: cat2data:, {
#   'X.truck.debug.9' => 'debug_00002',
#   'X.truck.warn.8' => 'warn_00001',
#   'Y.truck.debug.9' => 'debug_00004',
#   'Y.truck.warn.8' => 'warn_00003',
#   'main.main.info.81' => 'info',
#   'main.main.warn.80' => 'warn'
# }
# '
#     doesn't match '(?ms-xi:\'log4perl\.category\.Y\.truck\.debug\.9\'\ \=\>\ \'\-5\')'

#   Failed test 'found: 'log4perl.category.X.truck.debug.9' => '-5''
#   at t/10_multi_pack.t line 129.
#                   '(21:23:29.460) Log.Log4perl.AutoCategorize.END.info.322: Seen Log Events:, {
#   'Log.Log4perl.AutoCategorize.END.info.322' => 1,
#   'log4perl.category.X.truck.debug.9' => -5,
#   'log4perl.category.X.truck.warn.8' => 5,
#   'log4perl.category.Z.truck.debug.9' => -5,
#   'log4perl.category.Z.truck.warn.8' => 5,
#   'log4perl.category.main.main.info.81' => 5,
#   'log4perl.category.main.main.warn.80' => 5
# }
# (21:23:29.462) Log.Log4perl.AutoCategorize.END.info.322: UnSeen Log Events:, {}
# (21:23:29.464) Log.Log4perl.AutoCategorize.END.info.322: cat2data:, {
#   'X.truck.debug.9' => 'debug_00002',
#   'X.truck.warn.8' => 'warn_00001',
#   'Z.truck.debug.9' => 'debug_00004',
#   'Z.truck.warn.8' => 'warn_00003',
#   'main.main.info.81' => 'info',
#   'main.main.warn.80' => 'warn'
# }
# '
#     doesn't match '(?ms-xi:\'log4perl\.category\.X\.truck\.debug\.9\'\ \=\>\ \'\-5\')'

#   Failed test 'found: 'log4perl.category.Z.truck.debug.9' => '-5''
#   at t/10_multi_pack.t line 129.
#                   '(21:23:29.460) Log.Log4perl.AutoCategorize.END.info.322: Seen Log Events:, {
#   'Log.Log4perl.AutoCategorize.END.info.322' => 1,
#   'log4perl.category.X.truck.debug.9' => -5,
#   'log4perl.category.X.truck.warn.8' => 5,
#   'log4perl.category.Z.truck.debug.9' => -5,
#   'log4perl.category.Z.truck.warn.8' => 5,
#   'log4perl.category.main.main.info.81' => 5,
#   'log4perl.category.main.main.warn.80' => 5
# }
# (21:23:29.462) Log.Log4perl.AutoCategorize.END.info.322: UnSeen Log Events:, {}
# (21:23:29.464) Log.Log4perl.AutoCategorize.END.info.322: cat2data:, {
#   'X.truck.debug.9' => 'debug_00002',
#   'X.truck.warn.8' => 'warn_00001',
#   'Z.truck.debug.9' => 'debug_00004',
#   'Z.truck.warn.8' => 'warn_00003',
#   'main.main.info.81' => 'info',
#   'main.main.warn.80' => 'warn'
# }
# '
#     doesn't match '(?ms-xi:\'log4perl\.category\.Z\.truck\.debug\.9\'\ \=\>\ \'\-5\')'

#   Failed test 'found: 'log4perl.category.Y.truck.debug.9' => '-5''
#   at t/10_multi_pack.t line 129.
#                   '(21:23:29.765) Log.Log4perl.AutoCategorize.END.info.322: Seen Log Events:, {
#   'Log.Log4perl.AutoCategorize.END.info.322' => 1,
#   'log4perl.category.Y.truck.debug.9' => -5,
#   'log4perl.category.Y.truck.warn.8' => 5,
#   'log4perl.category.Z.truck.debug.9' => -5,
#   'log4perl.category.Z.truck.warn.8' => 5,
#   'log4perl.category.main.main.info.81' => 5,
#   'log4perl.category.main.main.warn.80' => 5
# }
# (21:23:29.766) Log.Log4perl.AutoCategorize.END.info.322: UnSeen Log Events:, {}
# (21:23:29.767) Log.Log4perl.AutoCategorize.END.info.322: cat2data:, {
#   'Y.truck.debug.9' => 'debug_00002',
#   'Y.truck.warn.8' => 'warn_00001',
#   'Z.truck.debug.9' => 'debug_00004',
#   'Z.truck.warn.8' => 'warn_00003',
#   'main.main.info.81' => 'info',
#   'main.main.warn.80' => 'warn'
# }
# '
#     doesn't match '(?ms-xi:\'log4perl\.category\.Y\.truck\.debug\.9\'\ \=\>\ \'\-5\')'

#   Failed test 'found: 'log4perl.category.Z.truck.debug.9' => '-5''
#   at t/10_multi_pack.t line 129.
#                   '(21:23:29.765) Log.Log4perl.AutoCategorize.END.info.322: Seen Log Events:, {
#   'Log.Log4perl.AutoCategorize.END.info.322' => 1,
#   'log4perl.category.Y.truck.debug.9' => -5,
#   'log4perl.category.Y.truck.warn.8' => 5,
#   'log4perl.category.Z.truck.debug.9' => -5,
#   'log4perl.category.Z.truck.warn.8' => 5,
#   'log4perl.category.main.main.info.81' => 5,
#   'log4perl.category.main.main.warn.80' => 5
# }
# (21:23:29.766) Log.Log4perl.AutoCategorize.END.info.322: UnSeen Log Events:, {}
# (21:23:29.767) Log.Log4perl.AutoCategorize.END.info.322: cat2data:, {
#   'Y.truck.debug.9' => 'debug_00002',
#   'Y.truck.warn.8' => 'warn_00001',
#   'Z.truck.debug.9' => 'debug_00004',
#   'Z.truck.warn.8' => 'warn_00003',
#   'main.main.info.81' => 'info',
#   'main.main.warn.80' => 'warn'
# }
# '
#     doesn't match '(?ms-xi:\'log4perl\.category\.Z\.truck\.debug\.9\'\ \=\>\ \'\-5\')'

#   Failed test 'found: 'log4perl.category.X.truck.debug.9' => '-5''
#   at t/10_multi_pack.t line 129.
#                   '(21:23:30.081) Log.Log4perl.AutoCategorize.END.info.322: Seen Log Events:, {
#   'Log.Log4perl.AutoCategorize.END.info.322' => 1,
#   'log4perl.category.X.truck.debug.9' => -5,
#   'log4perl.category.X.truck.warn.8' => 5,
#   'log4perl.category.Y.truck.debug.9' => -5,
#   'log4perl.category.Y.truck.warn.8' => 5,
#   'log4perl.category.main.main.info.81' => 5,
#   'log4perl.category.main.main.warn.80' => 5
# }
# (21:23:30.082) Log.Log4perl.AutoCategorize.END.info.322: UnSeen Log Events:, {}
# (21:23:30.083) Log.Log4perl.AutoCategorize.END.info.322: cat2data:, {
#   'X.truck.debug.9' => 'debug_00004',
#   'X.truck.warn.8' => 'warn_00003',
#   'Y.truck.debug.9' => 'debug_00002',
#   'Y.truck.warn.8' => 'warn_00001',
#   'main.main.info.81' => 'info_00006',
#   'main.main.warn.80' => 'warn_00005'
# }
# '
#     doesn't match '(?ms-xi:\'log4perl\.category\.X\.truck\.debug\.9\'\ \=\>\ \'\-5\')'

#   Failed test 'found: 'log4perl.category.Y.truck.debug.9' => '-5''
#   at t/10_multi_pack.t line 129.
#                   '(21:23:30.081) Log.Log4perl.AutoCategorize.END.info.322: Seen Log Events:, {
#   'Log.Log4perl.AutoCategorize.END.info.322' => 1,
#   'log4perl.category.X.truck.debug.9' => -5,
#   'log4perl.category.X.truck.warn.8' => 5,
#   'log4perl.category.Y.truck.debug.9' => -5,
#   'log4perl.category.Y.truck.warn.8' => 5,
#   'log4perl.category.main.main.info.81' => 5,
#   'log4perl.category.main.main.warn.80' => 5
# }
# (21:23:30.082) Log.Log4perl.AutoCategorize.END.info.322: UnSeen Log Events:, {}
# (21:23:30.083) Log.Log4perl.AutoCategorize.END.info.322: cat2data:, {
#   'X.truck.debug.9' => 'debug_00004',
#   'X.truck.warn.8' => 'warn_00003',
#   'Y.truck.debug.9' => 'debug_00002',
#   'Y.truck.warn.8' => 'warn_00001',
#   'main.main.info.81' => 'info_00006',
#   'main.main.warn.80' => 'warn_00005'
# }
# '
#     doesn't match '(?ms-xi:\'log4perl\.category\.Y\.truck\.debug\.9\'\ \=\>\ \'\-5\')'

#   Failed test 'found: 'log4perl.category.X.truck.debug.9' => '-5''
#   at t/10_multi_pack.t line 129.
#                   '(21:23:30.381) Log.Log4perl.AutoCategorize.END.info.322: Seen Log Events:, {
#   'Log.Log4perl.AutoCategorize.END.info.322' => 1,
#   'log4perl.category.X.truck.debug.9' => -5,
#   'log4perl.category.X.truck.warn.8' => 5,
#   'log4perl.category.Z.truck.debug.9' => -5,
#   'log4perl.category.Z.truck.warn.8' => 5,
#   'log4perl.category.main.main.info.81' => 5,
#   'log4perl.category.main.main.warn.80' => 5
# }
# (21:23:30.382) Log.Log4perl.AutoCategorize.END.info.322: UnSeen Log Events:, {}
# (21:23:30.383) Log.Log4perl.AutoCategorize.END.info.322: cat2data:, {
#   'X.truck.debug.9' => 'debug_00004',
#   'X.truck.warn.8' => 'warn_00003',
#   'Z.truck.debug.9' => 'debug_00002',
#   'Z.truck.warn.8' => 'warn_00001',
#   'main.main.info.81' => 'info_00006',
#   'main.main.warn.80' => 'warn_00005'
# }
# '
#     doesn't match '(?ms-xi:\'log4perl\.category\.X\.truck\.debug\.9\'\ \=\>\ \'\-5\')'

#   Failed test 'found: 'log4perl.category.Z.truck.debug.9' => '-5''
#   at t/10_multi_pack.t line 129.
#                   '(21:23:30.381) Log.Log4perl.AutoCategorize.END.info.322: Seen Log Events:, {
#   'Log.Log4perl.AutoCategorize.END.info.322' => 1,
#   'log4perl.category.X.truck.debug.9' => -5,
#   'log4perl.category.X.truck.warn.8' => 5,
#   'log4perl.category.Z.truck.debug.9' => -5,
#   'log4perl.category.Z.truck.warn.8' => 5,
#   'log4perl.category.main.main.info.81' => 5,
#   'log4perl.category.main.main.warn.80' => 5
# }
# (21:23:30.382) Log.Log4perl.AutoCategorize.END.info.322: UnSeen Log Events:, {}
# (21:23:30.383) Log.Log4perl.AutoCategorize.END.info.322: cat2data:, {
#   'X.truck.debug.9' => 'debug_00004',
#   'X.truck.warn.8' => 'warn_00003',
#   'Z.truck.debug.9' => 'debug_00002',
#   'Z.truck.warn.8' => 'warn_00001',
#   'main.main.info.81' => 'info_00006',
#   'main.main.warn.80' => 'warn_00005'
# }
# '
#     doesn't match '(?ms-xi:\'log4perl\.category\.Z\.truck\.debug\.9\'\ \=\>\ \'\-5\')'

#   Failed test 'found: 'log4perl.category.Y.truck.debug.9' => '-5''
#   at t/10_multi_pack.t line 129.
#                   '(21:23:30.681) Log.Log4perl.AutoCategorize.END.info.322: Seen Log Events:, {
#   'Log.Log4perl.AutoCategorize.END.info.322' => 1,
#   'log4perl.category.Y.truck.debug.9' => -5,
#   'log4perl.category.Y.truck.warn.8' => 5,
#   'log4perl.category.Z.truck.debug.9' => -5,
#   'log4perl.category.Z.truck.warn.8' => 5,
#   'log4perl.category.main.main.info.81' => 5,
#   'log4perl.category.main.main.warn.80' => 5
# }
# (21:23:30.682) Log.Log4perl.AutoCategorize.END.info.322: UnSeen Log Events:, {}
# (21:23:30.683) Log.Log4perl.AutoCategorize.END.info.322: cat2data:, {
#   'Y.truck.debug.9' => 'debug_00004',
#   'Y.truck.warn.8' => 'warn_00003',
#   'Z.truck.debug.9' => 'debug_00002',
#   'Z.truck.warn.8' => 'warn_00001',
#   'main.main.info.81' => 'info',
#   'main.main.warn.80' => 'warn'
# }
# '
#     doesn't match '(?ms-xi:\'log4perl\.category\.Y\.truck\.debug\.9\'\ \=\>\ \'\-5\')'

#   Failed test 'found: 'log4perl.category.Z.truck.debug.9' => '-5''
#   at t/10_multi_pack.t line 129.
#                   '(21:23:30.681) Log.Log4perl.AutoCategorize.END.info.322: Seen Log Events:, {
#   'Log.Log4perl.AutoCategorize.END.info.322' => 1,
#   'log4perl.category.Y.truck.debug.9' => -5,
#   'log4perl.category.Y.truck.warn.8' => 5,
#   'log4perl.category.Z.truck.debug.9' => -5,
#   'log4perl.category.Z.truck.warn.8' => 5,
#   'log4perl.category.main.main.info.81' => 5,
#   'log4perl.category.main.main.warn.80' => 5
# }
# (21:23:30.682) Log.Log4perl.AutoCategorize.END.info.322: UnSeen Log Events:, {}
# (21:23:30.683) Log.Log4perl.AutoCategorize.END.info.322: cat2data:, {
#   'Y.truck.debug.9' => 'debug_00004',
#   'Y.truck.warn.8' => 'warn_00003',
#   'Z.truck.debug.9' => 'debug_00002',
#   'Z.truck.warn.8' => 'warn_00001',
#   'main.main.info.81' => 'info',
#   'main.main.warn.80' => 'warn'
# }
# '
#     doesn't match '(?ms-xi:\'log4perl\.category\.Z\.truck\.debug\.9\'\ \=\>\ \'\-5\')'

#   Failed test 'found: 'log4perl.category.X.truck.debug.9' => '-5''
#   at t/10_multi_pack.t line 129.
#                   '(21:23:30.976) Log.Log4perl.AutoCategorize.END.info.322: Seen Log Events:, {
#   'Log.Log4perl.AutoCategorize.END.info.322' => 1,
#   'log4perl.category.X.truck.debug.9' => -5,
#   'log4perl.category.X.truck.warn.8' => 5,
#   'log4perl.category.main.main.info.81' => 5,
#   'log4perl.category.main.main.warn.80' => 5
# }
# (21:23:30.977) Log.Log4perl.AutoCategorize.END.info.322: UnSeen Log Events:, {}
# (21:23:30.978) Log.Log4perl.AutoCategorize.END.info.322: cat2data:, {
#   'X.truck.debug.9' => 'debug_00002',
#   'X.truck.warn.8' => 'warn_00001',
#   'main.main.info.81' => 'info_00004',
#   'main.main.warn.80' => 'warn_00003'
# }
# '
#     doesn't match '(?ms-xi:\'log4perl\.category\.X\.truck\.debug\.9\'\ \=\>\ \'\-5\')'

#   Failed test 'found: 'log4perl.category.Y.truck.debug.9' => '-5''
#   at t/10_multi_pack.t line 129.
#                   '(21:23:31.255) Log.Log4perl.AutoCategorize.END.info.322: Seen Log Events:, {
#   'Log.Log4perl.AutoCategorize.END.info.322' => 1,
#   'log4perl.category.Y.truck.debug.9' => -5,
#   'log4perl.category.Y.truck.warn.8' => 5,
#   'log4perl.category.main.main.info.81' => 5,
#   'log4perl.category.main.main.warn.80' => 5
# }
# (21:23:31.257) Log.Log4perl.AutoCategorize.END.info.322: UnSeen Log Events:, {}
# (21:23:31.258) Log.Log4perl.AutoCategorize.END.info.322: cat2data:, {
#   'Y.truck.debug.9' => 'debug_00002',
#   'Y.truck.warn.8' => 'warn_00001',
#   'main.main.info.81' => 'info',
#   'main.main.warn.80' => 'warn'
# }
# '
#     doesn't match '(?ms-xi:\'log4perl\.category\.Y\.truck\.debug\.9\'\ \=\>\ \'\-5\')'

#   Failed test 'found: 'log4perl.category.Z.truck.debug.9' => '-5''
#   at t/10_multi_pack.t line 129.
#                   '(21:23:31.537) Log.Log4perl.AutoCategorize.END.info.322: Seen Log Events:, {
#   'Log.Log4perl.AutoCategorize.END.info.322' => 1,
#   'log4perl.category.Z.truck.debug.9' => -5,
#   'log4perl.category.Z.truck.warn.8' => 5,
#   'log4perl.category.main.main.info.81' => 5,
#   'log4perl.category.main.main.warn.80' => 5
# }
# (21:23:31.538) Log.Log4perl.AutoCategorize.END.info.322: UnSeen Log Events:, {}
# (21:23:31.539) Log.Log4perl.AutoCategorize.END.info.322: cat2data:, {
#   'Z.truck.debug.9' => 'debug_00002',
#   'Z.truck.warn.8' => 'warn_00001',
#   'main.main.info.81' => 'info',
#   'main.main.warn.80' => 'warn'
# }
# '
#     doesn't match '(?ms-xi:\'log4perl\.category\.Z\.truck\.debug\.9\'\ \=\>\ \'\-5\')'

#   Failed test 'found: 'log4perl.category.X.truck.debug.9' => '-5''
#   at t/10_multi_pack.t line 129.
#                   '(21:23:31.823) Log.Log4perl.AutoCategorize.END.info.322: Seen Log Events:, {
#   'Log.Log4perl.AutoCategorize.END.info.322' => 1,
#   'log4perl.category.X.truck.debug.9' => -5,
#   'log4perl.category.X.truck.warn.8' => 5,
#   'log4perl.category.main.main.info.81' => 5,
#   'log4perl.category.main.main.warn.80' => 5
# }
# (21:23:31.825) Log.Log4perl.AutoCategorize.END.info.322: UnSeen Log Events:, {}
# (21:23:31.827) Log.Log4perl.AutoCategorize.END.info.322: cat2data:, {
#   'X.truck.debug.9' => 'debug_00002',
#   'X.truck.warn.8' => 'warn_00001',
#   'main.main.info.81' => 'info_00004',
#   'main.main.warn.80' => 'warn_00003'
# }
# '
#     doesn't match '(?ms-xi:\'log4perl\.category\.X\.truck\.debug\.9\'\ \=\>\ \'\-5\')'

#   Failed test 'found: 'log4perl.category.Y.truck.debug.9' => '-5''
#   at t/10_multi_pack.t line 129.
#                   '(21:23:32.105) Log.Log4perl.AutoCategorize.END.info.322: Seen Log Events:, {
#   'Log.Log4perl.AutoCategorize.END.info.322' => 1,
#   'log4perl.category.Y.truck.debug.9' => -5,
#   'log4perl.category.Y.truck.warn.8' => 5,
#   'log4perl.category.main.main.info.81' => 5,
#   'log4perl.category.main.main.warn.80' => 5
# }
# (21:23:32.106) Log.Log4perl.AutoCategorize.END.info.322: UnSeen Log Events:, {}
# (21:23:32.107) Log.Log4perl.AutoCategorize.END.info.322: cat2data:, {
#   'Y.truck.debug.9' => 'debug_00002',
#   'Y.truck.warn.8' => 'warn_00001',
#   'main.main.info.81' => 'info_00004',
#   'main.main.warn.80' => 'warn_00003'
# }
# '
#     doesn't match '(?ms-xi:\'log4perl\.category\.Y\.truck\.debug\.9\'\ \=\>\ \'\-5\')'

#   Failed test 'found: 'log4perl.category.Z.truck.debug.9' => '-5''
#   at t/10_multi_pack.t line 129.
#                   '(21:23:32.395) Log.Log4perl.AutoCategorize.END.info.322: Seen Log Events:, {
#   'Log.Log4perl.AutoCategorize.END.info.322' => 1,
#   'log4perl.category.Z.truck.debug.9' => -5,
#   'log4perl.category.Z.truck.warn.8' => 5,
#   'log4perl.category.main.main.info.81' => 5,
#   'log4perl.category.main.main.warn.80' => 5
# }
# (21:23:32.396) Log.Log4perl.AutoCategorize.END.info.322: UnSeen Log Events:, {}
# (21:23:32.397) Log.Log4perl.AutoCategorize.END.info.322: cat2data:, {
#   'Z.truck.debug.9' => 'debug_00002',
#   'Z.truck.warn.8' => 'warn_00001',
#   'main.main.info.81' => 'info_00004',
#   'main.main.warn.80' => 'warn_00003'
# }
# '
#     doesn't match '(?ms-xi:\'log4perl\.category\.Z\.truck\.debug\.9\'\ \=\>\ \'\-5\')'

#   Failed test 'found: 'log4perl.category.X.truck.debug.9' => '-5''
#   at t/10_multi_pack.t line 129.
#                   '(21:23:32.686) Log.Log4perl.AutoCategorize.END.info.322: Seen Log Events:, {
#   'Log.Log4perl.AutoCategorize.END.info.322' => 1,
#   'log4perl.category.X.truck.debug.9' => -5,
#   'log4perl.category.X.truck.warn.8' => 5,
#   'log4perl.category.Y.truck.debug.9' => -5,
#   'log4perl.category.Y.truck.warn.8' => 5,
#   'log4perl.category.Z.truck.debug.9' => -5,
#   'log4perl.category.Z.truck.warn.8' => 5,
#   'log4perl.category.main.main.info.81' => 5,
#   'log4perl.category.main.main.warn.80' => 5
# }
# (21:23:32.687) Log.Log4perl.AutoCategorize.END.info.322: UnSeen Log Events:, {}
# (21:23:32.688) Log.Log4perl.AutoCategorize.END.info.322: cat2data:, {
#   'X.truck.debug.9' => 'debug_00002',
#   'X.truck.warn.8' => 'warn_00001',
#   'Y.truck.debug.9' => 'debug_00004',
#   'Y.truck.warn.8' => 'warn_00003',
#   'Z.truck.debug.9' => 'debug_00006',
#   'Z.truck.warn.8' => 'warn_00005',
#   'main.main.info.81' => 'info_00008',
#   'main.main.warn.80' => 'warn_00007'
# }
# '
#     doesn't match '(?ms-xi:\'log4perl\.category\.X\.truck\.debug\.9\'\ \=\>\ \'\-5\')'

#   Failed test 'found: 'log4perl.category.Y.truck.debug.9' => '-5''
#   at t/10_multi_pack.t line 129.
#                   '(21:23:32.686) Log.Log4perl.AutoCategorize.END.info.322: Seen Log Events:, {
#   'Log.Log4perl.AutoCategorize.END.info.322' => 1,
#   'log4perl.category.X.truck.debug.9' => -5,
#   'log4perl.category.X.truck.warn.8' => 5,
#   'log4perl.category.Y.truck.debug.9' => -5,
#   'log4perl.category.Y.truck.warn.8' => 5,
#   'log4perl.category.Z.truck.debug.9' => -5,
#   'log4perl.category.Z.truck.warn.8' => 5,
#   'log4perl.category.main.main.info.81' => 5,
#   'log4perl.category.main.main.warn.80' => 5
# }
# (21:23:32.687) Log.Log4perl.AutoCategorize.END.info.322: UnSeen Log Events:, {}
# (21:23:32.688) Log.Log4perl.AutoCategorize.END.info.322: cat2data:, {
#   'X.truck.debug.9' => 'debug_00002',
#   'X.truck.warn.8' => 'warn_00001',
#   'Y.truck.debug.9' => 'debug_00004',
#   'Y.truck.warn.8' => 'warn_00003',
#   'Z.truck.debug.9' => 'debug_00006',
#   'Z.truck.warn.8' => 'warn_00005',
#   'main.main.info.81' => 'info_00008',
#   'main.main.warn.80' => 'warn_00007'
# }
# '
#     doesn't match '(?ms-xi:\'log4perl\.category\.Y\.truck\.debug\.9\'\ \=\>\ \'\-5\')'

#   Failed test 'found: 'log4perl.category.Z.truck.debug.9' => '-5''
#   at t/10_multi_pack.t line 129.
#                   '(21:23:32.686) Log.Log4perl.AutoCategorize.END.info.322: Seen Log Events:, {
#   'Log.Log4perl.AutoCategorize.END.info.322' => 1,
#   'log4perl.category.X.truck.debug.9' => -5,
#   'log4perl.category.X.truck.warn.8' => 5,
#   'log4perl.category.Y.truck.debug.9' => -5,
#   'log4perl.category.Y.truck.warn.8' => 5,
#   'log4perl.category.Z.truck.debug.9' => -5,
#   'log4perl.category.Z.truck.warn.8' => 5,
#   'log4perl.category.main.main.info.81' => 5,
#   'log4perl.category.main.main.warn.80' => 5
# }
# (21:23:32.687) Log.Log4perl.AutoCategorize.END.info.322: UnSeen Log Events:, {}
# (21:23:32.688) Log.Log4perl.AutoCategorize.END.info.322: cat2data:, {
#   'X.truck.debug.9' => 'debug_00002',
#   'X.truck.warn.8' => 'warn_00001',
#   'Y.truck.debug.9' => 'debug_00004',
#   'Y.truck.warn.8' => 'warn_00003',
#   'Z.truck.debug.9' => 'debug_00006',
#   'Z.truck.warn.8' => 'warn_00005',
#   'main.main.info.81' => 'info_00008',
#   'main.main.warn.80' => 'warn_00007'
# }
# '
#     doesn't match '(?ms-xi:\'log4perl\.category\.Z\.truck\.debug\.9\'\ \=\>\ \'\-5\')'

#   Failed test 'found: 'log4perl.category.W.truck.debug.9' => '-5''
#   at t/10_multi_pack.t line 129.
#                   '(21:23:33.020) Log.Log4perl.AutoCategorize.END.info.322: Seen Log Events:, {
#   'Log.Log4perl.AutoCategorize.END.info.322' => 1,
#   'log4perl.category.W.truck.debug.9' => -5,
#   'log4perl.category.W.truck.warn.8' => 5,
#   'log4perl.category.X.truck.debug.9' => -5,
#   'log4perl.category.X.truck.warn.8' => 5,
#   'log4perl.category.Y.truck.debug.9' => -5,
#   'log4perl.category.Y.truck.warn.8' => 5,
#   'log4perl.category.Z.truck.debug.9' => -5,
#   'log4perl.category.Z.truck.warn.8' => 5,
#   'log4perl.category.main.main.info.81' => 5,
#   'log4perl.category.main.main.warn.80' => 5
# }
# (21:23:33.023) Log.Log4perl.AutoCategorize.END.info.322: UnSeen Log Events:, {}
# (21:23:33.025) Log.Log4perl.AutoCategorize.END.info.322: cat2data:, {
#   'W.truck.debug.9' => 'debug_00002',
#   'W.truck.warn.8' => 'warn_00001',
#   'X.truck.debug.9' => 'debug_00004',
#   'X.truck.warn.8' => 'warn_00003',
#   'Y.truck.debug.9' => 'debug_00006',
#   'Y.truck.warn.8' => 'warn_00005',
#   'Z.truck.debug.9' => 'debug_00008',
#   'Z.truck.warn.8' => 'warn_00007',
#   'main.main.info.81' => 'info_00010',
#   'main.main.warn.80' => 'warn_00009'
# }
# '
#     doesn't match '(?ms-xi:\'log4perl\.category\.W\.truck\.debug\.9\'\ \=\>\ \'\-5\')'

#   Failed test 'found: 'log4perl.category.X.truck.debug.9' => '-5''
#   at t/10_multi_pack.t line 129.
#                   '(21:23:33.020) Log.Log4perl.AutoCategorize.END.info.322: Seen Log Events:, {
#   'Log.Log4perl.AutoCategorize.END.info.322' => 1,
#   'log4perl.category.W.truck.debug.9' => -5,
#   'log4perl.category.W.truck.warn.8' => 5,
#   'log4perl.category.X.truck.debug.9' => -5,
#   'log4perl.category.X.truck.warn.8' => 5,
#   'log4perl.category.Y.truck.debug.9' => -5,
#   'log4perl.category.Y.truck.warn.8' => 5,
#   'log4perl.category.Z.truck.debug.9' => -5,
#   'log4perl.category.Z.truck.warn.8' => 5,
#   'log4perl.category.main.main.info.81' => 5,
#   'log4perl.category.main.main.warn.80' => 5
# }
# (21:23:33.023) Log.Log4perl.AutoCategorize.END.info.322: UnSeen Log Events:, {}
# (21:23:33.025) Log.Log4perl.AutoCategorize.END.info.322: cat2data:, {
#   'W.truck.debug.9' => 'debug_00002',
#   'W.truck.warn.8' => 'warn_00001',
#   'X.truck.debug.9' => 'debug_00004',
#   'X.truck.warn.8' => 'warn_00003',
#   'Y.truck.debug.9' => 'debug_00006',
#   'Y.truck.warn.8' => 'warn_00005',
#   'Z.truck.debug.9' => 'debug_00008',
#   'Z.truck.warn.8' => 'warn_00007',
#   'main.main.info.81' => 'info_00010',
#   'main.main.warn.80' => 'warn_00009'
# }
# '
#     doesn't match '(?ms-xi:\'log4perl\.category\.X\.truck\.debug\.9\'\ \=\>\ \'\-5\')'

#   Failed test 'found: 'log4perl.category.Y.truck.debug.9' => '-5''
#   at t/10_multi_pack.t line 129.
#                   '(21:23:33.020) Log.Log4perl.AutoCategorize.END.info.322: Seen Log Events:, {
#   'Log.Log4perl.AutoCategorize.END.info.322' => 1,
#   'log4perl.category.W.truck.debug.9' => -5,
#   'log4perl.category.W.truck.warn.8' => 5,
#   'log4perl.category.X.truck.debug.9' => -5,
#   'log4perl.category.X.truck.warn.8' => 5,
#   'log4perl.category.Y.truck.debug.9' => -5,
#   'log4perl.category.Y.truck.warn.8' => 5,
#   'log4perl.category.Z.truck.debug.9' => -5,
#   'log4perl.category.Z.truck.warn.8' => 5,
#   'log4perl.category.main.main.info.81' => 5,
#   'log4perl.category.main.main.warn.80' => 5
# }
# (21:23:33.023) Log.Log4perl.AutoCategorize.END.info.322: UnSeen Log Events:, {}
# (21:23:33.025) Log.Log4perl.AutoCategorize.END.info.322: cat2data:, {
#   'W.truck.debug.9' => 'debug_00002',
#   'W.truck.warn.8' => 'warn_00001',
#   'X.truck.debug.9' => 'debug_00004',
#   'X.truck.warn.8' => 'warn_00003',
#   'Y.truck.debug.9' => 'debug_00006',
#   'Y.truck.warn.8' => 'warn_00005',
#   'Z.truck.debug.9' => 'debug_00008',
#   'Z.truck.warn.8' => 'warn_00007',
#   'main.main.info.81' => 'info_00010',
#   'main.main.warn.80' => 'warn_00009'
# }
# '
#     doesn't match '(?ms-xi:\'log4perl\.category\.Y\.truck\.debug\.9\'\ \=\>\ \'\-5\')'

#   Failed test 'found: 'log4perl.category.Z.truck.debug.9' => '-5''
#   at t/10_multi_pack.t line 129.
#                   '(21:23:33.020) Log.Log4perl.AutoCategorize.END.info.322: Seen Log Events:, {
#   'Log.Log4perl.AutoCategorize.END.info.322' => 1,
#   'log4perl.category.W.truck.debug.9' => -5,
#   'log4perl.category.W.truck.warn.8' => 5,
#   'log4perl.category.X.truck.debug.9' => -5,
#   'log4perl.category.X.truck.warn.8' => 5,
#   'log4perl.category.Y.truck.debug.9' => -5,
#   'log4perl.category.Y.truck.warn.8' => 5,
#   'log4perl.category.Z.truck.debug.9' => -5,
#   'log4perl.category.Z.truck.warn.8' => 5,
#   'log4perl.category.main.main.info.81' => 5,
#   'log4perl.category.main.main.warn.80' => 5
# }
# (21:23:33.023) Log.Log4perl.AutoCategorize.END.info.322: UnSeen Log Events:, {}
# (21:23:33.025) Log.Log4perl.AutoCategorize.END.info.322: cat2data:, {
#   'W.truck.debug.9' => 'debug_00002',
#   'W.truck.warn.8' => 'warn_00001',
#   'X.truck.debug.9' => 'debug_00004',
#   'X.truck.warn.8' => 'warn_00003',
#   'Y.truck.debug.9' => 'debug_00006',
#   'Y.truck.warn.8' => 'warn_00005',
#   'Z.truck.debug.9' => 'debug_00008',
#   'Z.truck.warn.8' => 'warn_00007',
#   'main.main.info.81' => 'info_00010',
#   'main.main.warn.80' => 'warn_00009'
# }
# '
#     doesn't match '(?ms-xi:\'log4perl\.category\.Z\.truck\.debug\.9\'\ \=\>\ \'\-5\')'

#   Failed test 'found: 'log4perl.category.W.truck.debug.9' => '-5''
#   at t/10_multi_pack.t line 129.
#                   '(21:23:33.363) Log.Log4perl.AutoCategorize.END.info.322: Seen Log Events:, {
#   'Log.Log4perl.AutoCategorize.END.info.322' => 1,
#   'log4perl.category.W.truck.debug.9' => -5,
#   'log4perl.category.W.truck.warn.8' => 5,
#   'log4perl.category.X.truck.debug.9' => -5,
#   'log4perl.category.X.truck.warn.8' => 5,
#   'log4perl.category.Y.truck.debug.9' => -5,
#   'log4perl.category.Y.truck.warn.8' => 5,
#   'log4perl.category.Z.truck.debug.9' => -5,
#   'log4perl.category.Z.truck.warn.8' => 5,
#   'log4perl.category.main.main.info.81' => 5,
#   'log4perl.category.main.main.warn.80' => 5
# }
# (21:23:33.365) Log.Log4perl.AutoCategorize.END.info.322: UnSeen Log Events:, {}
# (21:23:33.366) Log.Log4perl.AutoCategorize.END.info.322: cat2data:, {
#   'W.truck.debug.9' => 'debug_00008',
#   'W.truck.warn.8' => 'warn_00007',
#   'X.truck.debug.9' => 'debug_00002',
#   'X.truck.warn.8' => 'warn_00001',
#   'Y.truck.debug.9' => 'debug_00004',
#   'Y.truck.warn.8' => 'warn_00003',
#   'Z.truck.debug.9' => 'debug_00006',
#   'Z.truck.warn.8' => 'warn_00005',
#   'main.main.info.81' => 'info',
#   'main.main.warn.80' => 'warn'
# }
# '
#     doesn't match '(?ms-xi:\'log4perl\.category\.W\.truck\.debug\.9\'\ \=\>\ \'\-5\')'

#   Failed test 'found: 'log4perl.category.X.truck.debug.9' => '-5''
#   at t/10_multi_pack.t line 129.
#                   '(21:23:33.363) Log.Log4perl.AutoCategorize.END.info.322: Seen Log Events:, {
#   'Log.Log4perl.AutoCategorize.END.info.322' => 1,
#   'log4perl.category.W.truck.debug.9' => -5,
#   'log4perl.category.W.truck.warn.8' => 5,
#   'log4perl.category.X.truck.debug.9' => -5,
#   'log4perl.category.X.truck.warn.8' => 5,
#   'log4perl.category.Y.truck.debug.9' => -5,
#   'log4perl.category.Y.truck.warn.8' => 5,
#   'log4perl.category.Z.truck.debug.9' => -5,
#   'log4perl.category.Z.truck.warn.8' => 5,
#   'log4perl.category.main.main.info.81' => 5,
#   'log4perl.category.main.main.warn.80' => 5
# }
# (21:23:33.365) Log.Log4perl.AutoCategorize.END.info.322: UnSeen Log Events:, {}
# (21:23:33.366) Log.Log4perl.AutoCategorize.END.info.322: cat2data:, {
#   'W.truck.debug.9' => 'debug_00008',
#   'W.truck.warn.8' => 'warn_00007',
#   'X.truck.debug.9' => 'debug_00002',
#   'X.truck.warn.8' => 'warn_00001',
#   'Y.truck.debug.9' => 'debug_00004',
#   'Y.truck.warn.8' => 'warn_00003',
#   'Z.truck.debug.9' => 'debug_00006',
#   'Z.truck.warn.8' => 'warn_00005',
#   'main.main.info.81' => 'info',
#   'main.main.warn.80' => 'warn'
# }
# '
#     doesn't match '(?ms-xi:\'log4perl\.category\.X\.truck\.debug\.9\'\ \=\>\ \'\-5\')'

#   Failed test 'found: 'log4perl.category.Y.truck.debug.9' => '-5''
#   at t/10_multi_pack.t line 129.
#                   '(21:23:33.363) Log.Log4perl.AutoCategorize.END.info.322: Seen Log Events:, {
#   'Log.Log4perl.AutoCategorize.END.info.322' => 1,
#   'log4perl.category.W.truck.debug.9' => -5,
#   'log4perl.category.W.truck.warn.8' => 5,
#   'log4perl.category.X.truck.debug.9' => -5,
#   'log4perl.category.X.truck.warn.8' => 5,
#   'log4perl.category.Y.truck.debug.9' => -5,
#   'log4perl.category.Y.truck.warn.8' => 5,
#   'log4perl.category.Z.truck.debug.9' => -5,
#   'log4perl.category.Z.truck.warn.8' => 5,
#   'log4perl.category.main.main.info.81' => 5,
#   'log4perl.category.main.main.warn.80' => 5
# }
# (21:23:33.365) Log.Log4perl.AutoCategorize.END.info.322: UnSeen Log Events:, {}
# (21:23:33.366) Log.Log4perl.AutoCategorize.END.info.322: cat2data:, {
#   'W.truck.debug.9' => 'debug_00008',
#   'W.truck.warn.8' => 'warn_00007',
#   'X.truck.debug.9' => 'debug_00002',
#   'X.truck.warn.8' => 'warn_00001',
#   'Y.truck.debug.9' => 'debug_00004',
#   'Y.truck.warn.8' => 'warn_00003',
#   'Z.truck.debug.9' => 'debug_00006',
#   'Z.truck.warn.8' => 'warn_00005',
#   'main.main.info.81' => 'info',
#   'main.main.warn.80' => 'warn'
# }
# '
#     doesn't match '(?ms-xi:\'log4perl\.category\.Y\.truck\.debug\.9\'\ \=\>\ \'\-5\')'

#   Failed test 'found: 'log4perl.category.Z.truck.debug.9' => '-5''
#   at t/10_multi_pack.t line 129.
#                   '(21:23:33.363) Log.Log4perl.AutoCategorize.END.info.322: Seen Log Events:, {
#   'Log.Log4perl.AutoCategorize.END.info.322' => 1,
#   'log4perl.category.W.truck.debug.9' => -5,
#   'log4perl.category.W.truck.warn.8' => 5,
#   'log4perl.category.X.truck.debug.9' => -5,
#   'log4perl.category.X.truck.warn.8' => 5,
#   'log4perl.category.Y.truck.debug.9' => -5,
#   'log4perl.category.Y.truck.warn.8' => 5,
#   'log4perl.category.Z.truck.debug.9' => -5,
#   'log4perl.category.Z.truck.warn.8' => 5,
#   'log4perl.category.main.main.info.81' => 5,
#   'log4perl.category.main.main.warn.80' => 5
# }
# (21:23:33.365) Log.Log4perl.AutoCategorize.END.info.322: UnSeen Log Events:, {}
# (21:23:33.366) Log.Log4perl.AutoCategorize.END.info.322: cat2data:, {
#   'W.truck.debug.9' => 'debug_00008',
#   'W.truck.warn.8' => 'warn_00007',
#   'X.truck.debug.9' => 'debug_00002',
#   'X.truck.warn.8' => 'warn_00001',
#   'Y.truck.debug.9' => 'debug_00004',
#   'Y.truck.warn.8' => 'warn_00003',
#   'Z.truck.debug.9' => 'debug_00006',
#   'Z.truck.warn.8' => 'warn_00005',
#   'main.main.info.81' => 'info',
#   'main.main.warn.80' => 'warn'
# }
# '
#     doesn't match '(?ms-xi:\'log4perl\.category\.Z\.truck\.debug\.9\'\ \=\>\ \'\-5\')'
# Looks like you failed 41 tests of 665.
t/10_multi_pack.t .... 
Dubious, test returned 41 (wstat 10496, 0x2900)
Failed 41/665 subtests 
t/99_cleanup.t ....... ok

Test Summary Report
-------------------
t/02_basic.t       (Wstat: 1792 Tests: 25 Failed: 7)
  Failed tests:  14-18, 24-25
  Non-zero exit status: 7
t/03_options.t     (Wstat: 768 Tests: 10 Failed: 3)
  Failed tests:  7-9
  Non-zero exit status: 3
t/05_initstr.t     (Wstat: 256 Tests: 12 Failed: 1)
  Failed test:  10
  Non-zero exit status: 1
t/06_conf_file.t   (Wstat: 768 Tests: 9 Failed: 3)
  Failed tests:  7-9
  Non-zero exit status: 3
t/08_options_more.t (Wstat: 768 Tests: 5 Failed: 3)
  Failed tests:  3-5
  Non-zero exit status: 3
t/10_multi_pack.t  (Wstat: 10496 Tests: 665 Failed: 41)
  Failed tests:  27, 29, 59, 61, 91, 93, 123, 125, 155, 157
                187, 189, 219, 221, 251, 253, 283, 285
                315, 317, 347, 349, 379, 381, 406, 431
                456, 481, 506, 531, 566, 568, 570, 610
                612, 614, 616, 656, 658, 660, 662
  Non-zero exit status: 41
Files=11, Tests=854, 12 wallclock secs ( 0.67 usr  0.06 sys + 10.32 cusr  1.06 csys = 12.11 CPU)
Result: FAIL
Failed 6/11 test programs. 58/854 subtests failed.

------------------------------
PREREQUISITES
------------------------------

Prerequisite modules loaded:

requires:

    Module      Need    Have    
    ----------- ------- --------
    B::Generate 1.06_01 1.33    
    optimizer   0.05_01 0.06_05 
    perl        5.8.0   5.012002


------------------------------
ENVIRONMENT AND OTHER CONTEXT
------------------------------

Environment variables:

    AUTOMATED_TESTING = 1
    LANG = C
    PATH = /home/graham/perltest/perl5122/perl/bin:/bin:/usr/bin:/sbin:/usr/sbin:/opt/java/bin:/opt/java/jre/bin:/opt/kde/bin:/usr/bin/perlbin/site:/usr/bin/perlbin/vendor:/usr/bin/perlbin/core:/opt/qt/bin
    PERL5LIB = 
    PERL5OPT = 
    PERL5_CPANPLUS_IS_RUNNING = 11850
    PERL5_CPAN_IS_RUNNING = 11850
    PERL5_CPAN_IS_RUNNING_IN_RECURSION = 3664,11850
    PERL_CR_SMOKER_CURRENT = Log-Log4perl-AutoCategorize-0.03_51
    PERL_EXTUTILS_AUTOINSTALL = --defaultdeps
    PERL_MM_USE_DEFAULT = 1
    SHELL = /bin/bash
    TERM = xterm

Perl special variables (and OS-specific diagnostics, for MSWin32):

    $^X = /home/graham/perltest/perl5122/perl/bin/perl
    $UID/$EUID = 1000 / 1000
    $GID = 1000 7 10 91 92 93 95 98 100 108 1000 1001
    $EGID = 1000 7 10 91 92 93 95 98 100 108 1000 1001

Perl module toolchain versions installed:

    Module              Have   
    ------------------- -------
    CPAN                1.9304 
    Cwd                 3.33   
    ExtUtils::CBuilder  0.27_07
    ExtUtils::Command   1.16   
    ExtUtils::Install   1.52   
    ExtUtils::MakeMaker 6.56   
    ExtUtils::Manifest  1.58   
    ExtUtils::ParseXS   2.2206 
    File::Spec          3.33   
    Module::Build       0.36_17
    Module::Signature   0.66   
    Test::Harness       3.22   
    Test::More          2.00_01
    YAML                0.72   
    YAML::Syck          1.15   
    version             0.85   


--

Summary of my perl5 (revision 5 version 12 subversion 2) configuration:
   
  Platform:
    osname=linux, osvers=2.6.33-arch, archname=i686-linux-thread-multi
    uname='linux lorant 2.6.33-arch #1 smp preempt thu may 13 12:06:25 cest 2010 i686 intel(r) pentium(r) 4 cpu 2.80ghz genuineintel gnulinux '
    config_args=''
    hint=recommended, useposix=true, d_sigaction=define
    useithreads=define, usemultiplicity=define
    useperlio=define, d_sfio=undef, uselargefiles=define, usesocks=undef
    use64bitint=undef, use64bitall=undef, uselongdouble=undef
    usemymalloc=n, bincompat5005=undef
  Compiler:
    cc='cc', ccflags ='-D_REENTRANT -D_GNU_SOURCE -fno-strict-aliasing -pipe -fstack-protector -I/usr/local/include -D_LARGEFILE_SOURCE -D_FILE_OFFSET_BITS=64',
    optimize='-O2',
    cppflags='-D_REENTRANT -D_GNU_SOURCE -fno-strict-aliasing -pipe -fstack-protector -I/usr/local/include'
    ccversion='', gccversion='4.5.0 20100520 (prerelease)', gccosandvers=''
    intsize=4, longsize=4, ptrsize=4, doublesize=8, byteorder=1234
    d_longlong=define, longlongsize=8, d_longdbl=define, longdblsize=12
    ivtype='long', ivsize=4, nvtype='double', nvsize=8, Off_t='off_t', lseeksize=8
    alignbytes=4, prototype=define
  Linker and Libraries:
    ld='cc', ldflags =' -fstack-protector -L/usr/local/lib'
    libpth=/usr/local/lib /lib /usr/lib
    libs=-lnsl -lgdbm -ldb -ldl -lm -lcrypt -lutil -lpthread -lc -lgdbm_compat
    perllibs=-lnsl -ldl -lm -lcrypt -lutil -lpthread -lc
    libc=/lib/libc-2.12.so, so=so, useshrplib=true, libperl=libperl.so
    gnulibc_version='2.12'
  Dynamic Linking:
    dlsrc=dl_dlopen.xs, dlext=so, d_dlsymun=undef, ccdlflags='-Wl,-E -Wl,-rpath,/home/graham/perltest/perl5122/perl/lib/5.12.2/i686-linux-thread-multi/CORE'
    cccdlflags='-fPIC', lddlflags='-shared -O2 -L/usr/local/lib -fstack-protector'


Characteristics of this binary (from libperl): 
  Compile-time options: MULTIPLICITY PERL_DONT_CREATE_GVSV
                        PERL_IMPLICIT_CONTEXT PERL_MALLOC_WRAP USE_ITHREADS
                        USE_LARGE_FILES USE_PERLIO USE_PERL_ATOF
                        USE_REENTRANT_API
  Built under linux
  Compiled at Oct 18 2010 11:28:26
  %ENV:
    PERL5LIB=""
    PERL5OPT=""
    PERL5_CPANPLUS_IS_RUNNING="11850"
    PERL5_CPAN_IS_RUNNING="11850"
    PERL5_CPAN_IS_RUNNING_IN_RECURSION="3664,11850"
    PERL_CR_SMOKER_CURRENT="Log-Log4perl-AutoCategorize-0.03_51"
    PERL_EXTUTILS_AUTOINSTALL="--defaultdeps"
    PERL_MM_USE_DEFAULT="1"
  @INC:
    /home/graham/perltest/perl5122/perl/lib/site_perl/5.12.2/i686-linux-thread-multi
    /home/graham/perltest/perl5122/perl/lib/site_perl/5.12.2
    /home/graham/perltest/perl5122/perl/lib/5.12.2/i686-linux-thread-multi
    /home/graham/perltest/perl5122/perl/lib/5.12.2
    .