WWW-Pastebin-PastebinCom-API v1.001004 Perl 5 v5.42.0 RC2 x86_64-linux
- Status
- Fail
- From
- Carlos Guevara
- Dist
-
WWW-Pastebin-PastebinCom-API v1.001004
- Platform
- Perl 5 v5.42.0 RC2 x86_64-linux
- Date
- 2025-06-27 22:36:01
- ID
- 1a69d30c-53a7-11f0-a359-b83fb377bf1c
This distribution has been tested as part of the CPAN Testers
project, supporting the Perl programming language. See
http://wiki.cpantesters.org/ for more information or email
questions to cpan-testers-discuss@perl.org
--
Dear Zoffix Znet,
This is a computer-generated report for WWW-Pastebin-PastebinCom-API-1.001004
on perl 5.42.0, created by CPAN-Reporter-1.2020.
Thank you for uploading your work to CPAN. However, there was a problem
testing your distribution.
If you think this report is invalid, please consult the CPAN Testers Wiki
for suggestions on how to avoid getting FAIL reports for missing library
or binary dependencies, unsupported operating systems, and so on:
http://wiki.cpantesters.org/wiki/CPANAuthorNotes
Sections of this report:
* Tester comments
* Program output
* Prerequisites
* Environment and other context
------------------------------
TESTER COMMENTS
------------------------------
Additional comments from tester:
this report is from an automated smoke testing program
and was not reviewed by a human for accuracy
------------------------------
PROGRAM OUTPUT
------------------------------
Output from '/usr/bin/make test':
PERL_DL_NONLAZY=1 "/home/cpan/bin/perl/bin/perl5.42.0" "-MExtUtils::Command::MM" "-MTest::Harness" "-e" "undef *Test::Harness::Switches; test_harness(0, 'blib/lib', 'blib/arch')" t/*.t
t/00-compile.t .. ok
# Testing WWW::Pastebin::PastebinCom::API 1.001004, Perl 5.042000, /home/cpan/bin/perl/bin/perl5.42.0
t/00-load.t ..... ok
# Testing object creation
# Testing getting pastes
# Testing creation of new pastes
Use of uninitialized value $bin in concatenation (.) or string at t/01-paste.t line 170.
# Looks like your test exited with 255 just after 4.
t/01-paste.t ....
Dubious, test returned 255 (wstat 65280, 0xff00)
Failed 18/22 subtests
(less 2 skipped subtests: 2 okay)
Test Summary Report
-------------------
t/01-paste.t (Wstat: 65280 (exited 255) Tests: 4 Failed: 0)
Non-zero exit status: 255
Parse errors: Bad plan. You planned 22 tests but ran 4.
Files=3, Tests=11, 1 wallclock secs ( 0.02 usr 0.01 sys + 0.23 cusr 0.04 csys = 0.30 CPU)
Result: FAIL
Failed 1/3 test programs. 0/11 subtests failed.
make: *** [Makefile:880: test_dynamic] Error 255
------------------------------
PREREQUISITES
------------------------------
Prerequisite modules loaded:
requires:
Module Need Have
--------------------- ----- --------
base 0 2.27
Carp 0 1.54
Class::Data::Accessor 0 0.04004
HTTP::Cookies 0 6.11
LWP::UserAgent 0 6.78
overload 0 1.40
perl 5.006 5.042000
strict 0 1.14
warnings 0 1.74
build_requires:
Module Need Have
--------------------- ----- --------
blib 1.01 1.07
ExtUtils::MakeMaker 0 7.76
File::Spec 0 3.94
IO::Handle 0 1.55
IPC::Open3 0 1.24
lib 0 0.65
Test::More 0 1.302214
configure_requires:
Module Need Have
--------------------- ----- --------
ExtUtils::MakeMaker 0 7.76
perl 5.006 5.042000
------------------------------
ENVIRONMENT AND OTHER CONTEXT
------------------------------
Environment variables:
AUTOMATED_TESTING = 1
DATE_MANIP_TEST_DM5 = 1
LANG = en_US.UTF-8
LC_ALL = C
NONINTERACTIVE_TESTING = 1
NO_NETWORK_TESTING = 1
PATH = /home/cpan/bin/perl/bin:/home/cpan/bin:/usr/share/Modules/bin:/home/cpan/bin:/usr/local/bin:/usr/bin:/usr/local/sbin:/usr/sbin
PERL5LIB =
PERL5OPT =
PERL5_CPANPLUS_IS_RUNNING = 574295
PERL5_CPAN_IS_RUNNING = 574295
PERL_MM_USE_DEFAULT = 1
PERL_USE_UNSAFE_INC = 1
SHELL = /bin/bash
TERM = screen
TMPDIR = /home/cpan/tmp
Perl special variables (and OS-specific diagnostics, for MSWin32):
$^X = /home/cpan/bin/perl/bin/perl5.42.0
$UID/$EUID = 1001 / 1001
$GID = 1001 1001
$EGID = 1001 1001
Perl module toolchain versions installed:
Module Have
------------------- --------
CPAN 2.38
CPAN::Meta 2.150010
Cwd 3.94
ExtUtils::CBuilder 0.280242
ExtUtils::Command 7.76
ExtUtils::Install 2.22
ExtUtils::MakeMaker 7.76
ExtUtils::Manifest 1.75
ExtUtils::ParseXS 3.57
File::Spec 3.94
JSON 4.10
JSON::PP 4.16
Module::Build 0.4234
Module::Signature 0.92
Parse::CPAN::Meta 2.150010
Test2 1.302214
Test::Harness 3.52
Test::More 1.302214
YAML 1.31
YAML::Syck 1.34
version 0.9933
--
Summary of my perl5 (revision 5 version 42 subversion 0) configuration:
Commit id: 3e583379b728a24083f038dcd7c98f77b1aae4b2
Platform:
osname=linux
osvers=5.14.0-570.23.1.el9_6.x86_64
archname=x86_64-linux
uname='linux cjg-rhel9 5.14.0-570.23.1.el9_6.x86_64 #1 smp preempt_dynamic sat jun 14 13:10:47 edt 2025 x86_64 x86_64 x86_64 gnulinux '
config_args='-des -Dprefix=/home/cpan/bin/perl -Dscriptdir=/home/cpan/bin/perl/bin -Dusedevel -Duse64bitall'
hint=recommended
useposix=true
d_sigaction=define
useithreads=undef
usemultiplicity=undef
use64bitint=define
use64bitall=define
uselongdouble=undef
usemymalloc=n
default_inc_excludes_dot=define
Compiler:
cc='cc'
ccflags ='-fwrapv -fno-strict-aliasing -pipe -fstack-protector-strong -I/usr/local/include -D_LARGEFILE_SOURCE -D_FILE_OFFSET_BITS=64 -D_FORTIFY_SOURCE=2'
optimize='-O2'
cppflags='-fwrapv -fno-strict-aliasing -pipe -fstack-protector-strong -I/usr/local/include'
ccversion=''
gccversion='11.5.0 20240719 (Red Hat 11.5.0-5)'
gccosandvers=''
intsize=4
longsize=8
ptrsize=8
doublesize=8
byteorder=12345678
doublekind=3
d_longlong=define
longlongsize=8
d_longdbl=define
longdblsize=16
longdblkind=3
ivtype='long'
ivsize=8
nvtype='double'
nvsize=8
Off_t='off_t'
lseeksize=8
alignbytes=8
prototype=define
Linker and Libraries:
ld='cc'
ldflags =' -fstack-protector-strong -L/usr/local/lib'
libpth=/usr/local/lib /usr/lib /usr/lib64 /usr/local/lib64
libs=-lpthread -ldb -ldl -lm -lcrypt -lutil -lc
perllibs=-lpthread -ldl -lm -lcrypt -lutil -lc
libc=/lib/../lib64/libc.so.6
so=so
useshrplib=false
libperl=libperl.a
gnulibc_version='2.34'
Dynamic Linking:
dlsrc=dl_dlopen.xs
dlext=so
d_dlsymun=undef
ccdlflags='-Wl,-E'
cccdlflags='-fPIC'
lddlflags='-shared -O2 -L/usr/local/lib -fstack-protector-strong'
Characteristics of this binary (from libperl):
Compile-time options:
HAS_LONG_DOUBLE
HAS_STRTOLD
HAS_TIMES
PERLIO_LAYERS
PERL_COPY_ON_WRITE
PERL_DONT_CREATE_GVSV
PERL_HASH_FUNC_SIPHASH13
PERL_HASH_USE_SBOX32
PERL_MALLOC_WRAP
PERL_OP_PARENT
PERL_PRESERVE_IVUV
PERL_USE_DEVEL
PERL_USE_SAFE_PUTENV
USE_64_BIT_ALL
USE_64_BIT_INT
USE_LARGE_FILES
USE_LOCALE
USE_LOCALE_COLLATE
USE_LOCALE_CTYPE
USE_LOCALE_NUMERIC
USE_LOCALE_TIME
USE_PERLIO
USE_PERL_ATOF
Locally applied patches:
RC2
Built under linux
Compiled at Jun 27 2025 12:32:12
%ENV:
PERL5LIB=""
PERL5OPT=""
PERL5_CPANPLUS_IS_RUNNING="574295"
PERL5_CPAN_IS_RUNNING="574295"
PERL_MM_USE_DEFAULT="1"
PERL_USE_UNSAFE_INC="1"
@INC:
/home/cpan/bin/perl/lib/site_perl/5.42.0/x86_64-linux
/home/cpan/bin/perl/lib/site_perl/5.42.0
/home/cpan/bin/perl/lib/5.42.0/x86_64-linux
/home/cpan/bin/perl/lib/5.42.0
.