App-sslmaker v0.15 Perl 5 v5.20.1 amd64-freebsd

Status
Fail
From
Slaven Rezić
Dist
App-sslmaker v0.15
Platform
Perl 5 v5.20.1 amd64-freebsd
Date
2021-10-20 06:43:58
ID
1a7b5110-3171-11ec-88fe-b2691f24ea8f
This distribution has been tested as part of the CPAN Testers
project, supporting the Perl programming language.  See
http://wiki.cpantesters.org/ for more information or email
questions to cpan-testers-discuss@perl.org


--
Dear Jan Henning Thorsen,

This is a computer-generated report for App-sslmaker-0.15
on perl 5.20.1, created by CPAN-Reporter-1.2018.

Thank you for uploading your work to CPAN.  However, there was a problem
testing your distribution.

If you think this report is invalid, please consult the CPAN Testers Wiki
for suggestions on how to avoid getting FAIL reports for missing library
or binary dependencies, unsupported operating systems, and so on:

http://wiki.cpantesters.org/wiki/CPANAuthorNotes

Sections of this report:

    * Tester comments
    * Program output
    * Prerequisites
    * Environment and other context

------------------------------
TESTER COMMENTS
------------------------------

Additional comments from tester:

none provided

------------------------------
PROGRAM OUTPUT
------------------------------

Output from '/usr/bin/make test':

PERL_DL_NONLAZY=1 "/usr/perl5.20.1p/bin/perl" "-MExtUtils::Command::MM" "-MTest::Harness" "-e" "undef *Test::Harness::Switches; test_harness(0, 'blib/lib', 'blib/arch')" t/*.t
t/00-basic.t ...................................... ok
WARNING: can't open config file: /usr/local/openssl/openssl.cnf
t/act-as-your-own-certificate-authority.t ......... ok
WARNING: can't open config file: /usr/local/openssl/openssl.cnf
t/create-an-intermediate-certificate-authority.t .. ok
t/io-socket-inet.t ................................ ok
WARNING: can't open config file: /usr/local/openssl/openssl.cnf

    #   Failed test 'ran'
    #   at t/sslmaker.t line 58.
    #          got: undef
    #     expected: '0'
    # openssl req -new -sha256 -key client1.example.com.key.pem -days 365 -out client1.example.com.csr.pem -subj /C=US/ST=Texas/L=Dallas/O=Company/OU=Department/CN=client1.example.com FAIL (1) (WARNING: can't open config file: /usr/local/openssl/openssl.cnf
    # Unable to load config info from /usr/local/openssl/openssl.cnf
    # ) at /home/cpansand/.cpan/build/2021102006/App-sslmaker-0.15-11/blib/lib/App/sslmaker.pm line 50, <ARGV> line 34.
    # 	App::sslmaker::openssl("req", "-new", "-sha256", "-key", "client1.example.com.key.pem", "-days", 365, "-out", ...) called at /home/cpansand/.cpan/build/2021102006/App-sslmaker-0.15-11/blib/lib/App/sslmaker.pm line 94
    # 	App::sslmaker::make_csr(App::sslmaker=HASH(0x803d25c30), HASH(0x803ca8ab0)) called at ./script/sslmaker line 100
    # 	main::__ANON__(Applify::__ANON__1__::__script_sslmaker=HASH(0x80311f168)) called at ./script/sslmaker line 221
    # 	Applify::__ANON__1__::__script_sslmaker::run_maybe(Applify::__ANON__1__::__script_sslmaker=HASH(0x80311f168), "client1.example.com.csr.pem", CODE(0x803d256d8)) called at ./script/sslmaker line 100
    # 	Applify::__ANON__1__::__script_sslmaker::action_generate(Applify::__ANON__1__::__script_sslmaker=HASH(0x80311f168), "client1.example.com") called at ./script/sslmaker line 267
    # 	eval {...} called at ./script/sslmaker line 265
    # 	main::__ANON__(Applify::__ANON__1__::__script_sslmaker=HASH(0x80311f168), "generate", "client1.example.com") called at /usr/perl5.20.1p/lib/site_perl/5.20.1/Applify.pm line 251
    # 	Applify::__ANON__1__::__script_sslmaker::run(Applify::__ANON__1__::__script_sslmaker=HASH(0x80311f168), "generate", "client1.example.com") called at t/sslmaker.t line 58
    # 	eval {...} called at t/sslmaker.t line 58
    # 	main::__ANON__() called at /usr/perl5.20.1p/lib/site_perl/5.20.1/Test/Builder.pm line 374
    # 	eval {...} called at /usr/perl5.20.1p/lib/site_perl/5.20.1/Test/Builder.pm line 374
    # 	Test::Builder::subtest(Test::Builder=HASH(0x801f51fa8), "sslmaker generate example.com", CODE(0x803108cd8)) called at /usr/perl5.20.1p/lib/site_perl/5.20.1/Test/More.pm line 809
    # 	Test::More::subtest("sslmaker generate example.com", CODE(0x803108cd8)) called at t/sslmaker.t line 64

    #   Failed test 'ran'
    #   at t/sslmaker.t line 59.
    #          got: undef
    #     expected: '0'
    # openssl req -new -sha256 -key client2.example.com.key.pem -days 365 -out client2.example.com.csr.pem -subj /C=US/ST=Texas/L=Dallas/O=Company/OU=Department/CN=client2.example.com FAIL (1) (WARNING: can't open config file: /usr/local/openssl/openssl.cnf
    # Unable to load config info from /usr/local/openssl/openssl.cnf
    # ) at /home/cpansand/.cpan/build/2021102006/App-sslmaker-0.15-11/blib/lib/App/sslmaker.pm line 50, <ARGV> line 34.
    # 	App::sslmaker::openssl("req", "-new", "-sha256", "-key", "client2.example.com.key.pem", "-days", 365, "-out", ...) called at /home/cpansand/.cpan/build/2021102006/App-sslmaker-0.15-11/blib/lib/App/sslmaker.pm line 94
    # 	App::sslmaker::make_csr(App::sslmaker=HASH(0x803129c18), HASH(0x803ca6d50)) called at ./script/sslmaker line 100
    # 	main::__ANON__(Applify::__ANON__1__::__script_sslmaker=HASH(0x80311f168)) called at ./script/sslmaker line 221
    # 	Applify::__ANON__1__::__script_sslmaker::run_maybe(Applify::__ANON__1__::__script_sslmaker=HASH(0x80311f168), "client2.example.com.csr.pem", CODE(0x803ca8ab0)) called at ./script/sslmaker line 100
    # 	Applify::__ANON__1__::__script_sslmaker::action_generate(Applify::__ANON__1__::__script_sslmaker=HASH(0x80311f168), "client2.example.com") called at ./script/sslmaker line 267
    # 	eval {...} called at ./script/sslmaker line 265
    # 	main::__ANON__(Applify::__ANON__1__::__script_sslmaker=HASH(0x80311f168), "generate", "client2.example.com") called at /usr/perl5.20.1p/lib/site_perl/5.20.1/Applify.pm line 251
    # 	Applify::__ANON__1__::__script_sslmaker::run(Applify::__ANON__1__::__script_sslmaker=HASH(0x80311f168), "generate", "client2.example.com") called at t/sslmaker.t line 59
    # 	eval {...} called at t/sslmaker.t line 59
    # 	main::__ANON__() called at /usr/perl5.20.1p/lib/site_perl/5.20.1/Test/Builder.pm line 374
    # 	eval {...} called at /usr/perl5.20.1p/lib/site_perl/5.20.1/Test/Builder.pm line 374
    # 	Test::Builder::subtest(Test::Builder=HASH(0x801f51fa8), "sslmaker generate example.com", CODE(0x803108cd8)) called at /usr/perl5.20.1p/lib/site_perl/5.20.1/Test/More.pm line 809
    # 	Test::More::subtest("sslmaker generate example.com", CODE(0x803108cd8)) called at t/sslmaker.t line 64

    #   Failed test 'client1.example.com.csr.pem'
    #   at t/sslmaker.t line 61.
    # Looks like you failed 3 tests of 5.

#   Failed test 'sslmaker generate example.com'
#   at t/sslmaker.t line 64.

    #   Failed test 'ran'
    #   at t/sslmaker.t line 67.
    #          got: undef
    #     expected: '0'
    # openssl ca -batch -notext -md sha256 -keyfile /home/cpansand/.cpan/build/2021102006/App-sslmaker-0.15-11/local/tmp/sslmaker/private/ca.key.pem -cert /home/cpansand/.cpan/build/2021102006/App-sslmaker-0.15-11/local/tmp/sslmaker/certs/ca.cert.pem -passin file:/home/cpansand/.cpan/build/2021102006/App-sslmaker-0.15-11/local/tmp/sslmaker/private/passphrase -extensions usr_cert -out client1.example.com.cert.pem -in client1.example.com.csr.pem FAIL (1) (Using configuration from /var/tmp/cpansmoker-1023/2021102006/8g9kZqdDDF
    # client1.example.com.csr.pem: No such file or directory
    # 34381703896:error:02001002:system library:fopen:No such file or directory:bss_file.c:402:fopen('client1.example.com.csr.pem','r')
    # 34381703896:error:20074002:BIO routines:FILE_CTRL:system lib:bss_file.c:404:
    # ) at /home/cpansand/.cpan/build/2021102006/App-sslmaker-0.15-11/blib/lib/App/sslmaker.pm line 50, <ARGV> line 34.
    # 	App::sslmaker::openssl("ca", "-batch", "-notext", "-md", "sha256", "-keyfile", Path::Tiny=ARRAY(0x803ca72e8), "-cert", ...) called at /home/cpansand/.cpan/build/2021102006/App-sslmaker-0.15-11/blib/lib/App/sslmaker.pm line 181
    # 	App::sslmaker::sign_csr(App::sslmaker=HASH(0x803d25df8), HASH(0x803d25a08)) called at /home/cpansand/.cpan/build/2021102006/App-sslmaker-0.15-11/blib/lib/App/sslmaker.pm line 211
    # 	App::sslmaker::with_config(App::sslmaker=HASH(0x803d25df8), "sign_csr", HASH(0x803d25a08)) called at ./script/sslmaker line 23
    # 	main::__ANON__(App::sslmaker=HASH(0x803d25df8), "sign_csr", HASH(0x803d25a08)) called at ./script/sslmaker line 178
    # 	Applify::__ANON__1__::__script_sslmaker::action_sign(Applify::__ANON__1__::__script_sslmaker=HASH(0x80311f168), "client1.example.com.csr.pem") called at ./script/sslmaker line 267
    # 	eval {...} called at ./script/sslmaker line 265
    # 	main::__ANON__(Applify::__ANON__1__::__script_sslmaker=HASH(0x80311f168), "sign", "client1.example.com.csr.pem") called at /usr/perl5.20.1p/lib/site_perl/5.20.1/Applify.pm line 251
    # 	Applify::__ANON__1__::__script_sslmaker::run(Applify::__ANON__1__::__script_sslmaker=HASH(0x80311f168), "sign", "client1.example.com.csr.pem") called at t/sslmaker.t line 67
    # 	eval {...} called at t/sslmaker.t line 67
    # 	main::__ANON__() called at /usr/perl5.20.1p/lib/site_perl/5.20.1/Test/Builder.pm line 374
    # 	eval {...} called at /usr/perl5.20.1p/lib/site_perl/5.20.1/Test/Builder.pm line 374
    # 	Test::Builder::subtest(Test::Builder=HASH(0x801f51fa8), "sslmaker sign example.com.csr.pem", CODE(0x803108cd8)) called at /usr/perl5.20.1p/lib/site_perl/5.20.1/Test/More.pm line 809
    # 	Test::More::subtest("sslmaker sign example.com.csr.pem", CODE(0x803108cd8)) called at t/sslmaker.t line 75

    #   Failed test 'ran'
    #   at t/sslmaker.t line 68.
    #          got: undef
    #     expected: '0'
    # openssl ca -batch -notext -md sha256 -keyfile /home/cpansand/.cpan/build/2021102006/App-sslmaker-0.15-11/local/tmp/sslmaker/private/ca.key.pem -cert /home/cpansand/.cpan/build/2021102006/App-sslmaker-0.15-11/local/tmp/sslmaker/certs/ca.cert.pem -passin file:/home/cpansand/.cpan/build/2021102006/App-sslmaker-0.15-11/local/tmp/sslmaker/private/passphrase -extensions usr_cert -out client2.example.com.cert.pem -in client2.example.com.csr.pem FAIL (1) (Using configuration from /var/tmp/cpansmoker-1023/2021102006/HDSFpVC852
    # client2.example.com.csr.pem: No such file or directory
    # 34381703896:error:02001002:system library:fopen:No such file or directory:bss_file.c:402:fopen('client2.example.com.csr.pem','r')
    # 34381703896:error:20074002:BIO routines:FILE_CTRL:system lib:bss_file.c:404:
    # ) at /home/cpansand/.cpan/build/2021102006/App-sslmaker-0.15-11/blib/lib/App/sslmaker.pm line 50, <ARGV> line 34.
    # 	App::sslmaker::openssl("ca", "-batch", "-notext", "-md", "sha256", "-keyfile", Path::Tiny=ARRAY(0x803d25a08), "-cert", ...) called at /home/cpansand/.cpan/build/2021102006/App-sslmaker-0.15-11/blib/lib/App/sslmaker.pm line 181
    # 	App::sslmaker::sign_csr(App::sslmaker=HASH(0x803ca72e8), HASH(0x80330e648)) called at /home/cpansand/.cpan/build/2021102006/App-sslmaker-0.15-11/blib/lib/App/sslmaker.pm line 211
    # 	App::sslmaker::with_config(App::sslmaker=HASH(0x803ca72e8), "sign_csr", HASH(0x80330e648)) called at ./script/sslmaker line 23
    # 	main::__ANON__(App::sslmaker=HASH(0x803ca72e8), "sign_csr", HASH(0x80330e648)) called at ./script/sslmaker line 178
    # 	Applify::__ANON__1__::__script_sslmaker::action_sign(Applify::__ANON__1__::__script_sslmaker=HASH(0x80311f168), "client2.example.com.csr.pem") called at ./script/sslmaker line 267
    # 	eval {...} called at ./script/sslmaker line 265
    # 	main::__ANON__(Applify::__ANON__1__::__script_sslmaker=HASH(0x80311f168), "sign", "client2.example.com.csr.pem") called at /usr/perl5.20.1p/lib/site_perl/5.20.1/Applify.pm line 251
    # 	Applify::__ANON__1__::__script_sslmaker::run(Applify::__ANON__1__::__script_sslmaker=HASH(0x80311f168), "sign", "client2.example.com.csr.pem") called at t/sslmaker.t line 68
    # 	eval {...} called at t/sslmaker.t line 68
    # 	main::__ANON__() called at /usr/perl5.20.1p/lib/site_perl/5.20.1/Test/Builder.pm line 374
    # 	eval {...} called at /usr/perl5.20.1p/lib/site_perl/5.20.1/Test/Builder.pm line 374
    # 	Test::Builder::subtest(Test::Builder=HASH(0x801f51fa8), "sslmaker sign example.com.csr.pem", CODE(0x803108cd8)) called at /usr/perl5.20.1p/lib/site_perl/5.20.1/Test/More.pm line 809
    # 	Test::More::subtest("sslmaker sign example.com.csr.pem", CODE(0x803108cd8)) called at t/sslmaker.t line 75

    #   Failed test 'index.txt has V client1.example.com'
    #   at t/sslmaker.t line 73.
    #                   ''
    #     doesn't match '(?^m:^V.*CN=client1\.example\.com$)'

    #   Failed test 'index.txt has V client2.example.com'
    #   at t/sslmaker.t line 74.
    #                   ''
    #     doesn't match '(?^m:^V.*CN=client2\.example\.com$)'
    # Looks like you failed 4 tests of 5.

#   Failed test 'sslmaker sign example.com.csr.pem'
#   at t/sslmaker.t line 75.

    #   Failed test 'ran'
    #   at t/sslmaker.t line 78.
    #          got: undef
    #     expected: '0'
    # openssl ca -passin file:/home/cpansand/.cpan/build/2021102006/App-sslmaker-0.15-11/local/tmp/sslmaker/private/passphrase -revoke client2.example.com.cert.pem FAIL (1) (Using configuration from /var/tmp/cpansmoker-1023/2021102006/AIeYy4Xc90
    # unable to load certificate
    # 34381703896:error:0E06D06C:configuration file routines:NCONF_get_string:no value:conf_lib.c:324:group= name=unique_subject
    # 34381703896:error:0906D06C:PEM routines:PEM_read_bio:no start line:pem_lib.c:707:Expecting: TRUSTED CERTIFICATE
    # ) at /home/cpansand/.cpan/build/2021102006/App-sslmaker-0.15-11/blib/lib/App/sslmaker.pm line 50.
    # 	App::sslmaker::openssl("ca", "-passin", "file:/home/cpansand/.cpan/build/2021102006/App-sslmaker-0.15-"..., "-revoke", "client2.example.com.cert.pem") called at /home/cpansand/.cpan/build/2021102006/App-sslmaker-0.15-11/blib/lib/App/sslmaker.pm line 169
    # 	App::sslmaker::revoke_cert(App::sslmaker=HASH(0x803d258b8), HASH(0x80311c390)) called at /home/cpansand/.cpan/build/2021102006/App-sslmaker-0.15-11/blib/lib/App/sslmaker.pm line 211
    # 	App::sslmaker::with_config(App::sslmaker=HASH(0x803d258b8), "revoke_cert", HASH(0x80311c390)) called at ./script/sslmaker line 23
    # 	main::__ANON__(App::sslmaker=HASH(0x803d258b8), "revoke_cert", HASH(0x80311c390)) called at ./script/sslmaker line 39
    # 	Applify::__ANON__1__::__script_sslmaker::action_revoke(Applify::__ANON__1__::__script_sslmaker=HASH(0x80311f168), "client2.example.com.cert.pem") called at ./script/sslmaker line 267
    # 	eval {...} called at ./script/sslmaker line 265
    # 	main::__ANON__(Applify::__ANON__1__::__script_sslmaker=HASH(0x80311f168), "revoke", "client2.example.com.cert.pem") called at /usr/perl5.20.1p/lib/site_perl/5.20.1/Applify.pm line 251
    # 	Applify::__ANON__1__::__script_sslmaker::run(Applify::__ANON__1__::__script_sslmaker=HASH(0x80311f168), "revoke", "client2.example.com.cert.pem") called at t/sslmaker.t line 78
    # 	eval {...} called at t/sslmaker.t line 78
    # 	main::__ANON__() called at /usr/perl5.20.1p/lib/site_perl/5.20.1/Test/Builder.pm line 374
    # 	eval {...} called at /usr/perl5.20.1p/lib/site_perl/5.20.1/Test/Builder.pm line 374
    # 	Test::Builder::subtest(Test::Builder=HASH(0x801f51fa8), "sslmaker revoke example.com", CODE(0x803108cd8)) called at /usr/perl5.20.1p/lib/site_perl/5.20.1/Test/More.pm line 809
    # 	Test::More::subtest("sslmaker revoke example.com", CODE(0x803108cd8)) called at t/sslmaker.t line 84

    #   Failed test 'ran'
    #   at t/sslmaker.t line 79.
    #          got: undef
    #     expected: '0'
    # openssl ca -passin file:/home/cpansand/.cpan/build/2021102006/App-sslmaker-0.15-11/local/tmp/sslmaker/private/passphrase -revoke client1.example.com.cert.pem FAIL (1) (Using configuration from /var/tmp/cpansmoker-1023/2021102006/xr7scI9YoL
    # unable to load certificate
    # 34381703896:error:0E06D06C:configuration file routines:NCONF_get_string:no value:conf_lib.c:324:group= name=unique_subject
    # 34381703896:error:0906D06C:PEM routines:PEM_read_bio:no start line:pem_lib.c:707:Expecting: TRUSTED CERTIFICATE
    # ) at /home/cpansand/.cpan/build/2021102006/App-sslmaker-0.15-11/blib/lib/App/sslmaker.pm line 50.
    # 	App::sslmaker::openssl("ca", "-passin", "file:/home/cpansand/.cpan/build/2021102006/App-sslmaker-0.15-"..., "-revoke", "client1.example.com.cert.pem") called at /home/cpansand/.cpan/build/2021102006/App-sslmaker-0.15-11/blib/lib/App/sslmaker.pm line 169
    # 	App::sslmaker::revoke_cert(App::sslmaker=HASH(0x803ca70d8), HASH(0x803ca7e10)) called at /home/cpansand/.cpan/build/2021102006/App-sslmaker-0.15-11/blib/lib/App/sslmaker.pm line 211
    # 	App::sslmaker::with_config(App::sslmaker=HASH(0x803ca70d8), "revoke_cert", HASH(0x803ca7e10)) called at ./script/sslmaker line 23
    # 	main::__ANON__(App::sslmaker=HASH(0x803ca70d8), "revoke_cert", HASH(0x803ca7e10)) called at ./script/sslmaker line 39
    # 	Applify::__ANON__1__::__script_sslmaker::action_revoke(Applify::__ANON__1__::__script_sslmaker=HASH(0x80311f168), "client1.example.com.cert.pem") called at ./script/sslmaker line 267
    # 	eval {...} called at ./script/sslmaker line 265
    # 	main::__ANON__(Applify::__ANON__1__::__script_sslmaker=HASH(0x80311f168), "revoke", "client1.example.com.cert.pem") called at /usr/perl5.20.1p/lib/site_perl/5.20.1/Applify.pm line 251
    # 	Applify::__ANON__1__::__script_sslmaker::run(Applify::__ANON__1__::__script_sslmaker=HASH(0x80311f168), "revoke", "client1.example.com.cert.pem") called at t/sslmaker.t line 79
    # 	eval {...} called at t/sslmaker.t line 79
    # 	main::__ANON__() called at /usr/perl5.20.1p/lib/site_perl/5.20.1/Test/Builder.pm line 374
    # 	eval {...} called at /usr/perl5.20.1p/lib/site_perl/5.20.1/Test/Builder.pm line 374
    # 	Test::Builder::subtest(Test::Builder=HASH(0x801f51fa8), "sslmaker revoke example.com", CODE(0x803108cd8)) called at /usr/perl5.20.1p/lib/site_perl/5.20.1/Test/More.pm line 809
    # 	Test::More::subtest("sslmaker revoke example.com", CODE(0x803108cd8)) called at t/sslmaker.t line 84

    #   Failed test 'index.txt has R client1.example.com'
    #   at t/sslmaker.t line 82.
    #                   ''
    #     doesn't match '(?^m:^R.*CN=client1\.example\.com$)'

    #   Failed test 'index.txt has R client2.example.com'
    #   at t/sslmaker.t line 83.
    #                   ''
    #     doesn't match '(?^m:^R.*CN=client2\.example\.com$)'
    # Looks like you failed 4 tests of 4.

#   Failed test 'sslmaker revoke example.com'
#   at t/sslmaker.t line 84.
# Looks like you failed 3 tests of 6.
t/sslmaker.t ...................................... 
Dubious, test returned 3 (wstat 768, 0x300)
Failed 3/6 subtests 
t/synopsis.t ...................................... skipped: Need /etc/openssl/openssl.cnf
WARNING: can't open config file: /usr/local/openssl/openssl.cnf
t/utils.t ......................................... ok

Test Summary Report
-------------------
t/sslmaker.t                                    (Wstat: 768 Tests: 6 Failed: 3)
  Failed tests:  4-6
  Non-zero exit status: 3
Files=7, Tests=37,  2 wallclock secs ( 0.00 usr  0.04 sys +  0.36 cusr  0.93 csys =  1.33 CPU)
Result: FAIL
Failed 1/7 test programs. 3/37 subtests failed.
*** Error code 255

Stop.
make: stopped in /home/cpansand/.cpan/build/2021102006/App-sslmaker-0.15-11

------------------------------
PREREQUISITES
------------------------------

Prerequisite modules loaded:

requires:

    Module              Need Have    
    ------------------- ---- --------
    Applify             0.12 0.21    
    File::umask         0.01 0.01    
    IO::Socket::IP      0.38 0.41    
    Path::Tiny          0.05 0.118   

build_requires:

    Module              Need Have    
    ------------------- ---- --------
    Test::More          0.88 1.302186

configure_requires:

    Module              Need Have    
    ------------------- ---- --------
    ExtUtils::MakeMaker 0    7.62    


------------------------------
ENVIRONMENT AND OTHER CONTEXT
------------------------------

Environment variables:

    LC_ALL = de_DE.ISO8859-1
    PATH = /usr/local/bin:/usr/bin:/bin:/usr/local/sbin:/usr/sbin:/sbin:/home/cpansand/bin/freebsd10.3:/home/cpansand/bin/sh:/home/cpansand/bin:/usr/games:/home/cpansand/devel:/home/eserte/src/srezic-misc/scripts
    PERL5LIB = 
    PERL5OPT = 
    PERL5_CPANPLUS_IS_RUNNING = 71417
    PERL5_CPAN_IS_RUNNING = 71417
    PERL5_CPAN_IS_RUNNING_IN_RECURSION = 69841,71417
    PERLDOC = -MPod::Perldoc::ToTextOverstrike
    PERL_BATCH = yes
    PERL_CANARY_STABILITY_NOPROMPT = 1
    PERL_CPAN_REPORTER_CONFIG = /var/tmp/cpansmoker-1023/2021102006/cpanreporter_000_config.ini
    PERL_EXTUTILS_AUTOINSTALL = --defaultdeps
    PERL_USE_UNSAFE_INC = 1
    SHELL = /usr/local/bin/zsh
    TERM = screen
    TMPDIR = /var/tmp/cpansmoker-1023/2021102006

Perl special variables (and OS-specific diagnostics, for MSWin32):

    $^X = /usr/perl5.20.1p/bin/perl
    $UID/$EUID = 1023 / 1023
    $GID = 1023 1023
    $EGID = 1023 1023

Perl module toolchain versions installed:

    Module              Have    
    ------------------- --------
    CPAN                2.28    
    CPAN::Meta          2.150010
    Cwd                 3.75    
    ExtUtils::CBuilder  0.280235
    ExtUtils::Command   7.62    
    ExtUtils::Install   2.20    
    ExtUtils::MakeMaker 7.62    
    ExtUtils::Manifest  1.70    
    ExtUtils::ParseXS   3.35    
    File::Spec          3.75    
    JSON                4.03    
    JSON::PP            4.05    
    Module::Build       0.4231  
    Module::Signature   0.87    
    Parse::CPAN::Meta   2.150010
    Test::Harness       3.42    
    Test::More          1.302186
    YAML                1.30    
    YAML::Syck          1.34    
    version             0.9928  


--

Summary of my perl5 (revision 5 version 20 subversion 1) configuration:
   
  Platform:
    osname=freebsd, osvers=10.1-release, archname=amd64-freebsd
    uname='freebsd cvrsnica-freebsd-101.herceg.de 10.1-release freebsd 10.1-release #0 r274401: tue nov 11 21:02:49 utc 2014 root@releng1.nyi.freebsd.org:usrobjusrsrcsysgeneric amd64 '
    config_args='-ds -e -Dprefix=/usr/perl5.20.1p'
    hint=recommended, useposix=true, d_sigaction=define
    useithreads=undef, usemultiplicity=undef
    use64bitint=define, use64bitall=define, uselongdouble=undef
    usemymalloc=n, bincompat5005=undef
  Compiler:
    cc='cc', ccflags ='-DHAS_FPSETMASK -DHAS_FLOATINGPOINT_H -fno-strict-aliasing -pipe -fstack-protector -I/usr/local/include',
    optimize='-O',
    cppflags='-DHAS_FPSETMASK -DHAS_FLOATINGPOINT_H -fno-strict-aliasing -pipe -fstack-protector -I/usr/local/include'
    ccversion='', gccversion='4.2.1 Compatible FreeBSD Clang 3.4.1 (tags/RELEASE_34/dot1-final 208032)', gccosandvers=''
    intsize=4, longsize=8, ptrsize=8, doublesize=8, byteorder=12345678
    d_longlong=define, longlongsize=8, d_longdbl=define, longdblsize=16
    ivtype='long', ivsize=8, nvtype='double', nvsize=8, Off_t='off_t', lseeksize=8
    alignbytes=8, prototype=define
  Linker and Libraries:
    ld='cc', ldflags ='-pthread -Wl,-E  -fstack-protector -L/usr/local/lib'
    libpth=/usr/lib /usr/local/lib /usr/include/clang/3.4.1 /usr/lib
    libs=-lm -lcrypt -lutil -lc
    perllibs=-lm -lcrypt -lutil -lc
    libc=, so=so, useshrplib=false, libperl=libperl.a
    gnulibc_version=''
  Dynamic Linking:
    dlsrc=dl_dlopen.xs, dlext=so, d_dlsymun=undef, ccdlflags=' '
    cccdlflags='-DPIC -fPIC', lddlflags='-shared  -L/usr/local/lib -fstack-protector'


Characteristics of this binary (from libperl): 
  Compile-time options: HAS_TIMES PERLIO_LAYERS PERL_DONT_CREATE_GVSV
                        PERL_HASH_FUNC_ONE_AT_A_TIME_HARD PERL_MALLOC_WRAP
                        PERL_NEW_COPY_ON_WRITE PERL_PRESERVE_IVUV
                        USE_64_BIT_ALL USE_64_BIT_INT USE_LARGE_FILES
                        USE_LOCALE USE_LOCALE_COLLATE USE_LOCALE_CTYPE
                        USE_LOCALE_NUMERIC USE_PERLIO USE_PERL_ATOF
  Built under freebsd
  Compiled at Jan 29 2015 08:45:50
  %ENV:
    PERL5LIB=""
    PERL5OPT=""
    PERL5_CPANPLUS_IS_RUNNING="71417"
    PERL5_CPAN_IS_RUNNING="71417"
    PERL5_CPAN_IS_RUNNING_IN_RECURSION="69841,71417"
    PERLDOC="-MPod::Perldoc::ToTextOverstrike"
    PERL_BATCH="yes"
    PERL_CANARY_STABILITY_NOPROMPT="1"
    PERL_CPAN_REPORTER_CONFIG="/var/tmp/cpansmoker-1023/2021102006/cpanreporter_000_config.ini"
    PERL_EXTUTILS_AUTOINSTALL="--defaultdeps"
    PERL_USE_UNSAFE_INC="1"
  @INC:
    /usr/perl5.20.1p/lib/site_perl/5.20.1/amd64-freebsd
    /usr/perl5.20.1p/lib/site_perl/5.20.1
    /usr/perl5.20.1p/lib/5.20.1/amd64-freebsd
    /usr/perl5.20.1p/lib/5.20.1
    .