Back
From: metabase:user:30977d10-2aae-11df-837a-5e0a49663a4f
Subject: FAIL Deep-Encode-0.16 v5.13.5 GNU/Linux
Date: 2011-01-29T13:45:59Z
This distribution has been tested as part of the CPAN Testers
project, supporting the Perl programming language. See
http://wiki.cpantesters.org/ for more information or email
questions to cpan-testers-discuss@perl.org
--
Dear Grishayev Anatoliy,
This is a computer-generated report for Deep-Encode-0.16
on perl 5.13.5, created by CPAN-Reporter-1.1803.
Thank you for uploading your work to CPAN. However, there was a problem
testing your distribution.
If you think this report is invalid, please consult the CPAN Testers Wiki
for suggestions on how to avoid getting FAIL reports for missing library
or binary dependencies, unsupported operating systems, and so on:
http://wiki.cpantesters.org/wiki/CPANAuthorNotes
Sections of this report:
* Tester comments
* Program output
* Prerequisites
* Environment and other context
------------------------------
TESTER COMMENTS
------------------------------
Additional comments from tester:
this report is from an automated smoke testing program
and was not reviewed by a human for accuracy
------------------------------
PROGRAM OUTPUT
------------------------------
Output from '/usr/bin/make test':
PERL_DL_NONLAZY=1 /home/stro/perl/perl5135th/bin/perl "-MExtUtils::Command::MM" "-e" "test_harness(0, 'blib/lib', 'blib/arch')" t/*.t
t/Deep-Encode-00.t .. ok
t/Deep-Encode-01.t .. ok
t/Deep-Encode-02.t .. ok
t/Deep-Encode-03.t .. ok
t/Deep-Encode-04.t .. ok
t/Deep-Encode-05.t .. ok
Wide character in print at /home/stro/perl/perl5135th/lib/5.13.5/Test/Builder.pm line 1753.
# Failed test 's[2]'
# at t/Deep-Encode-06.t line 38.
# Looks like you failed 1 test of 15.
t/Deep-Encode-06.t ..
Dubious, test returned 1 (wstat 256, 0x100)
Failed 1/15 subtests
Test Summary Report
-------------------
t/Deep-Encode-06.t (Wstat: 256 Tests: 15 Failed: 1)
Failed test: 13
Non-zero exit status: 1
Files=7, Tests=188, 1 wallclock secs ( 0.09 usr 0.06 sys + 0.56 cusr 0.22 csys = 0.93 CPU)
Result: FAIL
Failed 1/7 test programs. 1/188 subtests failed.
make: *** [test_dynamic] Error 1
------------------------------
PREREQUISITES
------------------------------
Prerequisite modules loaded:
requires:
Module Need Have
------------------- -------- --------
Encode 0 2.41
perl 5.008000 5.013005
utf8 0 1.08
build_requires:
Module Need Have
------------------- -------- --------
ExtUtils::MakeMaker 0 6.57_05
configure_requires:
Module Need Have
------------------- -------- --------
ExtUtils::MakeMaker 0 6.57_05
------------------------------
ENVIRONMENT AND OTHER CONTEXT
------------------------------
Environment variables:
AUTOMATED_TESTING = 1
LANG = en_US.UTF-8
PATH = /usr/local/bin:/usr/bin:/bin:/usr/games
PERL5LIB =
PERL5OPT =
PERL5_CPANPLUS_IS_RUNNING = 26794
PERL5_CPAN_IS_RUNNING = 26794
PERL5_CPAN_IS_RUNNING_IN_RECURSION = 25271,26794
PERL_CR_SMOKER_CURRENT = Deep-Encode-0.16
PERL_EXTUTILS_AUTOINSTALL = --defaultdeps
PERL_MM_USE_DEFAULT = 1
SHELL = /bin/bash
TERM = xterm
Perl special variables (and OS-specific diagnostics, for MSWin32):
$^X = /home/stro/perl/perl5135th/bin/perl
$UID/$EUID = 1000 / 1000
$GID = 1000 20 24 25 29 44 46 1000
$EGID = 1000 20 24 25 29 44 46 1000
Perl module toolchain versions installed:
Module Have
------------------- -------
CPAN 1.94_57
Cwd 3.33
ExtUtils::CBuilder 0.2703
ExtUtils::Command 1.16
ExtUtils::Install 1.55
ExtUtils::MakeMaker 6.57_05
ExtUtils::Manifest 1.58
ExtUtils::ParseXS 2.2207
File::Spec 3.33
Module::Build 0.36_17
Module::Signature 0.66
Test::Harness 3.22
Test::More 0.97_01
YAML 0.72
YAML::Syck 1.17
version 0.87
--
Summary of my perl5 (revision 5 version 13 subversion 5) configuration:
Platform:
osname=linux, osvers=2.6.26-2-686, archname=i686-linux-thread-multi
uname='linux debian5 2.6.26-2-686 #1 smp mon jun 21 05:58:44 utc 2010 i686 gnulinux '
config_args=''
hint=recommended, useposix=true, d_sigaction=define
useithreads=define, usemultiplicity=define
useperlio=define, d_sfio=undef, uselargefiles=define, usesocks=undef
use64bitint=undef, use64bitall=undef, uselongdouble=undef
usemymalloc=n, bincompat5005=undef
Compiler:
cc='cc', ccflags ='-D_REENTRANT -D_GNU_SOURCE -fno-strict-aliasing -pipe -fstack-protector -I/usr/local/include -D_LARGEFILE_SOURCE -D_FILE_OFFSET_BITS=64',
optimize='-O2',
cppflags='-D_REENTRANT -D_GNU_SOURCE -fno-strict-aliasing -pipe -fstack-protector -I/usr/local/include'
ccversion='', gccversion='4.3.2', gccosandvers=''
intsize=4, longsize=4, ptrsize=4, doublesize=8, byteorder=1234
d_longlong=define, longlongsize=8, d_longdbl=define, longdblsize=12
ivtype='long', ivsize=4, nvtype='double', nvsize=8, Off_t='off_t', lseeksize=8
alignbytes=4, prototype=define
Linker and Libraries:
ld='cc', ldflags =' -fstack-protector -L/usr/local/lib'
libpth=/usr/local/lib /lib /usr/lib
libs=-lnsl -ldb -ldl -lm -lcrypt -lutil -lpthread -lc
perllibs=-lnsl -ldl -lm -lcrypt -lutil -lpthread -lc
libc=/lib/libc-2.7.so, so=so, useshrplib=false, libperl=libperl.a
gnulibc_version='2.7'
Dynamic Linking:
dlsrc=dl_dlopen.xs, dlext=so, d_dlsymun=undef, ccdlflags='-Wl,-E'
cccdlflags='-fPIC', lddlflags='-shared -O2 -L/usr/local/lib -fstack-protector'
Characteristics of this binary (from libperl):
Compile-time options: MULTIPLICITY PERL_DONT_CREATE_GVSV
PERL_IMPLICIT_CONTEXT PERL_MALLOC_WRAP USE_ITHREADS
USE_LARGE_FILES USE_PERLIO USE_PERL_ATOF
USE_REENTRANT_API
Built under linux
Compiled at Sep 20 2010 16:33:23
%ENV:
PERL5LIB=""
PERL5OPT=""
PERL5_CPANPLUS_IS_RUNNING="26794"
PERL5_CPAN_IS_RUNNING="26794"
PERL5_CPAN_IS_RUNNING_IN_RECURSION="25271,26794"
PERL_CR_SMOKER_CURRENT="Deep-Encode-0.16"
PERL_EXTUTILS_AUTOINSTALL="--defaultdeps"
PERL_MM_USE_DEFAULT="1"
@INC:
/home/stro/perl/perl5135th/lib/site_perl/5.13.5/i686-linux-thread-multi
/home/stro/perl/perl5135th/lib/site_perl/5.13.5
/home/stro/perl/perl5135th/lib/5.13.5/i686-linux-thread-multi
/home/stro/perl/perl5135th/lib/5.13.5
.