Report for Calendar-Model-0.04

Back
From: metabase:user:314402c4-2aae-11df-837a-5e0a49663a4f
Subject: FAIL Calendar-Model-0.04 v5.21.11 GNU/Linux
Date: 2015-04-27T20:29:29Z

This distribution has been tested as part of the CPAN Testers
project, supporting the Perl programming language.  See
http://wiki.cpantesters.org/ for more information or email
questions to cpan-testers-discuss@perl.org


--
Dear Aaron James Trevena,

This is a computer-generated report for Calendar-Model-0.04
on perl 5.21.11, created by CPAN-Reporter-1.2014.

Thank you for uploading your work to CPAN.  However, there was a problem
testing your distribution.

If you think this report is invalid, please consult the CPAN Testers Wiki
for suggestions on how to avoid getting FAIL reports for missing library
or binary dependencies, unsupported operating systems, and so on:

http://wiki.cpantesters.org/wiki/CPANAuthorNotes

Sections of this report:

    * Tester comments
    * Program output
    * Prerequisites
    * Environment and other context

------------------------------
TESTER COMMENTS
------------------------------

Additional comments from tester:

none provided

------------------------------
PROGRAM OUTPUT
------------------------------

Output from '/usr/bin/make test':

PERL_DL_NONLAZY=1 "/opt/perl-5.21.11/bin/perl5.21.11" "-MExtUtils::Command::MM" "-MTest::Harness" "-e" "undef *Test::Harness::Switches; test_harness(0, 'blib/lib', 'blib/arch')" t/*.t
# Testing Calendar::Model 0.04, Perl 5.021011, /opt/perl-5.21.11/bin/perl5.21.11
t/00-load.t ....... ok

#   Failed test at t/01-build.t line 12.
#     Structures begin differing at:
#          $got->[0] = 'Sonntag'
#     $expected->[0] = 'Sunday'

#   Failed test '2nd day is tuesday'
#   at t/01-build.t line 40.
#          got: 'Dienstag'
#     expected: 'Tuesday'

#   Failed test 'month name'
#   at t/01-build.t line 48.
#          got: 'Januar'
#     expected: 'January'

#   Failed test 'next month name'
#   at t/01-build.t line 50.
#          got: 'Februar'
#     expected: 'February'

#   Failed test 'prev month name'
#   at t/01-build.t line 52.
#          got: 'Dezember'
#     expected: 'December'

#   Failed test at t/01-build.t line 56.
#     Structures begin differing at:
#          $got->[0]{dow_name} = 'Sunday'
#     $expected->[0]{dow_name} = 'Sonntag'
# Looks like you failed 6 tests of 18.
t/01-build.t ...... 
Dubious, test returned 6 (wstat 1536, 0x600)
Failed 6/18 subtests 
t/manifest.t ...... skipped: Author tests not required for installation
t/pod-coverage.t .. skipped: Author tests not required for installation
t/pod.t ........... skipped: Author tests not required for installation

Test Summary Report
-------------------
t/01-build.t    (Wstat: 1536 Tests: 18 Failed: 6)
  Failed tests:  1, 9, 13-15, 17
  Non-zero exit status: 6
Files=5, Tests=20,  5 wallclock secs ( 0.07 usr  0.01 sys +  1.81 cusr  0.16 csys =  2.05 CPU)
Result: FAIL
Failed 1/5 test programs. 6/20 subtests failed.
Makefile:865: recipe for target 'test_dynamic' failed
make: *** [test_dynamic] Error 255

------------------------------
PREREQUISITES
------------------------------

Prerequisite modules loaded:

requires:

    Module                  Need  Have    
    ----------------------- ----- --------
    Calendar::List          0.26  0.28    
    Date::Holidays          0.15  1.01    
    DateTime                0     1.18    
    I18N::Langinfo          0     0.12    
    Moose                   2     2.1404  
    MooseX::Role::Pluggable 0.02  0.05    
    perl                    5.006 5.021011

build_requires:

    Module                  Need  Have    
    ----------------------- ----- --------
    Test::More              0     1.001014

configure_requires:

    Module                  Need  Have    
    ----------------------- ----- --------
    ExtUtils::MakeMaker     0     7.04    


------------------------------
ENVIRONMENT AND OTHER CONTEXT
------------------------------

Environment variables:

    DBIC_NO_WARN_BAD_PERL = 1
    LANG = en_US.UTF-8
    LANGUAGE = 
    LC_ALL = de_DE.UTF-8
    PATH = /usr/local/bin:/usr/bin:/bin:/usr/local/sbin:/usr/sbin:/sbin:/home/cpansand/bin/linux-gnu:/home/cpansand/bin/sh:/home/cpansand/bin:/usr/games:/home/cpansand/devel:/home/eserte/src/srezic-misc/scripts
    PERL5LIB = /home/cpansand/.cpan/build/MooseX-Role-Pluggable-0.05-wPpNNz/blib/arch:/home/cpansand/.cpan/build/MooseX-Role-Pluggable-0.05-wPpNNz/blib/lib:/home/cpansand/.cpan/build/Calendar-List-0.28-Ai5o1a/blib/arch:/home/cpansand/.cpan/build/Calendar-List-0.28-Ai5o1a/blib/lib
    PERL5OPT = 
    PERL5_CPANPLUS_IS_RUNNING = 15222
    PERL5_CPAN_IS_RUNNING = 15222
    PERL5_CPAN_IS_RUNNING_IN_RECURSION = 15199,15222
    PERLDOC = -MPod::Perldoc::ToTextOverstrike
    PERL_BATCH = yes
    PERL_CPAN_REPORTER_CONFIG = /run/user/1023/cpansmoker/cpanreporter_000_config.ini
    PERL_EXTUTILS_AUTOINSTALL = --defaultdeps
    PERL_HTML_DISPLAY_CLASS = HTML::Display::Mozilla
    SHELL = /bin/zsh
    TERM = screen
    TMPDIR = /run/user/1023/cpansmoker

Perl special variables (and OS-specific diagnostics, for MSWin32):

    $^X = /opt/perl-5.21.11/bin/perl5.21.11
    $UID/$EUID = 1023 / 1023
    $GID = 1023 1023
    $EGID = 1023 1023

Perl module toolchain versions installed:

    Module              Have    
    ------------------- --------
    CPAN                2.11    
    CPAN::Meta          2.150001
    Cwd                 3.56    
    ExtUtils::CBuilder  0.280221
    ExtUtils::Command   1.20    
    ExtUtils::Install   2.04    
    ExtUtils::MakeMaker 7.04    
    ExtUtils::Manifest  1.70    
    ExtUtils::ParseXS   3.28    
    File::Spec          3.56    
    JSON                2.90    
    JSON::PP            2.27300 
    Module::Build       0.4211  
    Module::Signature   0.78    
    Parse::CPAN::Meta   1.4414  
    Test::Harness       3.35    
    Test::More          1.001014
    YAML                1.15    
    YAML::Syck          1.29    
    version             0.9909  


--

Summary of my perl5 (revision 5 version 21 subversion 11) configuration:
   
  Platform:
    osname=linux, osvers=3.16.0-4-amd64, archname=x86_64-linux
    uname='linux cvrsnica-jessie 3.16.0-4-amd64 #1 smp debian 3.16.7-2 (2014-11-06) x86_64 gnulinux '
    config_args='-ds -e -Dprefix=/opt/perl-5.21.11 -Dusedevel -Dusemallocwrap=no -Dcf_email=srezic@cpan.org'
    hint=recommended, useposix=true, d_sigaction=define
    useithreads=undef, usemultiplicity=undef
    use64bitint=define, use64bitall=define, uselongdouble=undef
    usemymalloc=n, bincompat5005=undef
  Compiler:
    cc='cc', ccflags ='-fwrapv -fno-strict-aliasing -pipe -fstack-protector-strong -I/usr/local/include -D_LARGEFILE_SOURCE -D_FILE_OFFSET_BITS=64 -D_FORTIFY_SOURCE=2',
    optimize='-O2',
    cppflags='-fwrapv -fno-strict-aliasing -pipe -fstack-protector-strong -I/usr/local/include'
    ccversion='', gccversion='4.9.1', gccosandvers=''
    intsize=4, longsize=8, ptrsize=8, doublesize=8, byteorder=12345678, doublekind=3
    d_longlong=define, longlongsize=8, d_longdbl=define, longdblsize=16, longdblkind=3
    ivtype='long', ivsize=8, nvtype='double', nvsize=8, Off_t='off_t', lseeksize=8
    alignbytes=8, prototype=define
  Linker and Libraries:
    ld='cc', ldflags =' -fstack-protector-strong -L/usr/local/lib'
    libpth=/usr/local/lib /usr/lib/gcc/x86_64-linux-gnu/4.9/include-fixed /usr/include/x86_64-linux-gnu /usr/lib /lib/x86_64-linux-gnu /lib/../lib /usr/lib/x86_64-linux-gnu /usr/lib/../lib /lib
    libs=-lpthread -lnsl -lgdbm -ldb -ldl -lm -lcrypt -lutil -lc -lgdbm_compat
    perllibs=-lpthread -lnsl -ldl -lm -lcrypt -lutil -lc
    libc=libc-2.19.so, so=so, useshrplib=false, libperl=libperl.a
    gnulibc_version='2.19'
  Dynamic Linking:
    dlsrc=dl_dlopen.xs, dlext=so, d_dlsymun=undef, ccdlflags='-Wl,-E'
    cccdlflags='-fPIC', lddlflags='-shared -O2 -L/usr/local/lib -fstack-protector-strong'


Characteristics of this binary (from libperl): 
  Compile-time options: HAS_TIMES PERLIO_LAYERS PERL_DONT_CREATE_GVSV
                        PERL_HASH_FUNC_ONE_AT_A_TIME_HARD
                        PERL_NEW_COPY_ON_WRITE PERL_PRESERVE_IVUV
                        PERL_USE_DEVEL USE_64_BIT_ALL USE_64_BIT_INT
                        USE_LARGE_FILES USE_LOCALE USE_LOCALE_COLLATE
                        USE_LOCALE_CTYPE USE_LOCALE_NUMERIC USE_LOCALE_TIME
                        USE_PERLIO USE_PERL_ATOF
  Built under linux
  Compiled at Apr 21 2015 07:33:14
  %ENV:
    PERL5LIB="/home/cpansand/.cpan/build/MooseX-Role-Pluggable-0.05-wPpNNz/blib/arch:/home/cpansand/.cpan/build/MooseX-Role-Pluggable-0.05-wPpNNz/blib/lib:/home/cpansand/.cpan/build/Calendar-List-0.28-Ai5o1a/blib/arch:/home/cpansand/.cpan/build/Calendar-List-0.28-Ai5o1a/blib/lib"
    PERL5OPT=""
    PERL5_CPANPLUS_IS_RUNNING="15222"
    PERL5_CPAN_IS_RUNNING="15222"
    PERL5_CPAN_IS_RUNNING_IN_RECURSION="15199,15222"
    PERLDOC="-MPod::Perldoc::ToTextOverstrike"
    PERL_BATCH="yes"
    PERL_CPAN_REPORTER_CONFIG="/run/user/1023/cpansmoker/cpanreporter_000_config.ini"
    PERL_EXTUTILS_AUTOINSTALL="--defaultdeps"
    PERL_HTML_DISPLAY_CLASS="HTML::Display::Mozilla"
  @INC:
    /home/cpansand/.cpan/build/MooseX-Role-Pluggable-0.05-wPpNNz/blib/arch
    /home/cpansand/.cpan/build/MooseX-Role-Pluggable-0.05-wPpNNz/blib/lib
    /home/cpansand/.cpan/build/Calendar-List-0.28-Ai5o1a/blib/arch
    /home/cpansand/.cpan/build/Calendar-List-0.28-Ai5o1a/blib/lib
    /opt/perl-5.21.11/lib/site_perl/5.21.11/x86_64-linux
    /opt/perl-5.21.11/lib/site_perl/5.21.11
    /opt/perl-5.21.11/lib/5.21.11/x86_64-linux
    /opt/perl-5.21.11/lib/5.21.11
    .